NOAA-Style Climate Reports


Report for 2020
                     CLIMATOLOGICAL SUMMARY for year 2020


NAME: Lake Shastina, California                  
ELEV: 2870 feet    LAT: 41-32.08 N    LONG: 122-21.23 W


                                       TEMPERATURE (F)

                              HEAT    COOL                              MAX    MAX    MIN    MIN
          MEAN   MEAN         DEG     DEG                                >=     <=     <=     <=
 YR  MO   MAX    MIN    MEAN  DAYS    DAYS      HI  DAY     LOW  DAY     90     32     32      0
------------------------------------------------------------------------------------------------
2020 01   48.6   28.5   37.6  849.4    0.0    59.1   28    18.8   15      0      0     23      0
2020 02   58.4   24.9   38.0  782.1    0.0    70.9   26    16.4   04      0      0     28      0
2020 03   59.9   30.2   42.9  685.9    0.0    73.8   04    18.8   26      0      0     20      0
2020 04   73.7   36.7   53.3  351.2    0.8    89.0   28    20.8   02      0      0      8      0
2020 05   78.9   43.4   59.5  231.0   59.1    99.4   27    29.1   04      7      0      2      0
2020 06   87.4   48.8   66.6   88.1  135.2   108.5   23    34.2   08     13      0      0      0
2020 07   95.1   49.3   70.6    0.8   80.4   101.4   14    43.1   02     12      0      0      0
2020 08
2020 09
2020 10
2020 11
2020 12
------------------------------------------------------------------------------------------------
          69.7   36.4   51.1 2988.6  275.4   108.5  Jun    16.4  Feb     32      0     81      0


                  PRECIPITATION (in)

                  MAX         ---DAYS OF RAIN---
                  OBS.               OVER
 YR  MO  TOTAL    DAY  DATE   0.01   0.10   1.00
------------------------------------------------
2020 01   0.86   0.36    16     11      2      0
2020 02   0.04   0.02    01      2      0      0
2020 03   0.80   0.43    07      6      3      0
2020 04   0.05   0.03    20      2      0      0
2020 05   1.85   0.74    17      7      4      0
2020 06   0.60   0.35    13      4      2      0
2020 07   0.00   0.00    01      0      0      0
2020 08
2020 09
2020 10
2020 11
2020 12
------------------------------------------------
          4.20   0.74   May     32     11      0


           WIND SPEED (mph)

                                DOM
 YR  MO    AVG     HI   DATE    DIR
-----------------------------------
2020 01    1.8   52.0     15    195
2020 02    1.1   23.0     08    344
2020 03    2.6   32.0     05    193
2020 04    2.6   42.0     04    346
2020 05    3.3   42.0     02    217
2020 06    2.8   28.0     11    339
2020 07    2.8   25.0     06    336
2020 08
2020 09
2020 10
2020 11
2020 12
-----------------------------------
           2.4   52.0    Jan    311