NOAA-Style Climate Reports


Report for 2020 September
                   MONTHLY CLIMATOLOGICAL SUMMARY for Sep 2020


NAME: Lake Shastina, California                  
ELEV: 2870 feet    LAT: 41-32.08 N    LONG: 122-21.23 W


                   TEMPERATURE (F), RAIN (in), WIND SPEED (mph)

                                         HEAT   COOL         AVG
      MEAN                               DEG    DEG          WIND                   DOM
DAY   TEMP   HIGH   TIME    LOW   TIME   DAYS   DAYS   RAIN  SPEED   HIGH   TIME    DIR
---------------------------------------------------------------------------------------
 01   74.9  101.2  16:39   54.8  07:20    0.0    9.9   0.00    1.9   12.0  13:34    337
 02   79.1  107.9  16:58   56.3  05:49    0.0   14.1   0.00    1.9   12.0  13:55    336
 03   80.1  108.3  16:33   57.4  07:08    0.0   15.1   0.00    1.9   12.0  15:09    335
 04   77.6  101.0  14:43   59.0  06:21    0.0   12.6   0.00    2.4   16.0  17:37    243
 05   74.3   99.3  15:36   53.7  06:41    0.0    9.3   0.00    1.3   10.0  14:39    351
 06   73.1   94.9  16:39   55.9  07:15    0.0    8.1   0.00    0.9    8.0  12:41    357
 07   79.0  106.4  16:17   55.9  07:19    0.0   14.0   0.00    3.8   34.0  23:56     26
 08   72.0   89.3  16:31   57.7  06:51    0.0    7.0   0.00    9.6   34.0  00:00     67
 09   68.4   97.2  15:15   44.6  06:42    0.0    3.4   0.00    1.9   13.0  15:43    354
 10   69.0   92.5  13:56   46.6  06:36    0.0    4.0   0.00    3.6   26.0  16:05    184
 11   68.2   94.3  16:31   47.7  07:15    0.0    3.2   0.00    1.7   11.0  14:07    335
 12   64.4   86.1  16:14   47.4  07:20    0.6    0.0   0.00    1.0    8.0  13:20    343
 13   66.5   93.2  15:12   46.0  06:02    0.0    1.5   0.00    2.7   26.0  14:55    195
 14   72.5   89.3  13:46   55.0  06:57    0.0    7.5   0.00    4.9   31.0  14:01    188
 15   69.5   93.3  15:16   46.8  06:59    0.0    4.5   0.00    3.2   30.0  13:24    185
 16   67.5   89.6  13:55   48.5  07:34    0.0    2.5   0.00    3.4   27.0  12:08    182
 17   67.0   87.9  14:44   47.1  07:23    0.0    2.0   0.00    3.5   23.0  12:20    192
 18   66.9   77.4  13:12   55.7  00:00    0.0    1.9   0.00    3.4   21.0  10:22    208
 19   59.9   80.0  15:33   44.0  07:05    5.1    0.0   0.00    1.5   13.0  14:39    340
 20   60.4   87.7  15:51   40.7  07:19    4.6    0.0   0.00    1.3   11.0  11:10    341
 21   62.0   85.4  15:24   43.0  06:48    3.0    0.0   0.00    1.7   16.0  16:07    245
 22   63.6   85.0  14:22   45.5  07:18    1.4    0.0   0.00    1.9   17.0  15:30    259
 23   63.7   86.4  15:00   43.9  07:05    1.3    0.0   0.00    3.1   24.0  18:03    190
 24   65.1   80.9  15:36   50.6  23:59    0.0    0.1   0.00    2.7   17.0  18:17    338
 25   60.8   83.6  14:50   41.5  07:29    4.2    0.0   0.00    1.7   12.0  12:48    332
 26   62.1   80.1  15:04   48.6  07:10    2.9    0.0   0.00    2.4   16.0  14:26    345
 27   63.2   86.2  15:38   42.4  06:54    1.8    0.0   0.00    4.5   22.0  18:22     31
 28   66.7   68.6  00:00   61.2  02:39    0.0    1.7   0.00    6.4   22.0  01:39     93
 29
 30
---------------------------------------------------------------------------------------
      68.5  108.3     03   40.7     20   25.0  122.6   0.00    2.8   34.0     07     37