NOAA-Style Climate Reports


Report for 2024 June
                   MONTHLY CLIMATOLOGICAL SUMMARY for Jun 2024


NAME: Lake Shastina, California                  
ELEV: 2870 feet    LAT: 41-32.08 N    LONG: 122-21.20 W


                   TEMPERATURE (F), RAIN (in), WIND SPEED (mph)

                                         HEAT   COOL         AVG
      MEAN                               DEG    DEG          WIND                   DOM
DAY   TEMP   HIGH   TIME    LOW   TIME   DAYS   DAYS   RAIN  SPEED   HIGH   TIME    DIR
---------------------------------------------------------------------------------------
 01   68.0   84.5  14:19   48.3  05:54    0.0    3.0   0.00    2.4   22.0  17:38    343
 02   64.8   79.6  15:34   48.3  05:34    0.2    0.0   0.00    1.3   13.0  16:47    341
 03   68.7   81.1  15:48   60.2  08:19    0.0    3.7   0.00    3.3   17.0  13:59    330
 04   70.7   90.6  16:07   48.3  06:08    0.0    5.7   0.00    2.0   14.0  16:49    343
 05   74.0   95.4  15:54   52.9  05:53    0.0    9.0   0.00    1.7   12.0  14:37    333
 06   77.0   99.2  15:39   53.9  05:53    0.0   12.0   0.00    2.2   21.0  18:41    339
 07   77.3  102.1  15:34   56.3  06:14    0.0   12.3   0.00    1.4   14.0  18:30    318
 08   75.7   94.9  15:07   58.4  05:45    0.0   10.7   0.00    2.2   22.0  17:29    345
 09   73.0   92.2  15:36   56.2  05:58    0.0    8.0   0.00    2.5   19.0  17:53    345
 10   71.7   93.2  15:53   48.2  06:01    0.0    6.7   0.00    1.5   12.0  19:43    337
 11   74.2   95.5  15:40   51.9  05:47    0.0    9.2   0.00    2.1   16.0  17:21    340
 12   73.6   97.4  15:53   51.5  06:01    0.0    8.6   0.00    1.8   16.0  19:36    331
 13   73.8   96.8  15:28   50.7  05:54    0.0    8.8   0.00    2.0   16.0  19:27    339
 14   66.8   86.4  15:24   49.1  06:05    0.0    1.8   0.00    2.6   17.0  16:29    342
 15   56.2   71.5  15:41   42.0  06:05    8.8    0.0   0.00    1.9   13.0  08:38    346
 16
 17
 18
 19
 20
 21
 22
 23
 24
 25
 26
 27
 28
 29
 30
---------------------------------------------------------------------------------------
      71.3  102.1     07   42.0     15    9.0   99.4   0.00    2.1   22.0     01    339