NOAA-Style Climate Reports


Report for 2020 July
                   MONTHLY CLIMATOLOGICAL SUMMARY for Jul 2020


NAME: Lake Shastina, California                  
ELEV: 2870 feet    LAT: 41-32.08 N    LONG: 122-21.23 W


                   TEMPERATURE (F), RAIN (in), WIND SPEED (mph)

                                         HEAT   COOL         AVG
      MEAN                               DEG    DEG          WIND                   DOM
DAY   TEMP   HIGH   TIME    LOW   TIME   DAYS   DAYS   RAIN  SPEED   HIGH   TIME    DIR
---------------------------------------------------------------------------------------
 01   65.1   88.1  16:21   46.4  05:57    0.0    0.1   0.00    3.1   19.0  18:10    340
 02   66.3   93.0  16:47   43.1  05:58    0.0    1.3   0.00    2.7   19.0  19:38    342
 03   70.5   91.7  16:07   48.7  05:54    0.0    5.5   0.00    2.4   17.0  12:27    250
 04   69.9   93.1  16:16   49.0  06:01    0.0    4.9   0.00    2.7   17.0  19:30    337
 05   70.2   94.6  17:18   49.0  06:22    0.0    5.2   0.00    2.4   19.0  18:39    336
 06   68.6   93.9  15:50   50.4  06:14    0.0    3.6   0.00    3.7   25.0  17:24    343
 07   64.2   88.1  16:38   44.2  06:00    0.8    0.0   0.00    3.0   21.0  18:23    342
 08   67.7   93.7  17:50   45.2  06:07    0.0    2.7   0.00    2.5   19.0  19:47    337
 09   71.8   96.5  16:55   49.8  06:06    0.0    6.8   0.00    2.7   20.0  18:06    335
 10   74.2   98.9  16:00   52.8  05:50    0.0    9.2   0.00    2.5   15.0  15:25    340
 11   76.9  100.8  15:30   52.7  06:14    0.0   11.9   0.00    3.1   19.0  13:10    309
 12
 13
 14
 15
 16
 17
 18
 19
 20
 21
 22
 23
 24
 25
 26
 27
 28
 29
 30
 31
---------------------------------------------------------------------------------------
      69.5  100.8     11   43.1     02    0.8   51.2   0.00    2.8   25.0     06    336