NOAA-Style Climate Reports


Report for 2019 May
                   MONTHLY CLIMATOLOGICAL SUMMARY for May 2019


NAME: Lake Shastina, California                  
ELEV: 2405 feet    LAT: 41-32.10 N    LONG: 122-21.22 W


                   TEMPERATURE (F), RAIN (in), WIND SPEED (mph)

                                         HEAT   COOL         AVG
      MEAN                               DEG    DEG          WIND                   DOM
DAY   TEMP   HIGH   TIME    LOW   TIME   DAYS   DAYS   RAIN  SPEED   HIGH   TIME    DIR
---------------------------------------------------------------------------------------
 01   51.2   72.9  15:44   29.1  05:58   13.8    0.0   0.00    1.8   12.3  15:05    349
 02   53.9   74.8  18:50   31.8  06:01   11.1    0.0   0.00    1.3    8.3  16:50    337
 03   57.5   79.2  15:14   33.6  05:58    7.5    0.0   0.00    1.7   10.5  16:35    345
 04   61.5   82.2  14:14   37.9  05:46    3.5    0.0   0.00    1.8   10.5  17:00    339
 05   62.9   85.1  16:48   40.8  05:56    2.1    0.0   0.00    1.7   13.6  18:30    342
 06   62.3   83.7  17:30   38.7  05:46    2.7    0.0   0.00    1.7   15.4  18:40    341
 07   62.5   80.6  14:14   44.2  06:08    2.5    0.0   0.00    2.6   17.0  16:30    354
 08   63.0   82.0  16:52   41.5  06:03    2.0    0.0   0.00    1.6    8.7  14:30    338
 09   68.0   84.0  14:21   53.2  02:31    0.0    3.0   0.00    3.4   15.4  15:30     38
 10   66.5   85.1  18:51   43.9  05:58    0.0    1.5   0.00    1.3    8.7  01:50    351
 11   67.3   89.2  18:48   42.8  05:59    0.0    2.3   0.00    1.2    8.3  16:30    344
 12   68.8   90.3  14:06   47.1  05:59    0.0    3.8   0.00    2.2   13.2  15:20    204
 13   65.2   81.3  16:32   45.1  05:58    0.0    0.2   0.00    3.1   20.6  21:15    190
 14   61.7   68.2  13:55   57.4  05:22    3.3    0.0   0.00    6.2   24.2  09:10    186
 15   56.4   65.3  17:17   47.3  23:26    8.6    0.0   0.08    6.6   28.4  11:05    184
 16   52.9   65.7  13:23   45.3  07:33   12.1    0.0   0.00    4.7   24.2  11:35    186
 17   54.5   72.1  13:11   43.0  05:50   10.5    0.0   0.00    1.4   12.3  16:12    199
 18   50.0   57.7  11:51   43.5  22:48   15.0    0.0   0.00    5.5   25.7  11:18    186
 19   50.4   66.2  15:36   40.1  03:39   14.6    0.0   0.17    1.7   12.3  12:17    191
 20   54.6   68.7  14:01   43.9  06:15   10.4    0.0   0.00    3.2   19.7  17:56    184
 21   48.6   55.9  15:43   44.2  23:48   16.4    0.0   0.08    2.1   12.8  02:23    188
 22   51.1   61.0  15:30   43.7  05:55   13.9    0.0   0.00    1.2   15.0  16:35      2
 23
 24
 25
 26
 27
 28
 29
 30
 31
---------------------------------------------------------------------------------------
      58.1   90.3     12   29.1     01  202.2   10.8   1.08    2.5   28.4     15    233