NOAA-Style Climate Reports


Report for 2024 February
                   MONTHLY CLIMATOLOGICAL SUMMARY for Feb 2024


NAME: Lake Shastina, California                  
ELEV: 2870 feet    LAT: 41-32.08 N    LONG: 122-21.20 W


                   TEMPERATURE (F), RAIN (in), WIND SPEED (mph)

                                         HEAT   COOL         AVG
      MEAN                               DEG    DEG          WIND                   DOM
DAY   TEMP   HIGH   TIME    LOW   TIME   DAYS   DAYS   RAIN  SPEED   HIGH   TIME    DIR
---------------------------------------------------------------------------------------
 01   43.6   50.7  14:26   37.9  08:02   21.4    0.0   0.00    3.6   26.0  00:00    184
 02   37.8   46.0  13:35   27.4  23:58   27.2    0.0   0.03    1.1   13.0  02:20     21
 03   32.9   46.7  13:20   24.8  07:35   32.1    0.0   0.00    2.2   23.0  16:05    174
 04   33.4   43.2  23:53   25.9  00:26   31.6    0.0   0.59    1.7   29.0  23:06    321
 05   42.8   47.5  10:03   34.8  23:20   22.2    0.0   0.26    7.4   39.0  02:15    181
 06   37.3   46.4  14:32   29.1  04:03   27.7    0.0   0.04    0.4    8.0  18:27    346
 07   34.6   39.8  15:44   30.1  00:59   30.4    0.0   0.07    0.3    6.0  06:45    351
 08   36.5   47.5  16:21   29.7  23:57   28.5    0.0   0.01    0.2    9.0  16:25      3
 09   35.0   41.1  15:28   28.9  02:42   30.0    0.0   0.00    0.3    7.0  12:26    357
 10   37.9   53.3  14:12   28.1  07:09   27.1    0.0   0.00    0.6    8.0  12:38    354
 11   37.2   57.2  14:09   26.5  07:29   27.8    0.0   0.00    0.9   10.0  13:56    342
 12   37.9   51.9  14:19   29.0  02:19   27.1    0.0   0.00    0.5    9.0  11:25    351
 13   39.8   54.3  14:15   29.6  04:17   25.2    0.0   0.00    1.3   19.0  21:55    327
 14   43.2   46.8  09:40   38.5  06:01   21.8    0.0   0.04    4.4   29.0  12:15    182
 15   46.4   52.7  11:14   39.5  23:31   18.6    0.0   0.00    3.6   23.0  08:38    182
 16   43.2   48.6  15:04   37.3  04:57   21.8    0.0   0.00    0.9    7.0  02:38     20
 17   47.9   57.2  13:01   43.4  23:42   17.1    0.0   0.00    6.1   43.0  10:36    184
 18   45.7   52.7  17:19   38.0  23:55   19.3    0.0   0.43    5.4   41.0  15:43    181
 19   40.3   45.5  10:19   34.0  06:57   24.7    0.0   1.24    2.3   25.0  10:42    183
 20   42.9   47.0  08:52   39.1  02:25   22.1    0.0   0.44    6.2   30.0  15:07    179
 21   44.2   54.2  12:45   34.8  23:58   20.8    0.0   0.00    2.8   20.0  15:27    176
 22   40.6   55.7  14:07   28.4  06:06   24.4    0.0   0.00    2.1   24.0  14:56    171
 23   40.6   58.6  14:00   27.4  06:53   24.4    0.0   0.00    0.8    9.0  13:14    345
 24   43.0   63.7  14:17   28.7  06:55   22.0    0.0   0.00    0.9   10.0  15:51    338
 25   44.7   65.7  14:26   29.2  07:05   20.3    0.0   0.00    1.2   10.0  17:53    334
 26   44.2   55.5  14:09   27.5  23:59   20.8    0.0   0.00    3.0   20.0  15:44    308
 27   25.2   27.6  00:00   23.8  02:59   39.8    0.0   0.00    0.1    2.0  00:08      0
 28
 29
---------------------------------------------------------------------------------------
      40.4   65.7     25   23.8     27  676.3    0.0   3.15    2.3   43.0     17    185