NOAA-Style Climate Reports


Report for 2020 February
                   MONTHLY CLIMATOLOGICAL SUMMARY for Feb 2020


NAME: Lake Shastina, California                  
ELEV: 2870 feet    LAT: 41-32.08 N    LONG: 122-21.23 W


                   TEMPERATURE (F), RAIN (in), WIND SPEED (mph)

                                         HEAT   COOL         AVG
      MEAN                               DEG    DEG          WIND                   DOM
DAY   TEMP   HIGH   TIME    LOW   TIME   DAYS   DAYS   RAIN  SPEED   HIGH   TIME    DIR
---------------------------------------------------------------------------------------
 01   36.2   42.5  13:49   33.3  07:38   28.8    0.0   0.02    0.4    6.0  13:49    346
 02   35.0   43.3  14:44   28.4  20:59   30.0    0.0   0.02    1.7   20.0  09:08    356
 03   29.7   43.9  14:56   20.4  06:17   35.3    0.0   0.00    2.0   18.0  14:28    347
 04   27.5   38.8  15:24   16.4  07:31   37.5    0.0   0.00    0.6   10.0  12:34    350
 05   38.8   55.5  14:57   28.7  00:05   26.2    0.0   0.00    0.8   10.0  15:08    338
 06   42.7   66.6  14:50   31.7  23:57   22.3    0.0   0.00    0.7    8.0  10:56    345
 07   38.4   63.8  14:55   24.0  07:23   26.6    0.0   0.00    0.7    8.0  14:46    340
 08   35.9   51.0  13:50   27.2  23:25   29.1    0.0   0.00    2.8   23.0  14:31      5
 09   33.2   52.0  14:37   21.3  04:49   31.8    0.0   0.00    2.4   16.0  13:37    346
 10   35.3   60.1  14:51   20.6  06:18   29.7    0.0   0.00    0.8    8.0  13:15    338
 11   39.6   63.7  14:55   24.6  07:22   25.4    0.0   0.00    1.5   16.0  16:52    353
 12   38.5   63.7  14:56   24.9  06:47   26.5    0.0   0.00    0.8   10.0  12:30    333
 13   39.9   69.0  14:57   21.6  07:00   25.1    0.0   0.00    1.0   11.0  14:21    302
 14   38.7   58.7  14:49   27.7  06:07   26.3    0.0   0.00    0.8   10.0  13:05    334
 15   40.0   50.5  15:40   27.8  03:11   25.0    0.0   0.00    0.4    6.0  10:36    340
 16   42.1   58.7  13:59   27.9  23:53   22.9    0.0   0.00    1.0   16.0  16:43    350
 17   33.6   54.5  14:25   19.5  07:15   31.4    0.0   0.00    1.4   12.0  15:01    354
 18   33.3   55.7  14:46   20.0  07:18   31.7    0.0   0.00    1.1   11.0  14:10    335
 19   35.5   59.8  14:45   20.9  07:07   29.5    0.0   0.00    1.3   11.0  12:41    340
 20   40.4   58.2  15:00   28.1  06:50   24.6    0.0   0.00    1.0   10.0  13:49    333
 21   39.6   65.5  14:58   23.6  06:51   25.4    0.0   0.00    0.8    8.0  10:55    336
 22   41.2   67.5  14:59   25.4  07:17   23.8    0.0   0.00    0.7    8.0  11:53    336
 23   42.9   66.9  15:00   28.9  05:09   22.1    0.0   0.00    1.1   15.0  15:35    310
 24   37.8   62.6  14:58   21.6  06:37   27.2    0.0   0.00    0.8    9.0  14:17    332
 25   40.1   64.9  14:59   23.2  07:17   24.9    0.0   0.00    0.6    8.0  10:45    328
 26   43.2   70.9  14:43   25.3  06:37   21.8    0.0   0.00    1.0   10.0  14:31    336
 27   43.2   69.2  14:57   26.8  07:03   21.8    0.0   0.00    0.9    9.0  13:01    341
 28   45.3   70.1  14:04   26.9  06:38   19.7    0.0   0.00    0.9   10.0  12:56    330
 29   35.4   46.8  13:51   25.5  23:34   29.6    0.0   0.00    1.4   13.0  13:41    350
---------------------------------------------------------------------------------------
      38.0   70.9     26   16.4     04  782.1    0.0   0.04    1.1   23.0     08    344