NOAA-Style Climate Reports


Report for 2020 January
                   MONTHLY CLIMATOLOGICAL SUMMARY for Jan 2020


NAME: Lake Shastina, California                  
ELEV: 2870 feet    LAT: 41-32.08 N    LONG: 122-21.23 W


                   TEMPERATURE (F), RAIN (in), WIND SPEED (mph)

                                         HEAT   COOL         AVG
      MEAN                               DEG    DEG          WIND                   DOM
DAY   TEMP   HIGH   TIME    LOW   TIME   DAYS   DAYS   RAIN  SPEED   HIGH   TIME    DIR
---------------------------------------------------------------------------------------
 01   40.4   52.5  14:43   33.8  22:56   24.6    0.0   0.00    N/A    N/A    N/A     90
 02   36.4   50.4  14:40   28.8  06:05   28.6    0.0   0.00    N/A    N/A    N/A     90
 03   38.9   56.8  15:51   23.9  07:06   26.1    0.0   0.00    N/A    N/A    N/A     90
 04   40.6   47.3  14:09   33.6  07:26   24.4    0.0   0.04    N/A    N/A    N/A     90
 05   34.3   48.0  12:24   25.9  22:29   30.7    0.0   0.00    N/A    N/A    N/A     90
 06   32.6   44.6  14:06   25.3  06:48   32.4    0.0   0.00    N/A    N/A    N/A     90
 07   32.2   43.9  15:17   20.3  07:56   32.8    0.0   0.00    N/A    N/A    N/A     90
 08   36.1   47.1  13:34   26.4  07:37   28.9    0.0   0.00    N/A    N/A    N/A     90
 09   35.5   46.5  14:28   26.0  23:58   29.5    0.0   0.00    0.0    0.0  08:19     90
 10   36.2   54.2  14:50   23.4  03:49   28.8    0.0   0.00    0.6   19.0  17:37    193
 11   36.6   49.6  14:28   29.4  06:10   28.4    0.0   0.00    1.8   20.0  12:00    326
 12   35.4   46.7  13:14   25.1  06:35   29.6    0.0   0.00    0.5   10.0  15:20    219
 13   35.1   46.6  14:18   24.4  06:27   29.9    0.0   0.01    2.1   34.0  15:35    186
 14   32.5   44.4  14:22   24.2  22:28   32.5    0.0   0.00    1.1   14.0  15:21    330
 15   33.4   44.6  14:15   18.8  03:35   31.6    0.0   0.00    8.5   52.0  20:27    183
 16   33.7   40.2  00:28   27.6  23:55   31.3    0.0   0.36    1.5   31.0  00:15    206
 17   30.2   37.5  13:38   19.3  06:59   34.8    0.0   0.01    0.8   18.0  11:12    170
 18   33.3   45.9  14:39   26.7  23:57   31.7    0.0   0.15    1.1   10.0  02:29      8
 19   30.5   40.2  14:25   22.2  07:45   34.5    0.0   0.02    0.4    5.0  11:47    341
 20   39.3   51.0  12:56   28.9  01:36   25.7    0.0   0.00    3.7   32.0  21:56    187
 21   41.6   47.4  12:52   33.6  22:57   23.4    0.0   0.00    6.6   43.0  09:05    187
 22   38.8   50.9  14:47   31.6  23:43   26.2    0.0   0.00    0.8   10.0  11:57    354
 23   37.7   49.7  23:53   28.1  04:34   27.3    0.0   0.05    1.0   16.0  22:16    334
 24   43.6   50.7  13:33   33.6  07:41   21.4    0.0   0.09    0.8   11.0  02:17    184
 25   45.9   50.6  14:57   41.3  02:31   19.1    0.0   0.09    1.4   13.0  17:45      4
 26   46.8   56.4  13:47   40.9  07:27   18.2    0.0   0.03    1.5   16.0  13:26    303
 27   44.2   52.8  15:10   36.1  05:04   20.8    0.0   0.01    2.8   32.0  22:36    181
 28   44.9   59.1  14:58   29.5  23:45   20.1    0.0   0.00    2.8   28.0  01:05    189
 29   39.1   48.6  14:00   29.1  01:35   25.9    0.0   0.00    0.6   10.0  11:53    346
 30   42.5   57.4  14:45   33.8  23:51   22.5    0.0   0.00    0.7   10.0  13:21    334
 31   37.3   44.1  14:57   30.8  04:05   27.7    0.0   0.00    0.3    8.0  13:40    336
---------------------------------------------------------------------------------------
      37.6   59.1     28   18.8     15  849.4    0.0   0.86    1.8   52.0     15    195