NOAA-Style Climate Reports


Report for 2019 November
                   MONTHLY CLIMATOLOGICAL SUMMARY for Nov 2019


NAME: Lake Shastina, California                  
ELEV: 2405 feet    LAT: 41-32.10 N    LONG: 122-21.22 W


                   TEMPERATURE (F), RAIN (in), WIND SPEED (mph)

                                         HEAT   COOL         AVG
      MEAN                               DEG    DEG          WIND                   DOM
DAY   TEMP   HIGH   TIME    LOW   TIME   DAYS   DAYS   RAIN  SPEED   HIGH   TIME    DIR
---------------------------------------------------------------------------------------
 01   40.7   61.5  15:52   24.4  07:54   24.3    0.0   0.00    0.3    6.7  12:12    346
 02   44.1   64.2  16:09   27.9  07:37   20.9    0.0   0.00    0.4    5.8  13:58    342
 03   44.6   66.0  14:44   28.8  07:05   20.4    0.0   0.00    0.2    6.3  12:19    343
 04   46.3   66.7  14:42   30.6  06:41   18.7    0.0   0.00    0.3    6.3  12:54    346
 05   47.1   65.3  14:11   30.9  06:49   17.9    0.0   0.00    0.2    5.8  11:00    342
 06   48.2   66.7  14:36   33.8  06:22   16.8    0.0   0.00    0.2    6.3  14:49    346
 07   44.3   62.8  14:58   30.2  07:10   20.7    0.0   0.00    0.3    5.8  12:07    345
 08   44.1   63.9  14:49   28.8  07:05   20.9    0.0   0.00    0.3    5.8  11:15    346
 09   45.6   63.9  15:15   31.3  06:31   19.4    0.0   0.00    0.3    6.3  10:19    347
 10   49.6   67.6  14:08   35.2  06:48   15.4    0.0   0.00    0.2    5.8  11:11    346
 11   48.9   65.1  12:49   36.7  05:41   16.1    0.0   0.00    0.3    6.3  12:11    344
 12   46.2   63.3  14:24   36.1  22:35   18.8    0.0   0.00    0.2    6.3  10:03    347
 13   43.9   60.8  15:25   30.2  06:15   21.1    0.0   0.00    0.3    5.4  12:24    347
 14   50.3   64.8  15:09   36.7  03:09   14.7    0.0   0.00    3.2   19.2  23:43    183
 15   52.2   64.2  11:54   38.5  23:54   12.8    0.0   0.00    0.6   10.5  00:06    330
 16   43.2   58.5  15:01   32.2  06:14   21.8    0.0   0.00    0.2    6.3  12:32    338
 17   43.8   60.3  14:24   31.8  06:30   21.2    0.0   0.00    0.2    5.8  12:34    341
 18   46.4   61.5  14:27   32.4  06:54   18.6    0.0   0.00    0.3    6.3  12:13    340
 19   46.0   58.5  12:34   35.4  06:25   19.0    0.0   0.00    1.7   17.0  14:34    357
 20   43.9   54.5  13:06   34.5  04:59   21.1    0.0   0.00    4.0   17.4  19:08     50
 21   35.3   48.9  15:06   25.2  06:08   29.7    0.0   0.00    0.8   15.4  00:11      5
 22   33.6   50.4  14:50   21.6  07:08   31.4    0.0   0.00    0.5    6.3  09:48    342
 23   34.5   52.3  14:50   23.2  05:52   30.5    0.0   0.00    0.5    7.6  13:54    341
 24   36.2   52.9  13:57   23.7  07:02   28.8    0.0   0.00    0.3    8.7  10:15    337
 25   35.1   46.6  12:31   25.7  02:50   29.9    0.0   0.00    1.7   13.2  10:33    349
 26   29.0   39.9  13:50   20.1  03:17   36.0    0.0   0.13    7.3   40.7  21:16    181
 27   34.0   44.4  12:24   23.7  23:43   31.0    0.0   0.00    1.7   31.1  00:33    191
 28   27.8   39.2  14:20   18.7  23:34   37.2    0.0   0.00    0.4    6.3  10:30    340
 29   25.6   36.7  13:55   17.1  00:57   39.4    0.0   0.00    0.6   12.8  22:21    354
 30   34.2   41.9  18:28   19.9  00:58   30.8    0.0   0.00    0.3    5.4  01:31    349
---------------------------------------------------------------------------------------
      41.5   67.6     10   17.1     29  705.0    0.0   0.13    0.9   40.7     26     13