NOAA-Style Climate Reports


Report for 2019 October
                   MONTHLY CLIMATOLOGICAL SUMMARY for Oct 2019


NAME: Lake Shastina, California                  
ELEV: 2405 feet    LAT: 41-32.10 N    LONG: 122-21.22 W


                   TEMPERATURE (F), RAIN (in), WIND SPEED (mph)

                                         HEAT   COOL         AVG
      MEAN                               DEG    DEG          WIND                   DOM
DAY   TEMP   HIGH   TIME    LOW   TIME   DAYS   DAYS   RAIN  SPEED   HIGH   TIME    DIR
---------------------------------------------------------------------------------------
 01   43.5   60.3  14:27   29.8  06:37   21.5    0.0   0.00    0.6    8.3  15:26    341
 02   46.0   64.6  16:26   29.1  06:06   19.0    0.0   0.00    0.6    6.3  11:47    342
 03   50.5   64.4  14:14   38.5  07:46   14.5    0.0   0.00    1.3   12.8  15:45    347
 04   47.1   61.9  14:13   36.0  02:48   17.9    0.0   0.00    0.7    8.1  13:37    328
 05   47.5   65.1  15:59   31.1  07:20   17.5    0.0   0.00    0.5    6.7  14:32    338
 06   50.5   69.4  16:02   34.9  07:00   14.5    0.0   0.00    0.7    7.2  13:57    333
 07   52.6   74.1  16:39   34.3  06:12   12.4    0.0   0.00    0.5    6.3  12:43    339
 08   53.3   72.5  14:11   37.6  06:50   11.7    0.0   0.00    1.3   13.2  18:07    350
 09   45.5   58.5  16:02   28.2  07:11   19.5    0.0   0.00    3.0   15.0  23:39     16
 10   44.1   59.4  16:19   28.2  07:03   20.9    0.0   0.00    1.6   14.5  00:14     15
 11   43.7   64.4  16:18   25.3  07:12   21.3    0.0   0.00    0.5    6.3  12:58    337
 12   46.8   67.5  16:05   27.7  07:19   18.2    0.0   0.00    0.4    6.3  12:47    342
 13   50.3   70.2  15:33   34.0  07:18   14.7    0.0   0.00    0.7    6.7  16:43    343
 14   49.2   69.3  16:20   32.0  07:28   15.8    0.0   0.00    0.5    6.3  11:29    341
 15   54.1   72.5  15:08   34.3  07:16   10.9    0.0   0.00    2.4   17.0  19:52    191
 16   60.3   72.0  13:39   49.1  03:27    4.7    0.0   0.00    5.1   26.2  12:51    188
 17   47.3   62.1  14:06   35.1  06:56   17.7    0.0   0.08    1.1   10.5  00:45    343
 18   48.8   61.2  15:39   35.1  08:02   16.2    0.0   0.04    0.8    8.3  11:31    338
 19   46.6   59.0  14:50   34.2  23:59   18.4    0.0   0.17    0.8   11.0  15:51    336
 20   43.7   56.5  16:35   32.0  03:59   21.3    0.0   0.00    0.3    5.8  15:01    339
 21   50.7   69.3  14:48   35.8  04:38   14.3    0.0   0.00    0.3    6.3  17:16    359
 22   51.0   68.0  14:53   35.4  07:42   14.0    0.0   0.00    0.6    8.1  13:37    341
 23   51.2   67.5  15:59   36.0  07:18   13.8    0.0   0.00    0.8    8.1  11:27    341
 24   50.6   66.7  14:25   36.1  07:14   14.4    0.0   0.00    0.7    8.7  00:27    348
 25   50.1   70.5  15:34   33.6  07:01   14.9    0.0   0.00    0.3    6.3  12:20    345
 26   47.7   61.3  13:57   36.3  07:51   17.3    0.0   0.00    1.8   15.0  22:02      0
 27   42.6   54.3  14:14   29.5  23:58   22.4    0.0   0.00    4.7   19.2  00:56     46
 28   36.4   55.9  15:48   19.9  07:44   28.6    0.0   0.00    0.5    6.3  11:31    344
 29   39.3   53.1  15:07   26.1  03:26   25.7    0.0   0.00    5.0   23.7  10:21     59
 30   32.8   49.1  15:42   19.0  08:05   32.2    0.0   0.00    0.6    6.7  13:17    341
 31   35.1   57.2  16:01   17.1  07:30   29.9    0.0   0.00    0.3    5.8  12:13    347
---------------------------------------------------------------------------------------
      47.0   74.1     07   17.1     31  556.2    0.0   0.29    1.3   26.2     16     10