NOAA-Style Climate Reports


Report for 2019 August
                   MONTHLY CLIMATOLOGICAL SUMMARY for Aug 2019


NAME: Lake Shastina, California                  
ELEV: 2405 feet    LAT: 41-32.10 N    LONG: 122-21.22 W


                   TEMPERATURE (F), RAIN (in), WIND SPEED (mph)

                                         HEAT   COOL         AVG
      MEAN                               DEG    DEG          WIND                   DOM
DAY   TEMP   HIGH   TIME    LOW   TIME   DAYS   DAYS   RAIN  SPEED   HIGH   TIME    DIR
---------------------------------------------------------------------------------------
 01   76.2   94.8  15:47   56.1  05:43    0.0   11.2   0.00    2.4   16.8  16:57    199
 02   74.6   93.7  16:04   54.0  06:07    0.0    9.6   0.00    1.9   11.0  19:03    347
 03   77.0   97.2  16:59   55.8  06:09    0.0   12.0   0.00    1.4    8.7  14:14    339
 04   79.1   98.8  13:34   59.5  06:16    0.0   14.1   0.00    2.2   17.4  18:08    203
 05   78.6   99.9  14:21   57.7  06:31    0.0   13.6   0.00    2.0   14.5  17:10    206
 06   79.4   99.5  13:01   62.8  06:30    0.0   14.4   0.00    2.0   16.8  18:19    200
 07   77.2   95.4  15:27   56.5  06:00    0.0   12.2   0.00    3.3   18.3  13:00    191
 08   73.9   91.4  14:36   53.8  06:32    0.0    8.9   0.00    3.2   19.7  14:31    192
 09   69.0   83.8  15:37   58.6  06:00    0.0    4.0   0.00    2.7   17.0  18:18    193
 10   57.8   66.0  10:08   50.0  06:40    7.2    0.0   0.46    0.5   13.2  13:53      2
 11   63.3   79.7  15:35   45.9  05:11    1.7    0.0   0.00    0.9    8.3  15:44    345
 12   68.4   88.0  16:44   48.6  06:32    0.0    3.4   0.00    0.8    7.6  15:27    341
 13   72.0   93.0  16:29   51.3  05:46    0.0    7.0   0.00    1.3    9.2  17:01    345
 14   75.3   95.0  16:15   54.9  06:26    0.0   10.3   0.00    1.2   10.5  18:58    343
 15   74.1   93.0  15:42   57.0  06:35    0.0    9.1   0.00    1.7   11.4  17:34    343
 16   71.1   90.5  16:24   53.1  06:36    0.0    6.1   0.00    1.4    8.7  17:19    340
 17   70.5   90.7  16:09   48.7  06:14    0.0    5.5   0.00    1.2    7.6  13:42    342
 18   74.3   93.9  14:03   52.9  06:27    0.0    9.3   0.00    3.7   19.7  17:29    191
 19   74.1   94.8  14:26   52.9  06:17    0.0    9.1   0.00    2.1   15.9  16:48    195
 20   72.5   94.1  15:19   50.7  06:27    0.0    7.5   0.00    1.9   12.8  18:27    199
 21   68.6   83.7  13:25   54.5  05:55    0.0    3.6   0.00    1.5   12.3  19:28    343
 22   69.6   85.6  18:56   56.1  03:14    0.0    4.6   0.00    1.6   10.1  12:57    336
 23   72.9   96.4  18:57   52.0  06:38    0.0    7.9   0.00    1.1    8.1  16:48    346
 24   76.6   97.5  16:42   55.6  06:35    0.0   11.6   0.00    1.6   10.5  13:24    328
 25   74.4   94.6  15:43   54.9  06:15    0.0    9.4   0.00    1.4    8.7  18:29    340
 26   75.0   98.8  18:57   53.4  06:39    0.0   10.0   0.00    1.1    7.6  15:13    337
 27   78.2  101.5  16:49   57.6  06:32    0.0   13.2   0.00    1.3    8.7  14:22    330
 28   75.0   91.2  11:51   61.9  05:51    0.0   10.0   0.00    0.6    8.3  17:07    341
 29   74.5   92.3  13:00   58.5  06:50    0.0    9.5   0.00    3.2   21.9  16:26    193
 30   74.2   94.6  15:26   55.4  06:46    0.0    9.2   0.00    1.2    8.3  11:48    319
 31   72.9   93.7  15:05   53.4  06:34    0.0    7.9   0.00    1.3   11.0  18:29    335
---------------------------------------------------------------------------------------
      73.2  101.5     27   45.9     11    8.9  264.1   0.46    1.7   21.9     29    273