NOAA-Style Climate Reports


Report for 2019 April
                   MONTHLY CLIMATOLOGICAL SUMMARY for Apr 2019


NAME: Lake Shastina, California                  
ELEV: 2405 feet    LAT: 41-32.10 N    LONG: 122-21.22 W


                   TEMPERATURE (F), RAIN (in), WIND SPEED (mph)

                                         HEAT   COOL         AVG
      MEAN                               DEG    DEG          WIND                   DOM
DAY   TEMP   HIGH   TIME    LOW   TIME   DAYS   DAYS   RAIN  SPEED   HIGH   TIME    DIR
---------------------------------------------------------------------------------------
 01   50.9   57.0  15:11   46.2  06:58   14.1    0.0   0.04    1.6   17.9  23:50    183
 02   51.2   64.0  13:13   41.5  07:16   13.8    0.0   0.04    2.2   15.4  14:20    184
 03   50.2   66.4  13:31   35.4  06:54   14.8    0.0   0.00    4.4   22.8  15:05    181
 04   51.4   59.4  15:05   43.7  21:40   13.6    0.0   0.00    6.8   22.8  11:40    182
 05   51.1   64.2  15:27   45.9  03:33   13.9    0.0   0.04    6.2   21.5  09:05    182
 06   52.8   62.8  14:07   44.1  05:33   12.2    0.0   0.00    9.2   31.1  11:50    179
 07   59.9   68.5  13:13   53.8  00:05    5.1    0.0   0.00    8.9   26.2  04:10    179
 08   56.6   66.4  16:16   43.7  23:59    8.4    0.0   0.17    5.9   24.6  00:35    182
 09   44.0   55.6  13:11   36.5  06:39   21.0    0.0   0.04    1.9   16.3  18:10      8
 10   44.0   60.6  15:35   28.2  04:44   21.0    0.0   0.00    1.7   13.2  19:20    358
 11   44.4   53.2  14:21   36.7  06:38   20.6    0.0   0.08    0.4    7.6  14:45    353
 12   48.0   63.0  18:59   35.8  06:31   17.0    0.0   0.00    1.6   11.0  16:10    357
 13   51.7   70.5  15:39   31.6  06:35   13.3    0.0   0.00    1.3    8.7  13:30    341
 14   49.2   59.5  17:14   35.6  23:51   15.8    0.0   0.00    1.7   11.0  12:50    345
 15   43.4   56.3  16:21   34.3  04:32   21.6    0.0   0.00    4.0   21.5  19:15    184
 16   47.4   64.2  18:56   30.0  06:28   17.6    0.0   0.00    1.3    8.7  12:20    340
 17   53.3   73.9  18:57   33.3  06:35   11.7    0.0   0.00    1.2    8.3  12:40    333
 18   60.5   84.2  18:57   39.2  05:13    4.5    0.0   0.00    1.1    7.6  15:55    334
 19   63.1   82.4  13:34   43.5  06:36    1.9    0.0   0.00    2.5   20.1  14:20    187
 20   51.0   57.9  15:46   38.5  23:44   14.0    0.0   0.25    1.7   16.8  18:50    352
 21   49.4   69.1  18:56   31.1  06:40   15.6    0.0   0.00    1.2   10.1  13:05    340
 22   56.0   75.6  16:01   34.9  05:57    9.0    0.0   0.00    2.1   15.0  18:55    345
 23   63.0   80.6  15:52   44.1  06:26    2.0    0.0   0.00    1.6    9.6  14:55    342
 24   63.4   81.1  18:51   47.1  06:32    1.6    0.0   0.00    1.2    8.7  15:10    340
 25   64.0   84.2  16:01   43.7  06:30    1.0    0.0   0.00    1.7   10.5  19:30    338
 26   58.9   75.6  15:37   42.6  06:22    6.1    0.0   0.00    1.7   11.0  16:15    337
 27   55.7   74.3  15:35   37.0  06:15    9.3    0.0   0.00    1.6   10.1  18:35    341
 28   53.3   69.6  15:14   35.6  05:07   11.7    0.0   0.00    2.5   11.4  22:50    347
 29   54.3   70.7  14:58   35.4  06:27   10.7    0.0   0.00    2.0   10.5  12:45    336
 30   50.8   67.8  14:53   36.0  04:21   14.2    0.0   0.00    2.3   15.0  09:20     42
---------------------------------------------------------------------------------------
      53.1   84.2     18   28.2     10  357.3    0.0   0.66    2.8   31.1     06    198