NOAA-Style Climate Reports


Report for 2019 March
                   MONTHLY CLIMATOLOGICAL SUMMARY for Mar 2019


NAME: Lake Shastina, California                  
ELEV: 2405 feet    LAT: 41-32.10 N    LONG: 122-21.22 W


                   TEMPERATURE (F), RAIN (in), WIND SPEED (mph)

                                         HEAT   COOL         AVG
      MEAN                               DEG    DEG          WIND                   DOM
DAY   TEMP   HIGH   TIME    LOW   TIME   DAYS   DAYS   RAIN  SPEED   HIGH   TIME    DIR
---------------------------------------------------------------------------------------
 01   40.4   54.3  13:43   29.8  06:22   24.6    0.0   0.00    3.1   17.4  12:00    180
 02   39.9   49.8  12:38   31.5  00:36   25.1    0.0   0.04    0.5    6.3  11:05    344
 03   43.0   55.4  14:54   34.3  23:35   22.0    0.0   0.00    0.7    8.1  12:35    345
 04   42.3   59.4  12:59   29.8  05:53   22.7    0.0   0.00    2.6   15.9  14:35    185
 05   39.9   47.1  15:01   32.9  04:29   25.1    0.0   0.00    1.8   16.3  17:15    199
 06   44.8   59.4  14:00   35.2  06:41   20.2    0.0   0.25    1.9   15.0  13:35    206
 07   39.7   50.0  16:01   33.8  23:56   25.3    0.0   0.17    1.0    8.1  18:15    341
 08   37.1   48.6  11:48   30.2  06:58   27.9    0.0   0.00    1.4    8.7  14:05    349
 09   37.1   52.5  12:34   28.4  05:02   27.9    0.0   0.00    2.3   18.3  14:55    186
 10   38.4   47.3  17:46   33.4  07:14   26.6    0.0   0.04    0.9   10.5  22:55     23
 11   37.7   55.6  16:50   23.2  06:51   27.3    0.0   0.00    0.8    8.7  00:35    353
 12   36.9   46.2  15:12   27.9  23:14   28.1    0.0   0.04    2.0   15.4  17:35    355
 13   36.1   49.6  16:17   25.5  08:02   28.9    0.0   0.00    1.2   10.1  12:20    348
 14   36.8   55.9  16:42   20.8  07:10   28.2    0.0   0.00    0.9    7.6  14:05    348
 15   42.0   61.5  17:13   24.6  07:24   23.0    0.0   0.00    0.9    8.1  13:40    342
 16   43.7   64.0  16:10   26.1  07:28   21.3    0.0   0.00    0.7    7.6  14:40    347
 17   48.1   66.4  16:36   31.3  07:54   16.9    0.0   0.00    1.0    8.3  15:00    338
 18   50.4   71.8  15:20   31.1  07:27   14.6    0.0   0.00    1.8   15.4  15:30    216
 19   52.6   72.0  16:10   37.8  07:19   12.4    0.0   0.00    1.5   17.0  18:30    148
 20   50.5   63.0  14:03   36.7  23:58   14.5    0.0   0.00    5.3   28.0  15:10    186
 21   44.4   63.1  16:10   27.1  07:13   20.6    0.0   0.00    1.6   18.3  23:30    236
 22   47.2   51.8  12:43   44.2  00:31   17.8    0.0   0.00    8.3   28.0  20:20    180
 23   43.1   53.1  15:16   36.0  22:47   21.9    0.0   0.04    1.5   19.2  00:10    204
 24   45.2   60.4  14:14   23.9  06:53   19.8    0.0   0.00    3.1   17.0  16:55    185
 25   43.9   49.3  01:20   37.6  23:59   21.1    0.0   0.25    5.5   35.8  06:20    182
 26   42.0   58.1  14:48   29.5  06:10   23.0    0.0   0.00    2.7   23.7  16:35    189
 27   45.7   59.4  13:35   37.0  06:55   19.3    0.0   0.21    2.6   18.3  15:25    183
 28   44.3   54.0  15:57   35.8  23:57   20.7    0.0   0.00    5.7   24.6  13:20    181
 29   42.7   63.9  15:26   26.8  06:40   22.3    0.0   0.00    1.7   12.3  15:45    329
 30   42.9   62.4  16:30   25.3  06:56   22.1    0.0   0.00    1.2    8.7  13:20    339
 31   48.2   68.5  16:51   29.3  06:46   16.8    0.0   0.00    1.1    8.1  11:50    338
---------------------------------------------------------------------------------------
      42.8   72.0     19   20.8     14  688.3    0.0   1.04    2.2   35.8     25    193