NOAA-Style Climate Reports


Report for 2019 January
                   MONTHLY CLIMATOLOGICAL SUMMARY for Jan 2019


NAME: Lake Shastina, California                  
ELEV: 2405 feet    LAT: 41-32.10 N    LONG: 122-21.22 W


                   TEMPERATURE (F), RAIN (in), WIND SPEED (mph)

                                         HEAT   COOL         AVG
      MEAN                               DEG    DEG          WIND                   DOM
DAY   TEMP   HIGH   TIME    LOW   TIME   DAYS   DAYS   RAIN  SPEED   HIGH   TIME    DIR
---------------------------------------------------------------------------------------
 01   26.0   38.7  13:49   15.3  07:40   39.0    0.0   0.00    0.5    6.3  12:30    343
 02   27.3   42.1  14:54   16.0  06:28   37.7    0.0   0.00    0.3    6.3  13:10    343
 03   29.8   38.1  13:51   22.8  00:15   35.2    0.0   0.00    0.1    4.0  11:20    346
 04   38.7   54.5  12:44   24.4  07:37   26.3    0.0   0.00    3.6   26.2  21:40    180
 05   41.0   46.9  00:20   34.7  22:20   24.0    0.0   0.08    9.2   38.5  09:10    182
 06   37.7   41.4  11:29   34.0  23:20   27.3    0.0   0.00    3.9   22.4  09:05    183
 07   34.7   43.5  19:24   26.6  07:20   30.3    0.0   0.00    0.9   16.8  19:15     26
 08   48.1   57.2  12:14   37.0  00:57   16.9    0.0   0.17    6.3   27.1  14:10    185
 09   47.3   54.5  12:55   43.0  03:53   17.7    0.0   0.13    7.3   24.2  00:10    177
 10   45.0   55.0  12:15   37.2  21:15   20.0    0.0   0.00    3.7   17.9  03:40    179
 11   45.2   60.1  12:08   34.5  05:36   19.8    0.0   0.00    2.3   18.8  13:15    182
 12   40.9   56.7  14:45   30.0  06:35   24.1    0.0   0.00    1.0   11.0  16:25    176
 13   36.5   49.6  14:49   26.6  23:58   28.5    0.0   0.00    0.6   15.0  00:15    338
 14   33.7   46.6  14:57   21.2  07:57   31.3    0.0   0.00    0.7   12.3  22:45    190
 15   41.1   53.1  13:24   31.1  07:05   23.9    0.0   0.00    2.5   19.7  14:10    180
 16   45.1   48.9  12:17   37.9  01:11   19.9    0.0   0.25    7.0   27.5  13:05    182
 17   41.6   52.7  13:32   31.6  23:15   23.4    0.0   0.04    3.7   18.8  05:25    182
 18   39.5   49.8  22:49   30.0  01:01   25.5    0.0   0.00    2.3   23.3  22:15    166
 19   49.8   56.1  14:01   42.8  03:43   15.2    0.0   0.04    6.2   25.7  23:05    181
 20   43.8   52.2  02:49   35.1  23:58   21.2    0.0   0.21    2.6   29.8  03:10    195
 21   35.0   43.3  12:16   26.1  22:51   30.0    0.0   0.04    1.2   13.2  12:55      4
 22   32.2   45.5  14:13   23.4  02:07   32.8    0.0   0.00    0.3    7.2  15:20    338
 23   36.9   52.9  14:58   24.4  02:12   28.1    0.0   0.00    0.3    6.3  14:10    357
 24   33.9   48.2  15:16   24.4  07:19   31.1    0.0   0.00    0.3    6.3  11:20    334
 25   33.3   49.6  15:38   21.4  07:20   31.7    0.0   0.00    0.3    6.3  12:30    346
 26   35.8   50.4  14:35   25.3  06:34   29.2    0.0   0.00    0.1    5.4  13:10    348
 27   37.4   54.7  15:36   25.5  06:55   27.6    0.0   0.00    0.2    5.4  14:40    346
 28   39.2   51.3  14:24   27.0  04:51   25.8    0.0   0.00    0.2    4.9  13:05    343
 29   41.1   56.7  15:10   29.3  07:16   23.9    0.0   0.00    0.3    6.3  14:10    348
 30   37.3   53.4  15:21   27.7  04:55   27.7    0.0   0.00    0.1    4.9  10:35    336
 31   41.2   55.9  13:43   25.3  07:27   23.8    0.0   0.00    2.4   27.1  22:20    185
---------------------------------------------------------------------------------------
      38.5   60.1     11   15.3     01  818.8    0.0   0.95    2.3   38.5     05    182