NOAA-Style Climate Reports


Report for 2018 November
                   MONTHLY CLIMATOLOGICAL SUMMARY for Nov 2018


NAME: Lake Shastina, California                  
ELEV: 2405 feet    LAT: 41-32.10 N    LONG: 122-21.22 W


                   TEMPERATURE (F), RAIN (in), WIND SPEED (mph)

                                         HEAT   COOL         AVG
      MEAN                               DEG    DEG          WIND                   DOM
DAY   TEMP   HIGH   TIME    LOW   TIME   DAYS   DAYS   RAIN  SPEED   HIGH   TIME    DIR
---------------------------------------------------------------------------------------
 01   54.3   69.8  15:03   43.5  08:00   10.7    0.0   0.00    N/A    N/A    N/A     90
 02   49.6   68.0  14:57   36.3  08:07   15.4    0.0   0.00    N/A    N/A    N/A     90
 03   46.3   64.9  15:06   32.9  07:12   18.7    0.0   0.00    0.1    4.0  17:30    353
 04   44.9   64.4  13:12   30.9  06:59   20.1    0.0   0.00    0.7   10.5  15:15    357
 05   40.7   56.3  13:45   28.8  06:51   24.3    0.0   0.00    0.8    8.3  11:30    335
 06   35.4   54.1  15:06   21.2  06:40   29.6    0.0   0.00    0.5    6.3  12:30    340
 07   37.4   52.5  14:34   19.9  06:49   27.6    0.0   0.00    1.9   16.3  21:05     40
 08   37.5   52.7  15:06   23.0  23:56   27.5    0.0   0.00    1.3   12.8  00:25     13
 09   32.8   52.9  14:55   16.0  06:49   32.2    0.0   0.00    0.5    7.2  11:45    346
 10   38.0   56.3  14:45   21.0  06:29   27.0    0.0   0.00    1.3   18.3  21:35     49
 11   37.9   52.3  14:41   25.5  07:12   27.1    0.0   0.00    1.1   14.5  00:30     21
 12   35.3   55.0  14:40   19.4  05:57   29.7    0.0   0.00    0.4    6.7  13:10    340
 13   37.1   55.2  15:20   25.0  06:55   27.9    0.0   0.00    0.3    6.3  12:20    338
 14   37.0   55.9  14:36   21.9  07:15   28.0    0.0   0.00    0.3    6.3  11:20    339
 15   39.0   58.6  14:28   26.4  06:43   26.0    0.0   0.00    0.3    6.3  11:50    342
 16   39.0   59.2  14:53   24.8  06:49   26.0    0.0   0.00    0.4    6.3  12:50    341
 17   39.8   57.7  14:44   27.5  06:47   25.2    0.0   0.00    0.5    6.7  11:25    344
 18   37.9   56.3  14:56   25.0  07:29   27.1    0.0   0.00    0.3    5.8  11:15    343
 19   35.1   55.0  14:33   21.0  07:02   29.9    0.0   0.00    0.3    5.8  12:55    345
 20   41.0   58.5  15:59   21.7  07:06   24.0    0.0   0.00    1.9   15.0  20:05    198
 21   48.5   54.9  13:08   41.9  23:56   16.5    0.0   0.00    6.0   27.1  14:35    187
 22   44.8   51.1  10:44   39.4  05:34   20.2    0.0   0.08    4.7   28.0  11:55    182
 23   47.4   58.1  12:52   37.6  23:45   17.6    0.0   0.08    5.8   38.9  10:10    180
 24   41.8   50.2  12:56   35.4  04:03   23.2    0.0   0.00    0.4    6.7  14:30    345
 25   40.0   52.5  13:32   29.3  07:48   25.0    0.0   0.00    0.4    6.7  11:15    340
 26   44.0   55.2  19:46   32.9  00:46   21.0    0.0   0.00    2.0   22.4  21:45    182
 27   47.1   56.5  13:28   33.1  22:46   17.9    0.0   0.25    5.2   25.7  01:10    181
 28   40.5   50.9  14:52   32.7  05:56   24.5    0.0   0.00    1.2   14.5  15:00    183
 29   41.3   45.7  15:46   37.4  07:46   23.7    0.0   0.21    0.3   11.0  06:40     24
 30   40.2   50.4  12:20   31.6  07:30   24.8    0.0   0.04    0.7   14.5  22:45    221
---------------------------------------------------------------------------------------
      41.1   69.8     01   16.0     09  718.5    0.0   0.66    1.4   38.9     23    184