NOAA-Style Climate Reports


Report for 2018 May
                   MONTHLY CLIMATOLOGICAL SUMMARY for May 2018


NAME: Lake Shastina, California                  
ELEV: 2405 feet    LAT: 41-32.10 N    LONG: 122-21.22 W


                   TEMPERATURE (F), RAIN (in), WIND SPEED (mph)

                                         HEAT   COOL         AVG
      MEAN                               DEG    DEG          WIND                   DOM
DAY   TEMP   HIGH   TIME    LOW   TIME   DAYS   DAYS   RAIN  SPEED   HIGH   TIME    DIR
---------------------------------------------------------------------------------------
 01   46.7   63.9  16:40   29.7  05:49   18.3    0.0   0.00    1.8   13.6  17:25    346
 02   54.3   76.6  18:52   33.4  05:51   10.7    0.0   0.00    1.3    9.6  10:55    338
 03   61.2   80.8  15:34   39.7  05:00    3.8    0.0   0.00    1.5   10.1  14:55    343
 04   64.4   85.8  15:14   44.2  06:13    0.6    0.0   0.00    2.0   16.8  15:30    187
 05   63.9   79.3  14:18   49.6  05:50    1.1    0.0   0.00    3.3   22.8  16:50    178
 06   68.7   82.8  14:04   56.8  23:48    0.0    3.7   0.00    4.1   17.4  09:20    182
 07   64.3   82.8  16:19   43.2  06:00    0.7    0.0   0.00    1.5   10.1  15:50    339
 08   64.0   89.1  13:13   45.9  06:14    1.0    0.0   0.21    1.4   17.0  13:55    310
 09   62.0   75.7  16:27   47.1  06:10    3.0    0.0   0.00    1.7   13.2  19:40    340
 10   55.4   70.3  14:59   41.5  05:46    9.6    0.0   0.00    2.7   15.0  17:25    345
 11   51.3   64.8  16:01   38.1  06:14   13.7    0.0   0.00    4.1   15.4  13:20    344
 12   57.7   77.0  15:48   37.6  05:55    7.3    0.0   0.00    1.7   10.5  12:30    339
 13   65.4   83.7  18:49   43.3  05:30    0.0    0.4   0.00    1.5   10.5  16:00    340
 14   68.1   85.8  16:07   47.5  06:04    0.0    3.1   0.00    1.0   11.0  14:45    341
 15   63.1   83.1  12:34   47.3  05:44    1.9    0.0   0.17    1.0   15.4  16:20    263
 16   57.1   67.3  13:20   49.8  01:14    7.9    0.0   0.41    0.8    8.7  16:45    345
 17   61.5   76.5  17:17   52.2  06:05    3.5    0.0   0.00    1.5   15.4  19:10    351
 18   64.0   80.2  14:24   43.9  05:18    1.0    0.0   0.00    1.6   11.0  15:10    349
 19   63.0   79.0  14:48   47.8  06:06    2.0    0.0   0.00    1.1   10.5  15:30    328
 20   59.6   74.8  13:18   47.8  05:23    5.4    0.0   0.00    1.5   14.5  15:30    331
 21   63.1   82.0  19:11   42.4  05:39    1.9    0.0   0.00    2.0   10.5  16:15    340
 22   69.4   88.0  18:52   47.5  05:55    0.0    4.4   0.00    1.7   15.0  20:50    335
 23   63.6   84.4  13:08   56.7  05:45    1.4    0.0   0.33    0.9   11.4  13:10    344
 24   67.7   88.9  19:21   48.4  05:43    0.0    2.7   0.00    2.0   13.2  13:55    199
 25   61.3   71.8  08:06   56.7  06:36    3.7    0.0   0.00    0.3    6.3  05:30     35
 26
 27   71.7   80.4  19:26   57.2  23:56    0.0    6.7   0.00    3.3   12.3  18:05    348
 28   68.0   86.0  14:35   48.2  05:45    0.0    3.0   0.00    2.2   12.8  18:15    344
 29   65.6   86.2  14:22   47.8  05:49    0.0    0.6   0.00    2.1   15.9  18:30    343
 30   59.1   75.9  14:32   45.1  06:25    5.9    0.0   0.17    0.9    8.7  11:55    340
 31   53.8   67.3  14:28   47.5  06:02   11.2    0.0   0.00    1.5   11.0  19:45    350
---------------------------------------------------------------------------------------
      61.8   89.1     08   29.7     01  115.7   24.6   1.29    1.8   22.8     05    336