NOAA-Style Climate Reports


Report for 2017 December
                   MONTHLY CLIMATOLOGICAL SUMMARY for Dec 2017


NAME: Lake Shastina, California                  
ELEV: 2405 feet    LAT: 41-32.10 N    LONG: 122-21.22 W


                   TEMPERATURE (F), RAIN (in), WIND SPEED (mph)

                                         HEAT   COOL         AVG
      MEAN                               DEG    DEG          WIND                   DOM
DAY   TEMP   HIGH   TIME    LOW   TIME   DAYS   DAYS   RAIN  SPEED   HIGH   TIME    DIR
---------------------------------------------------------------------------------------
 01   29.1   39.4  15:37   21.2  06:46   35.9    0.0   0.00    0.0    4.9  14:00    349
 02   32.0   45.3  14:08   24.4  02:57   33.0    0.0   0.17    0.9   14.5  14:10    320
 03   33.7   44.1  12:07   23.4  23:56   31.3    0.0   0.04    0.3    6.3  12:50     40
 04   25.9   38.1  14:56   17.6  06:45   39.1    0.0   0.00    0.3    7.2  13:35    338
 05   25.9   39.2  15:02   16.2  06:56   39.1    0.0   0.00    0.2    6.3  12:50    344
 06   28.2   43.3  13:46   17.6  05:40   36.8    0.0   0.00    0.2    6.3  13:20    336
 07   28.6   44.8  15:07   18.0  07:25   36.4    0.0   0.00    0.2    6.3  12:40    343
 08   30.0   47.1  13:24   19.4  06:57   35.0    0.0   0.00    0.3    5.4  11:15    346
 09   28.9   44.8  15:03   18.7  07:25   36.1    0.0   0.00    0.3    5.8  12:00    344
 10   28.1   45.7  14:46   16.3  07:01   36.9    0.0   0.00    0.3    5.4  14:05    345
 11   27.7   44.4  14:53   17.1  07:23   37.3    0.0   0.00    0.2    5.4  11:05    341
 12   26.0   40.6  15:06   16.2  07:24   39.0    0.0   0.00    0.1    4.0  11:35    343
 13   28.3   43.3  14:47   17.8  06:03   36.7    0.0   0.00    0.2    5.8  02:25    342
 14   31.0   48.0  14:18   19.9  06:25   34.0    0.0   0.00    0.2    5.4  12:55    350
 15   31.6   39.9  12:26   24.1  02:07   33.4    0.0   0.00    0.3    6.3  23:55    350
 16   31.2   43.5  14:38   21.2  07:49   33.8    0.0   0.00    1.2   10.5  11:30    348
 17   30.5   44.2  13:31   20.8  06:40   34.5    0.0   0.00    0.3    6.3  11:05    331
 18   30.5   45.1  14:28   19.8  07:00   34.5    0.0   0.00    0.2    5.8  11:20    339
 19   39.5   57.6  12:15   27.9  01:52   25.5    0.0   0.04    4.9   31.5  16:35    179
 20   31.9   41.7  13:04   23.5  23:45   33.1    0.0   0.00    0.2    5.8  12:25    349
 21   25.8   37.0  14:17   17.2  07:15   39.2    0.0   0.00    0.3    5.8  13:45    339
 22   30.0   37.2  14:28   20.7  00:00   35.0    0.0   0.00    0.2    8.7  08:50    348
 23   34.4   44.8  13:56   27.0  07:48   30.6    0.0   0.00    0.5    5.4  12:30    346
 24   35.7   40.6  14:06   32.5  06:03   29.3    0.0   0.00    0.1    6.3  15:10    347
 25   33.7   48.4  14:34   24.4  06:58   31.3    0.0   0.00    0.4    5.4  11:05    344
 26   30.4   35.2  11:56   21.6  04:16   34.6    0.0   0.00    0.1    4.5  15:25    343
 27   31.2   40.3  14:27   24.1  23:58   33.8    0.0   0.00    0.2    6.3  14:25    338
 28   28.1   34.2  13:13   21.2  04:26   36.9    0.0   0.00    0.1    4.5  13:25    351
 29   27.3   30.0  14:20   25.3  07:45   37.7    0.0   0.00    0.2    5.8  12:50    349
 30   35.6   44.6  13:26   27.5  00:00   29.4    0.0   0.00    0.1   10.5  01:10    348
 31   37.6   43.0  13:59   31.3  00:40   27.4    0.0   0.00    0.0    4.0  12:25    354
---------------------------------------------------------------------------------------
      30.6   57.6     19   16.2     05 1066.5    0.0   0.25    0.4   31.5     19    325