NOAA-Style Climate Reports


Report for 2017 November
                   MONTHLY CLIMATOLOGICAL SUMMARY for Nov 2017


NAME: Lake Shastina, California                  
ELEV: 2405 feet    LAT: 41-32.10 N    LONG: 122-21.22 W


                   TEMPERATURE (F), RAIN (in), WIND SPEED (mph)

                                         HEAT   COOL         AVG
      MEAN                               DEG    DEG          WIND                   DOM
DAY   TEMP   HIGH   TIME    LOW   TIME   DAYS   DAYS   RAIN  SPEED   HIGH   TIME    DIR
---------------------------------------------------------------------------------------
 01   44.9   66.4  15:47   29.3  07:19   20.1    0.0   0.00    0.4    6.3  15:00    337
 02   50.1   64.0  13:35   36.3  04:02   14.9    0.0   0.00    4.7   22.4  16:20    178
 03   45.6   51.8  01:20   37.9  23:51   19.4    0.0   0.58    3.6   19.2  05:35    187
 04   38.4   48.9  13:11   28.6  23:41   26.6    0.0   0.04    0.2    6.3  12:10    355
 05   38.1   50.2  12:54   27.7  01:13   26.9    0.0   0.00    1.3   12.8  13:15    187
 06   37.8   49.5  13:39   27.3  23:49   27.2    0.0   0.00    0.7    9.2  15:05    341
 07   34.9   45.1  13:33   24.4  04:00   30.1    0.0   0.00    0.6    6.7  12:20    346
 08   49.4   57.4  12:08   39.6  00:08   15.6    0.0   0.00    7.9   33.3  10:00    185
 09   50.3   58.8  11:39   42.8  18:49   14.7    0.0   0.00    4.7   21.9  23:55    183
 10   45.7   54.1  09:07   33.3  23:07   19.3    0.0   0.04    4.0   27.1  01:25    185
 11   41.0   55.2  14:04   29.1  06:30   24.0    0.0   0.00    2.5   17.9  14:35    181
 12   47.2   56.8  13:04   38.5  05:37   17.8    0.0   0.00    5.4   29.3  20:25    180
 13   49.2   58.5  11:11   38.8  22:20   15.8    0.0   0.00    5.1   28.0  02:35    177
 14   43.0   54.0  12:26   28.0  07:16   22.0    0.0   0.00    4.1   23.3  19:05    180
 15   47.1   48.9  10:30   42.8  15:39   17.9    0.0   0.00    9.7   29.3  17:55    180
 16   45.4   56.8  12:52   35.4  23:24   19.6    0.0   0.00    1.9   15.0  12:15    186
 17   35.5   46.6  10:41   24.3  23:20   29.5    0.0   0.04    0.4    7.6  14:15    334
 18   29.6   44.4  14:15   18.5  06:00   35.4    0.0   0.00    0.4    6.3  11:00    342
 19   32.6   53.1  23:47   20.1  05:26   32.4    0.0   0.00    1.1   21.5  23:50    189
 20   52.4   58.5  12:35   47.1  05:10   12.6    0.0   0.04    4.4   22.4  09:20    177
 21   58.0   68.5  10:54   44.8  01:06    7.0    0.0   0.00    3.5   22.8  12:15    181
 22   60.2  115.7  07:00   49.1  07:34    4.8    0.0   0.00    2.7   15.4  13:15    185
 23   56.7   70.3  12:00   47.8  07:00    8.3    0.0   0.00    1.5   13.2  11:55    182
 24   44.3   52.0  11:17   34.7  22:20   20.7    0.0   0.00    0.2    6.3  00:45    339
 25   48.8   63.5  13:41   36.1  00:05   16.2    0.0   0.00    4.6   28.4  18:55    182
 26   52.1   59.2  01:47   38.1  23:47   12.9    0.0   0.08    5.8   32.9  02:20    182
 27   39.5   50.2  13:09   28.9  23:47   25.5    0.0   0.00    0.4    7.6  14:00    339
 28   34.2   42.6  15:11   25.0  04:45   30.8    0.0   0.00    0.3    6.3  15:15    338
 29   33.3   43.3  15:31   25.5  23:22   31.7    0.0   0.00    0.2    6.3  11:25    342
 30   30.7   37.2  14:44   23.5  06:06   34.3    0.0   0.00    0.0    4.9  10:35    354
---------------------------------------------------------------------------------------
      43.8  115.7     22   18.5     18  633.9    0.0   0.83    2.7   33.3     08    183