NOAA-Style Climate Reports


Report for 2017 October
                   MONTHLY CLIMATOLOGICAL SUMMARY for Oct 2017


NAME: Lake Shastina, California                  
ELEV: 2405 feet    LAT: 41-32.10 N    LONG: 122-21.22 W


                   TEMPERATURE (F), RAIN (in), WIND SPEED (mph)

                                         HEAT   COOL         AVG
      MEAN                               DEG    DEG          WIND                   DOM
DAY   TEMP   HIGH   TIME    LOW   TIME   DAYS   DAYS   RAIN  SPEED   HIGH   TIME    DIR
---------------------------------------------------------------------------------------
 01   48.2   60.6  14:48   35.4  07:20   16.8    0.0   0.00    2.8   15.9  17:00    352
 02   43.7   58.6  15:44   29.5  07:10   21.3    0.0   0.00    1.8   11.0  15:05    343
 03   52.4   67.6  15:52   39.7  06:44   12.6    0.0   0.00    3.9   17.0  10:25     64
 04   49.1   69.3  15:50   32.0  07:23   15.9    0.0   0.00    1.0    8.3  15:15    346
 05   49.3   69.6  15:51   31.1  06:56   15.7    0.0   0.00    0.8    8.1  14:35    339
 06   53.2   75.6  15:26   33.3  07:26   11.8    0.0   0.00    0.8    7.6  15:40    342
 07   54.3   73.6  14:55   39.0  07:10   10.7    0.0   0.00    1.4   11.0  17:00    344
 08   49.5   64.2  15:30   32.7  07:05   15.5    0.0   0.00    2.3   14.5  13:15     38
 09
 10
 11   47.6   58.5  13:14   32.9  08:27   17.4    0.0   0.00    2.6   12.8  15:25    358
 12   40.1   59.7  15:42   23.0  07:17   24.9    0.0   0.00    0.5    6.7  13:45    347
 13   44.4   61.7  15:29   28.0  07:20   20.6    0.0   0.00    1.5   13.2  17:15    353
 14   42.0   58.6  16:12   27.1  07:15   23.0    0.0   0.00    0.8    8.3  14:40    344
 15   45.0   65.1  15:56   28.9  06:11   20.0    0.0   0.00    0.5    6.3  11:50    345
 16   48.4   71.6  16:45   29.5  06:50   16.6    0.0   0.00    0.4    5.8  10:55    340
 17   52.5   74.5  15:50   35.8  07:53   12.5    0.0   0.00    0.5    7.6  13:10    332
 18   54.5   73.2  16:27   34.0  07:20   10.5    0.0   0.00    1.4   14.5  18:25    203
 19   58.0   67.6  12:13   40.3  23:53    7.0    0.0   0.29    7.2   26.6  08:05    182
 20   43.5   58.6  13:08   31.6  00:00   21.5    0.0   0.04    0.8   15.0  15:45    289
 21   45.2   62.2  15:50   31.3  01:10   19.8    0.0   0.00    1.3   11.0  17:40    202
 22   52.6   67.6  13:39   39.0  04:30   12.4    0.0   0.00    0.7    7.6  13:50    346
 23   52.4   67.8  16:11   39.7  06:58   12.6    0.0   0.00    0.5    7.2  15:00    345
 24   53.7   71.6  16:00   39.7  07:51   11.3    0.0   0.00    0.5    7.6  14:30    339
 25   53.2   73.9  15:51   38.1  06:48   11.8    0.0   0.00    0.3    6.3  13:05    342
 26   53.2   71.8  15:31   38.1  08:05   11.8    0.0   0.00    0.3    6.3  12:25    349
 27   53.0   72.0  15:54   38.1  07:04   12.0    0.0   0.00    0.2    5.4  13:30    342
 28   52.8   72.0  16:05   37.6  07:48   12.2    0.0   0.00    0.3    6.3  15:05    344
 29   52.1   71.6  16:25   37.0  07:56   12.9    0.0   0.00    0.3    6.3  13:50    346
 30   50.7   63.9  14:37   36.5  07:39   14.3    0.0   0.00    1.9   16.3  22:20     25
 31   44.6   59.5  15:29   31.5  08:02   20.4    0.0   0.00    0.6   12.3  00:05    348
---------------------------------------------------------------------------------------
      49.7   75.6     06   23.0     12  445.3    0.0   0.33    1.3   26.6     19      0