NOAA-Style Climate Reports


Report for 2017 September
                   MONTHLY CLIMATOLOGICAL SUMMARY for Sep 2017


NAME: Lake Shastina, California                  
ELEV: 2405 feet    LAT: 41-32.10 N    LONG: 122-21.22 W


                   TEMPERATURE (F), RAIN (in), WIND SPEED (mph)

                                         HEAT   COOL         AVG
      MEAN                               DEG    DEG          WIND                   DOM
DAY   TEMP   HIGH   TIME    LOW   TIME   DAYS   DAYS   RAIN  SPEED   HIGH   TIME    DIR
---------------------------------------------------------------------------------------
 01   74.0   98.2  16:26   52.5  06:55    0.0    9.0   0.00    1.0    8.3  15:35    337
 02   76.9  100.6  17:20   55.8  06:51    0.0   11.9   0.00    0.9    8.1  14:10    340
 03   76.4   96.8  16:14   60.1  06:55    0.0   11.4   0.00    0.4    7.2  18:00    342
 04   78.2   98.1  16:32   58.5  07:00    0.0   13.2   0.00    0.8    6.7  16:10    344
 05   79.4  100.4  17:17   62.2  06:48    0.0   14.4   0.00    2.3   28.0  20:10    193
 06   77.8   92.5  15:56   64.4  06:17    0.0   12.8   0.00    1.9   15.4  16:35    196
 07   68.9   80.4  13:24   58.8  06:39    0.0    3.9   0.08    2.9   24.6  14:30    190
 08   67.4   87.8  16:48   51.1  06:43    0.0    2.4   0.00    1.4   10.1  17:30    338
 09   69.7   88.5  16:03   54.7  07:03    0.0    4.7   0.00    1.3   10.1  18:20    344
 10   69.2   89.1  16:35   51.3  06:38    0.0    4.2   0.00    0.8    7.6  13:25    341
 11   73.0   94.6  17:04   54.1  07:00    0.0    8.0   0.00    0.8    6.3  11:10    348
 12   73.6   86.5  16:09   63.7  23:55    0.0    8.6   0.04    1.0   11.9  01:25    328
 13   70.6   89.6  15:45   54.5  06:56    0.0    5.6   0.00    1.3    8.7  18:20    343
 14   62.1   77.9  14:43   49.8  23:56    2.9    0.0   0.00    1.8   13.2  18:25    348
 15   55.7   74.8  16:27   37.6  06:55    9.3    0.0   0.00    1.1   10.5  15:00    341
 16   58.5   77.5  14:56   45.5  06:59    6.5    0.0   0.00    0.9    8.3  15:00    339
 17   60.2   79.2  14:58   43.5  05:35    4.8    0.0   0.00    1.4    8.3  15:45    347
 18   58.3   68.7  15:10   47.1  23:17    6.7    0.0   0.00    2.7   15.4  13:25    339
 19   53.9   67.5  13:34   40.6  07:23   11.1    0.0   0.00    1.4   12.8  15:45    316
 20   55.4   69.1  12:24   42.8  23:51    9.6    0.0   0.00    2.3   17.4  14:35    309
 21   48.3   61.0  14:04   39.2  06:35   16.7    0.0   0.00    1.5   11.0  13:35    344
 22   47.1   65.3  15:49   30.2  07:10   17.9    0.0   0.00    0.9    8.7  15:15    339
 23   49.9   67.5  16:47   32.7  07:27   15.1    0.0   0.00    1.6   10.5  16:35    335
 24   52.7   71.4  15:57   34.7  07:30   12.3    0.0   0.00    1.0   10.5  14:55    335
 25   53.5   75.9  16:17   38.7  06:29   11.5    0.0   0.00    1.1   11.0  16:10    345
 26   59.3   79.2  16:27   42.3  07:10    5.7    0.0   0.00    1.0    8.3  13:30    341
 27   61.1   83.5  16:14   43.0  07:29    3.9    0.0   0.00    1.0    7.6  12:05    345
 28   62.7   84.9  16:03   40.8  07:00    2.3    0.0   0.00    2.0   16.3  19:05    205
 29   61.5   74.1  13:37   51.3  06:50    3.5    0.0   0.00    1.2   10.1  14:20    340
 30   58.2   69.3  15:12   44.1  23:59    6.8    0.0   0.00    2.2   12.8  18:05    343
---------------------------------------------------------------------------------------
      63.9  100.6     02   30.2     22  146.5  110.1   0.13    1.4   28.0     05    330