NOAA-Style Climate Reports


Report for 2017 August
                   MONTHLY CLIMATOLOGICAL SUMMARY for Aug 2017


NAME: Lake Shastina, California                  
ELEV: 2405 feet    LAT: 41-32.10 N    LONG: 122-21.22 W


                   TEMPERATURE (F), RAIN (in), WIND SPEED (mph)

                                         HEAT   COOL         AVG
      MEAN                               DEG    DEG          WIND                   DOM
DAY   TEMP   HIGH   TIME    LOW   TIME   DAYS   DAYS   RAIN  SPEED   HIGH   TIME    DIR
---------------------------------------------------------------------------------------
 01   84.8  107.1  16:40   63.7  06:10    0.0   19.8   0.00    1.0   10.1  20:00    344
 02   86.2  106.3  16:35   64.2  06:04    0.0   21.2   0.00    1.3    8.7  16:30    340
 03   84.9  105.4  15:50   64.4  06:25    0.0   19.9   0.00    1.4   11.0  16:50    344
 04   81.6  100.8  16:19   64.0  06:25    0.0   16.6   0.00    1.3   10.1  15:20    350
 05   76.7   95.7  16:54   60.6  06:06    0.0   11.7   0.00    0.6    7.6  17:00    338
 06   74.4   95.7  13:22   59.2  06:21    0.0    9.4   0.00    1.1   12.8  18:30    357
 07   75.8   92.7  15:15   60.8  06:22    0.0   10.8   0.00    1.6   10.1  14:25    334
 08   76.8   99.5  15:53   58.5  06:35    0.0   11.8   0.00    1.0   17.9  18:40    348
 09   75.1   95.7  15:01   58.5  06:20    0.0   10.1   0.00    0.9    9.6  17:05    350
 10   77.0   99.3  16:24   57.2  06:25    0.0   12.0   0.00    1.5   13.2  17:05    304
 11   76.3   93.9  15:36   56.5  06:16    0.0   11.3   0.00    1.5   10.5  15:50    335
 12   76.1   94.3  14:12   60.8  06:31    0.0   11.1   0.00    1.8   13.2  17:15    343
 13   70.3   88.9  15:46   54.7  05:59    0.0    5.3   0.00    1.7   12.3  17:30    346
 14   71.7   88.2  16:39   58.1  06:36    0.0    6.7   0.00    1.6   11.0  19:00    338
 15   69.8   89.1  17:01   50.5  06:29    0.0    4.8   0.00    1.6   10.5  15:35    346
 16   71.3   91.8  16:24   50.0  06:23    0.0    6.3   0.00    1.7   11.0  19:15    342
 17   80.3   94.6  16:28   56.1  07:02    0.0   15.3   0.00    1.8    8.7  13:55    334
 18   72.2   93.6  16:44   52.7  06:26    0.0    7.2   0.00    1.4   10.5  18:15    345
 19   69.5   90.5  16:29   51.1  06:37    0.0    4.5   0.00    1.2   11.0  18:35    345
 20   71.3   92.7  17:09   51.1  06:40    0.0    6.3   0.00    1.3    8.7  18:10    341
 21   73.6   94.5  16:49   54.3  06:54    0.0    8.6   0.00    1.2    7.6  12:35    340
 22   72.2   93.6  14:30   58.3  06:19    0.0    7.2   0.00    1.0   13.6  23:30    352
 23   75.2   93.0  16:01   60.6  05:39    0.0   10.2   0.00    1.2    8.7  17:25    341
 24   71.3   90.0  16:11   57.7  05:18    0.0    6.3   0.00    1.6   13.2  17:45    348
 25   71.4   93.0  18:57   52.5  07:01    0.0    6.4   0.00    1.4    8.7  19:25    343
 26   74.4   97.9  16:22   53.1  06:47    0.0    9.4   0.00    2.3   17.0  15:40    203
 27   73.5   95.5  16:47   54.0  06:50    0.0    8.5   0.00    0.9    7.6  13:10    339
 28   74.8   99.5  16:24   54.3  06:39    0.0    9.8   0.00    1.3   11.9  16:30    343
 29   75.7   99.1  16:05   55.0  06:48    0.0   10.7   0.00    2.0   18.3  15:05    204
 30   70.4   88.7  14:38   55.2  06:52    0.0    5.4   0.00    1.4   12.8  16:15    345
 31   67.8   89.6  16:40   47.7  06:39    0.0    2.8   0.00    0.6    7.6  11:25    349
---------------------------------------------------------------------------------------
      74.9  107.1     01   47.7     31    0.0  307.4   0.00    1.4   18.3     29    340