NOAA-Style Climate Reports


Report for 2017 July
                   MONTHLY CLIMATOLOGICAL SUMMARY for Jul 2017


NAME: Lake Shastina, California                  
ELEV: 2405 feet    LAT: 41-32.10 N    LONG: 122-21.22 W


                   TEMPERATURE (F), RAIN (in), WIND SPEED (mph)

                                         HEAT   COOL         AVG
      MEAN                               DEG    DEG          WIND                   DOM
DAY   TEMP   HIGH   TIME    LOW   TIME   DAYS   DAYS   RAIN  SPEED   HIGH   TIME    DIR
---------------------------------------------------------------------------------------
 01   74.8   90.7  15:25   56.8  05:58    0.0    9.8   0.00    1.9   13.2  18:00    344
 02   74.8   96.3  17:41   51.1  05:45    0.0    9.8   0.00    1.7   12.3  19:15    349
 03   78.8   99.7  15:21   56.3  05:52    0.0   13.8   0.00    1.7   13.6  17:10    201
 04   79.3   91.8  19:35   59.9  05:53    0.0   14.3   0.00    5.2   25.1  12:40    185
 05   80.5   93.2  19:21   60.1  06:10    0.0   15.5   0.00    5.3   21.9  10:40    183
 06   80.2  100.2  19:08   54.5  06:05    0.0   15.2   0.00    2.7   16.8  12:35    187
 07   79.8  101.3  15:59   56.3  06:02    0.0   14.8   0.00    1.6   12.3  16:10    333
 08   78.9   99.5  16:09   54.1  06:10    0.0   13.9   0.00    1.7    9.2  15:40    345
 09   78.5   97.3  15:57   57.9  05:54    0.0   13.5   0.00    1.8   13.6  18:55    347
 10   76.4   94.6  15:17   55.9  05:58    0.0   11.4   0.00    1.5   11.0  18:25    345
 11   76.6   97.3  19:18   57.0  05:55    0.0   11.6   0.00    1.6   10.1  16:35    339
 12   78.7   99.0  15:24   56.1  06:11    0.0   13.7   0.00    1.8   15.0  18:25    227
 13   79.3   99.9  19:18   56.7  06:08    0.0   14.3   0.00    2.3   14.5  14:05    194
 14   79.7  100.4  19:16   55.8  06:07    0.0   14.7   0.00    2.1   15.4  16:40    199
 15   77.9   95.9  15:02   58.5  05:55    0.0   12.9   0.00    2.1   12.8  19:45    349
 16   74.9   93.9  16:33   56.1  05:52    0.0    9.9   0.00    1.5   11.0  18:50    346
 17   73.5   93.2  15:49   52.5  06:20    0.0    8.5   0.00    1.5   11.0  18:25    346
 18   74.2   90.7  14:23   51.8  06:13    0.0    9.2   0.00    3.3   19.7  16:55    193
 19   72.6   92.5  15:47   52.5  06:19    0.0    7.6   0.00    1.9   13.2  17:15    341
 20   71.9   90.1  16:39   51.4  05:44    0.0    6.9   0.00    1.8   12.3  19:20    347
 21   73.8   92.3  15:42   53.4  06:18    0.0    8.8   0.00    2.0   15.0  17:45    346
 22   77.2  100.0  17:26   52.2  06:16    0.0   12.2   0.00    1.3   11.0  18:55    341
 23   79.8  100.8  16:58   59.5  06:10    0.0   14.8   0.00    1.9   15.4  20:35    228
 24   79.3   99.5  14:33   59.2  05:37    0.0   14.3   0.00    2.4   17.0  18:55    184
 25   78.1   95.2  15:36   61.2  05:48    0.0   13.1   0.00    1.2   13.2  16:10     53
 26   77.9   98.8  16:16   56.8  05:49    0.0   12.9   0.00    1.3   12.8  14:00    310
 27   78.7   96.4  15:36   59.0  06:19    0.0   13.7   0.00    1.9   11.0  14:55    343
 28   78.6  100.9  15:54   58.8  06:17    0.0   13.6   0.00    1.6   14.1  18:45    336
 29   78.9   99.0  16:58   57.4  06:21    0.0   13.9   0.00    1.8   12.8  18:25    346
 30   79.4   99.7  16:57   57.0  06:16    0.0   14.4   0.00    1.4   10.1  18:10    344
 31   81.7  102.2  18:59   60.3  06:26    0.0   16.7   0.00    1.2    8.1  19:15    345
---------------------------------------------------------------------------------------
      77.6  102.2     31   51.1     02    0.0  389.4   0.00    2.0   25.1     04    311