NOAA-Style Climate Reports


Report for 2017 June
                   MONTHLY CLIMATOLOGICAL SUMMARY for Jun 2017


NAME: Lake Shastina, California                  
ELEV: 2405 feet    LAT: 41-32.10 N    LONG: 122-21.22 W


                   TEMPERATURE (F), RAIN (in), WIND SPEED (mph)

                                         HEAT   COOL         AVG
      MEAN                               DEG    DEG          WIND                   DOM
DAY   TEMP   HIGH   TIME    LOW   TIME   DAYS   DAYS   RAIN  SPEED   HIGH   TIME    DIR
---------------------------------------------------------------------------------------
 01   66.8   82.9  19:30   53.4  05:59    0.0    1.8   0.00    1.6   14.1  14:35    338
 02   68.2   92.5  19:37   46.9  05:36    0.0    3.2   0.00    1.6    8.3  17:30    345
 03   70.9   92.7  15:25   52.9  05:43    0.0    5.9   0.00    1.7   12.8  16:00    286
 04   64.1   80.4  14:46   50.4  23:57    0.9    0.0   0.00    2.4   15.0  17:55    346
 05   64.0   89.1  19:03   41.0  05:20    1.0    0.0   0.00    1.2    8.3  12:40    341
 06   72.4   90.7  13:31   49.1  05:52    0.0    7.4   0.00    2.4   15.4  16:25    208
 07   67.2   81.9  14:29   55.0  05:00    0.0    2.2   0.00    3.8   27.5  13:35    183
 08   60.1   70.0  13:42   49.1  05:56    4.9    0.0   0.00    8.5   25.7  11:10    182
 09   55.7   73.9  12:22   39.9  23:56    9.3    0.0   0.08    2.2   17.4  18:10    309
 10   47.7   66.0  13:17   34.2  04:19   17.3    0.0   0.29    0.9   12.8  14:20    297
 11   44.8   51.8  16:00   40.1  05:19   20.2    0.0   0.37    0.0    4.9  15:05     58
 12   52.6   66.4  14:54   45.9  03:09   12.4    0.0   0.00    1.8   13.2  16:30    360
 13   59.9   76.3  16:37   45.9  00:50    5.1    0.0   0.00    1.6   11.0  19:20    353
 14   62.8   83.5  16:47   41.5  05:03    2.2    0.0   0.00    1.2    8.7  19:00    343
 15   67.0   81.3  16:47   51.4  02:22    0.0    2.0   0.00    1.6   12.8  18:45    326
 16   69.8   84.0  14:21   51.6  05:20    0.0    4.8   0.00    2.2   12.3  18:05    347
 17   70.4   88.0  19:17   51.4  05:33    0.0    5.4   0.00    2.0   11.0  14:10    348
 18   77.2   98.6  17:36   54.5  05:23    0.0   12.2   0.00    1.1    8.7  18:50    336
 19   81.0  103.3  17:48   60.4  05:34    0.0   16.0   0.20    1.4   15.0  19:00    341
 20   77.9   95.4  15:21   60.4  05:50    0.0   12.9   0.00    1.7   15.0  17:00    344
 21   74.4   92.7  15:51   57.6  05:34    0.0    9.4   0.00    2.1   12.8  16:45    342
 22   77.0   99.9  19:29   53.8  05:14    0.0   12.0   0.00    1.9   10.1  20:45    357
 23   80.4  103.8  19:32   57.9  06:06    0.0   15.4   0.00    1.8   11.4  01:40      6
 24   82.2  107.6  19:49   58.6  05:58    0.0   17.2   0.00    0.9    7.2  16:50    341
 25   79.1  103.3  13:48   60.8  05:25    0.0   14.1   0.00    1.3   15.4  14:45    222
 26   76.3   93.4  15:00   55.9  06:02    0.0   11.3   0.00    4.1   18.3  17:25    186
 27   74.1   91.8  19:04   53.8  06:01    0.0    9.1   0.00    1.7   14.5  14:00    347
 28   72.9   89.8  16:05   54.7  05:29    0.0    7.9   0.00    1.8   12.3  19:05    346
 29   72.6   98.2  19:27   47.5  05:51    0.0    7.6   0.00    1.1    8.3  20:05    346
 30   75.5   97.5  17:19   51.8  05:31    0.0   10.5   0.00    1.8   14.1  18:35    346
---------------------------------------------------------------------------------------
      68.8  107.6     24   34.2     10   73.3  188.5   0.95    2.0   27.5     07    323