NOAA-Style Climate Reports


Report for 2017 May
                   MONTHLY CLIMATOLOGICAL SUMMARY for May 2017


NAME: Lake Shastina, California                  
ELEV: 2405 feet    LAT: 41-32.10 N    LONG: 122-21.22 W


                   TEMPERATURE (F), RAIN (in), WIND SPEED (mph)

                                         HEAT   COOL         AVG
      MEAN                               DEG    DEG          WIND                   DOM
DAY   TEMP   HIGH   TIME    LOW   TIME   DAYS   DAYS   RAIN  SPEED   HIGH   TIME    DIR
---------------------------------------------------------------------------------------
 01   57.9   78.4  15:28   36.1  06:08    7.1    0.0   0.00    1.5    8.7  13:30    351
 02   63.7   76.5  16:05   51.4  04:08    1.3    0.0   0.00    2.2   13.2  14:55    343
 03   66.5   89.2  18:52   46.6  06:11    0.0    1.5   0.00    1.3    8.3  13:15    334
 04   70.6   88.2  13:49   49.5  06:10    0.0    5.6   0.00    3.7   21.0  14:30    178
 05   56.7   72.1  12:53   39.2  22:10    8.3    0.0   0.20    3.5   17.4  15:00    348
 06   43.0   53.1  15:53   34.5  23:40   22.0    0.0   0.00    2.7   15.0  17:10    351
 07   49.1   67.5  18:52   28.4  05:47   15.9    0.0   0.00    2.2   12.3  10:20    336
 08   57.6   76.3  16:38   36.3  05:51    7.4    0.0   0.00    1.5   10.1  11:20    340
 09   61.6   82.4  19:16   41.4  06:23    3.4    0.0   0.00    1.1    8.7  17:10    346
 10   63.8   84.7  14:55   39.7  06:13    1.2    0.0   0.00    4.2   22.4  17:35    178
 11   55.6   65.8  13:48   42.6  23:59    9.4    0.0   0.00    6.6   25.1  06:05    176
 12   47.6   62.8  16:01   33.3  04:28   17.4    0.0   0.00    2.1   15.4  18:10    313
 13   45.9   66.2  13:14   32.7  02:32   19.1    0.0   0.08    1.3   12.3  16:20    353
 14   49.1   65.5  17:23   32.7  05:43   15.9    0.0   0.00    1.7   13.2  19:55    339
 15   54.2   69.6  18:54   35.2  06:09   10.8    0.0   0.00    1.7   11.0  19:45    349
 16   49.3   59.5  16:21   35.8  23:59   15.7    0.0   0.08    1.6   13.2  18:25    326
 17   48.1   70.5  19:16   29.1  04:19   16.9    0.0   0.00    1.6    9.6  12:30    339
 18   55.7   77.5  19:04   32.9  05:12    9.3    0.0   0.00    1.8    9.6  17:30    344
 19   62.4   84.2  18:52   38.5  06:09    2.6    0.0   0.00    1.8   10.1  19:30    348
 20   64.8   82.2  16:22   41.9  05:58    0.2    0.0   0.00    1.8   15.9  19:05    347
 21   66.6   87.4  16:44   42.3  06:03    0.0    1.6   0.00    1.7    8.7  14:35    348
 22   72.5   94.1  19:15   49.1  05:58    0.0    7.5   0.00    1.6    8.7  14:55    345
 23   75.4   95.2  16:31   51.3  05:58    0.0   10.4   0.00    1.7   11.4  19:15    344
 24   68.1   82.4  13:51   51.6  23:59    0.0    3.1   0.00    2.4   15.4  19:35    346
 25   60.8   80.4  16:55   37.6  05:55    4.2    0.0   0.00    2.0   15.4  18:10    350
 26   64.4   86.0  19:13   43.0  05:22    0.6    0.0   0.00    1.3    9.2  15:05    325
 27   68.6   91.0  19:35   45.1  05:05    0.0    3.6   0.00    1.1   11.0  12:50    331
 28   72.2   95.5  19:14   48.0  06:02    0.0    7.2   0.00    1.7   13.2  16:10    215
 29   74.3   95.0  19:11   52.3  05:58    0.0    9.3   0.00    2.4   17.4  19:15    199
 30   66.3   77.7  12:23   52.3  05:54    0.0    1.3   0.00    2.1   13.2  14:15    347
 31   63.5   80.6  14:54   52.7  05:55    1.5    0.0   0.13    1.6   15.4  20:20    196
---------------------------------------------------------------------------------------
      60.5   95.5     28   28.4     07  190.3   51.1   0.50    2.1   25.1     11    334