NOAA-Style Climate Reports


Report for 2017 April
                   MONTHLY CLIMATOLOGICAL SUMMARY for Apr 2017


NAME: Lake Shastina, California                  
ELEV: 2405 feet    LAT: 41-32.10 N    LONG: 122-21.22 W


                   TEMPERATURE (F), RAIN (in), WIND SPEED (mph)

                                         HEAT   COOL         AVG
      MEAN                               DEG    DEG          WIND                   DOM
DAY   TEMP   HIGH   TIME    LOW   TIME   DAYS   DAYS   RAIN  SPEED   HIGH   TIME    DIR
---------------------------------------------------------------------------------------
 01   51.5   70.5  15:18   32.2  05:43   13.5    0.0   0.00    1.6   11.0  18:05    346
 02   51.1   64.8  16:30   36.5  07:21   13.9    0.0   0.00    1.8   11.4  18:15    343
 03   43.9   63.3  16:46   25.0  06:40   21.1    0.0   0.00    0.8    8.3  12:10    339
 04   53.1   64.0  13:23   40.6  00:00   11.9    0.0   0.00    1.7   15.4  22:45    209
 05   58.1   69.4  12:07   47.1  23:35    6.9    0.0   0.00    6.1   28.0  12:35    184
 06   47.1   58.5  12:55   40.5  20:54   17.9    0.0   0.41    9.4   38.0  20:50    183
 07   44.1   57.0  14:03   34.9  23:53   20.9    0.0   0.21    6.0   27.1  04:55    178
 08   41.4   56.7  15:59   30.7  23:58   23.6    0.0   0.04    1.0   10.5  18:35    315
 09   41.2   57.2  16:02   25.2  06:44   23.8    0.0   0.00    5.0   22.8  15:35    176
 10   47.7   61.3  14:55   29.5  06:35   17.3    0.0   0.00    3.2   19.7  00:15    182
 11   49.0   59.9  14:33   41.5  04:22   16.0    0.0   0.00    5.9   32.9  23:15    181
 12   45.9   57.6  12:12   33.1  23:55   19.1    0.0   0.95    6.9   26.6  00:05    179
 13   38.9   56.1  14:01   30.0  23:56   26.1    0.0   0.29    0.9   12.8  14:30    355
 14   39.3   54.9  14:37   25.3  04:51   25.7    0.0   0.00    1.4   11.0  15:20    344
 15   44.3   66.6  19:00   25.9  06:22   20.7    0.0   0.00    1.5   10.1  18:40    328
 16   48.8   61.5  09:26   38.7  00:53   16.2    0.0   0.00    5.9   27.1  12:15    180
 17   50.6   63.1  14:58   42.3  02:18   14.4    0.0   0.00    6.6   23.3  14:20    182
 18   52.9   68.0  15:08   40.1  07:06   12.1    0.0   0.08    3.0   17.4  20:50    195
 19   50.5   60.8  13:17   42.1  00:00   14.5    0.0   0.04    5.6   28.4  13:20    180
 20   46.5   62.2  18:58   35.1  05:52   18.5    0.0   0.00    1.3   10.5  11:25    343
 21   50.1   69.8  16:42   30.2  05:40   14.9    0.0   0.00    1.2    8.7  13:45    339
 22   58.5   71.1  14:19   45.5  23:57    6.5    0.0   0.00    4.3   20.1  03:45    183
 23   50.5   64.2  14:36   34.9  05:22   14.5    0.0   0.00    2.0   12.8  17:55    340
 24   50.5   64.4  15:45   39.4  06:34   14.5    0.0   0.00    2.1   16.8  14:25    277
 25   48.3   60.8  18:54   34.9  05:35   16.7    0.0   0.00    1.4   10.5  14:55    342
 26   50.8   61.5  13:42   39.4  23:58   14.2    0.0   0.08    1.5   12.3  17:05    349
 27   45.2   59.4  13:48   29.5  06:07   19.8    0.0   0.00    2.0   12.8  18:05      3
 28   45.7   64.2  18:54   30.2  04:35   19.3    0.0   0.00    2.4   12.8  12:05    335
 29   52.5   72.5  17:56   29.8  06:07   12.5    0.0   0.00    1.3    8.7  13:00    347
 30   55.5   70.7  15:37   39.2  05:05    9.5    0.0   0.00    2.1   12.8  18:35    351
---------------------------------------------------------------------------------------
      48.4   72.5     29   25.0     03  496.6    0.0   2.11    3.2   38.0     06    192