NOAA-Style Climate Reports


Report for 2017 March
                   MONTHLY CLIMATOLOGICAL SUMMARY for Mar 2017


NAME: Lake Shastina, California                  
ELEV: 2405 feet    LAT: 41-32.10 N    LONG: 122-21.22 W


                   TEMPERATURE (F), RAIN (in), WIND SPEED (mph)

                                         HEAT   COOL         AVG
      MEAN                               DEG    DEG          WIND                   DOM
DAY   TEMP   HIGH   TIME    LOW   TIME   DAYS   DAYS   RAIN  SPEED   HIGH   TIME    DIR
---------------------------------------------------------------------------------------
 01   34.6   53.4  15:33   19.9  06:17   30.4    0.0   0.00    0.6    6.7  16:25    340
 02   38.1   55.8  13:42   21.2  06:46   26.9    0.0   0.00    0.5    6.3  13:15    345
 03   40.0   51.6  13:31   28.6  03:40   25.0    0.0   0.00    0.6    8.7  23:40    342
 04   44.3   55.0  12:41   31.8  22:10   20.7    0.0   0.00    6.3   26.6  13:30    181
 05   33.2   44.6  13:56   22.5  06:20   31.8    0.0   0.00    2.3   19.2  16:15    278
 06   38.3   47.5  14:30   29.1  00:48   26.7    0.0   0.00    3.1   19.7  23:50    188
 07   46.2   55.8  12:27   39.9  00:29   18.8    0.0   0.00    6.3   26.2  10:20    181
 08   50.2   63.3  11:51   37.0  07:14   14.8    0.0   0.00    1.0    8.7  12:05    273
 09   48.0   55.9  14:46   40.1  05:00   17.0    0.0   0.00    0.4    8.7  21:25    346
 10   51.0   66.4  14:01   37.2  00:00   14.0    0.0   0.00    0.9    8.3  14:40    339
 11   47.9   67.8  15:24   35.2  02:51   17.1    0.0   0.00    0.6    8.1  11:40    313
 12   46.8   66.7  15:59   30.4  07:01   18.2    0.0   0.00    0.9    8.1  14:50    341
 13   48.9   71.1  17:05   29.1  07:35   16.1    0.0   0.00    0.9    8.1  15:20    342
 14   55.6   75.6  14:03   37.0  07:31    9.4    0.0   0.00    3.3   22.8  14:45    181
 15   58.4   68.7  10:52   52.5  22:50    6.6    0.0   0.00    7.5   26.2  14:05    181
 16   51.9   66.4  15:06   36.1  07:55   13.1    0.0   0.00    1.8   12.8  19:00    218
 17   52.4   72.7  14:20   32.5  06:11   12.6    0.0   0.00    4.1   20.6  13:25    182
 18   56.1   65.7  15:39   48.9  23:33    8.9    0.0   0.00    6.6   25.7  13:35    179
 19   54.5   69.8  13:57   42.8  03:19   10.5    0.0   0.00    3.5   21.9  21:25    182
 20   55.1   63.0  13:40   47.7  23:34    9.9    0.0   0.00    6.6   26.6  10:15    185
 21   49.7   63.5  13:39   41.9  08:30   15.3    0.0   0.50    6.0   26.2  01:55    177
 22   44.5   56.3  15:53   39.4  23:49   20.5    0.0   0.25    0.9   19.2  00:05    346
 23   44.6   60.4  14:19   30.9  07:04   20.4    0.0   0.00    4.4   25.5  23:05    182
 24   44.2   55.0  16:25   34.3  23:36   20.8    0.0   0.00    7.8   32.9  04:55    182
 25   43.7   61.0  14:33   26.8  06:24   21.3    0.0   0.00    2.5   17.4  23:55    185
 26   46.3   57.4  13:08   33.1  00:00   18.7    0.0   0.00    6.9   33.3  15:20    181
 27   41.9   56.5  13:58   28.6  03:00   23.1    0.0   0.00    1.3   10.5  16:40    350
 28   45.6   61.7  16:03   31.6  04:50   19.4    0.0   0.00    1.3   12.3  12:35    336
 29   48.4   60.1  15:21   41.0  00:28   16.6    0.0   0.04    0.5   14.1  16:00      2
 30   42.3   49.6  15:41   33.6  22:58   22.7    0.0   0.13    4.7   18.8  15:35    355
 31   42.9   61.3  16:55   24.8  06:51   22.1    0.0   0.00    2.3   11.4  14:45    344
---------------------------------------------------------------------------------------
      46.6   75.6     14   19.9     01  569.3    0.0   0.91    3.1   33.3     26    188