NOAA-Style Climate Reports


Report for 2017 February
                   MONTHLY CLIMATOLOGICAL SUMMARY for Feb 2017


NAME: Lake Shastina, California                  
ELEV: 2405 feet    LAT: 41-32.10 N    LONG: 122-21.22 W


                   TEMPERATURE (F), RAIN (in), WIND SPEED (mph)

                                         HEAT   COOL         AVG
      MEAN                               DEG    DEG          WIND                   DOM
DAY   TEMP   HIGH   TIME    LOW   TIME   DAYS   DAYS   RAIN  SPEED   HIGH   TIME    DIR
---------------------------------------------------------------------------------------
 01   39.1   52.0  15:30   25.3  07:20   25.9    0.0   0.00    2.5   22.8  19:50    187
 02   49.6   56.3  12:25   44.2  07:16   15.4    0.0   0.00    9.2   32.4  11:05    181
 03   49.9   58.5  13:17   43.3  07:06   15.1    0.0   0.17    6.3   28.0  01:05    180
 04   48.9   54.9  13:07   46.2  03:59   16.1    0.0   0.00    8.5   27.1  06:10    178
 05   46.1   52.9  11:43   41.0  19:47   18.9    0.0   0.17   10.5   36.7  12:10    181
 06   46.3   54.1  14:51   38.1  23:58   18.7    0.0   0.00    4.2   19.2  00:55    190
 07   50.1   62.8  11:58   37.8  00:26   14.9    0.0   0.37    5.0   21.5  05:15    195
 08   55.2   61.7  14:01   48.7  04:52    9.8    0.0   0.00    8.3   28.0  20:45    178
 09   51.5   56.3  14:50   44.8  20:56   13.5    0.0   0.20    7.0   36.2  06:10    179
 10   40.1   52.2  10:04   33.1  21:45   24.9    0.0   0.08    1.9   12.3  00:20    269
 11   34.0   46.6  15:40   24.6  07:39   31.0    0.0   0.00    0.4    8.1  12:00    341
 12   34.7   49.8  15:08   22.1  07:01   30.3    0.0   0.00    0.4    7.2  15:00    339
 13   38.3   51.3  16:10   28.9  23:49   26.7    0.0   0.00    0.3    6.3  12:25    347
 14   41.4   59.0  23:59   23.5  07:05   23.6    0.0   0.00    1.5   21.9  00:00    207
 15   54.7   62.6  12:16   46.2  23:48   10.3    0.0   0.00    9.8   38.0  22:15    183
 16   46.9   55.4  11:41   40.3  03:31   18.1    0.0   0.33    7.8   32.0  00:20    180
 17   40.6   45.5  00:00   35.6  07:16   24.4    0.0   0.04    0.4   12.3  01:50    178
 18   43.0   52.0  14:07   37.4  06:39   22.0    0.0   0.21    1.5   17.4  22:40    201
 19   45.3   52.5  11:40   38.5  00:29   19.7    0.0   0.04    9.9   30.2  22:50    179
 20   47.6   58.6  11:10   43.0  04:27   17.4    0.0   0.08    6.1   29.3  02:55    184
 21   42.1   54.3  12:01   32.5  21:41   22.9    0.0   0.13    2.9   24.6  02:35    197
 22   33.6   49.5  12:20   25.7  07:10   31.4    0.0   0.04    0.8   17.4  14:05    348
 23   30.9   41.5  14:28   21.4  23:56   34.1    0.0   0.00    0.3   10.1  16:05    358
 24   29.0   42.3  13:47   14.2  06:49   36.0    0.0   0.00    1.2   11.4  17:45    283
 25   32.8   44.2  14:39   23.0  22:57   32.2    0.0   0.00    1.0    8.7  12:15    348
 26   29.2   47.7  13:56   16.5  06:01   35.8    0.0   0.04    1.2   17.0  14:05    203
 27   32.3   46.9  14:53   19.8  03:20   32.7    0.0   0.00    0.8   10.1  16:45    326
 28   36.1   49.6  12:13   25.7  23:46   28.9    0.0   0.00    1.0   11.0  13:15    355
---------------------------------------------------------------------------------------
      41.8   62.8     07   14.2     24  650.6    0.0   1.91    3.9   38.0     15    183