NOAA-Style Climate Reports


Report for 2017 January
                   MONTHLY CLIMATOLOGICAL SUMMARY for Jan 2017


NAME: Lake Shastina, California                  
ELEV: 2405 feet    LAT: 41-32.10 N    LONG: 122-21.22 W


                   TEMPERATURE (F), RAIN (in), WIND SPEED (mph)

                                         HEAT   COOL         AVG
      MEAN                               DEG    DEG          WIND                   DOM
DAY   TEMP   HIGH   TIME    LOW   TIME   DAYS   DAYS   RAIN  SPEED   HIGH   TIME    DIR
---------------------------------------------------------------------------------------
 01   26.2   37.6  11:21   16.2  04:21   38.8    0.0   0.00    0.8   12.3  12:15    315
 02   29.3   40.1  11:47   21.2  03:31   35.7    0.0   0.00    2.7   17.9  10:05    181
 03   28.2   36.7  22:37   22.8  00:01   36.8    0.0   0.00    N/A    N/A    N/A     90
 04   28.1   38.5  11:35   13.3  23:16   36.9    0.0   0.00    N/A    N/A    N/A     90
 05   13.4   20.8  13:31    1.0  23:53   51.6    0.0   0.00    N/A    N/A    N/A     90
 06    8.7   17.1  14:57   -2.7  07:19   56.3    0.0   0.00    N/A    N/A    N/A     90
 07   35.8   48.2  21:56   15.6  00:06   29.2    0.0   0.17    N/A    N/A    N/A     90
 08   47.7   50.2  02:38   40.8  23:57   17.3    0.0   0.62    N/A    N/A    N/A     90
 09   39.6   43.0  00:26   32.4  08:14   25.4    0.0   0.00    N/A    N/A    N/A     90
 10   42.8   46.8  15:44   37.6  21:00   22.2    0.0   0.13    0.5    9.6  19:30    196
 11   36.6   49.1  14:02   29.1  19:05   28.4    0.0   0.00    0.9   12.8  14:50    198
 12   30.6   38.7  13:04   23.4  23:59   34.4    0.0   0.00    0.4    7.6  20:50    347
 13   26.6   38.1  14:46   16.5  07:40   38.4    0.0   0.00    0.5    6.3  10:15    343
 14   26.9   39.4  14:15   17.2  07:59   38.1    0.0   0.00    0.5    6.3  11:45    345
 15   27.1   41.2  15:36   18.1  05:18   37.9    0.0   0.00    0.4    6.3  11:25    345
 16   28.9   42.6  15:16   19.9  03:31   36.1    0.0   0.00    0.4    6.3  14:00    357
 17   36.3   51.1  17:30   22.3  05:06   28.7    0.0   0.00    0.0    0.0  00:00     90
 18   40.5   47.1  00:22   37.2  17:44   24.5    0.0   0.04    N/A    N/A    N/A     90
 19   39.6   50.4  12:22   32.0  05:24   25.4    0.0   0.00    N/A    N/A    N/A     90
 20   40.5   46.2  13:32   35.4  07:18   24.5    0.0   0.00    N/A    N/A    N/A     90
 21   42.0   50.9  12:49   37.2  23:57   23.0    0.0   0.00   11.5   36.2  23:45    178
 22   36.8   46.0  13:15   29.7  23:37   28.2    0.0   0.12    4.4   33.3  00:35    180
 23   31.6   44.2  13:35   22.5  05:46   33.4    0.0   0.04    1.3   13.2  12:55    184
 24   28.9   41.2  15:15   18.1  07:01   36.1    0.0   0.00    0.4    6.3  14:05    344
 25   30.9   36.1  12:25   25.3  05:56   34.1    0.0   0.00    0.1    5.4  12:45    336
 26   31.6   37.0  13:57   27.9  01:30   33.4    0.0   0.00    0.4    6.3  14:50    349
 27   29.1   36.0  13:48   21.9  23:17   35.9    0.0   0.00    0.2    5.8  14:25    358
 28   28.0   40.6  14:15   19.0  04:38   37.0    0.0   0.00    0.3    5.8  12:40    348
 29   30.1   44.1  14:59   20.5  07:45   34.9    0.0   0.00    0.3    5.8  12:55    346
 30   31.6   47.8  15:22   19.0  07:10   33.4    0.0   0.00    0.4    6.3  13:40    344
 31   36.4   48.4  13:56   30.4  05:53   28.6    0.0   0.00    0.3    7.6  08:50    342
---------------------------------------------------------------------------------------
      31.9   51.1     17   -2.7     06 1024.7    0.0   1.12    0.9   36.2     21    194