NOAA-Style Climate Reports


Report for 2016 December
                   MONTHLY CLIMATOLOGICAL SUMMARY for Dec 2016


NAME: Lake Shastina, California                  
ELEV: 2405 feet    LAT: 41-32.10 N    LONG: 122-21.22 W


                   TEMPERATURE (F), RAIN (in), WIND SPEED (mph)

                                         HEAT   COOL         AVG
      MEAN                               DEG    DEG          WIND                   DOM
DAY   TEMP   HIGH   TIME    LOW   TIME   DAYS   DAYS   RAIN  SPEED   HIGH   TIME    DIR
---------------------------------------------------------------------------------------
 01   29.9   42.4  14:44   21.6  04:18   35.1    0.0   0.00    0.6    8.7  14:45    340
 02   32.1   42.4  15:21   20.8  04:43   32.9    0.0   0.00    0.2    6.3  13:20    345
 03   34.5   48.0  13:59   24.8  07:25   30.5    0.0   0.00    0.3    6.3  12:15    346
 04   37.8   48.4  13:54   25.9  02:31   27.2    0.0   0.00    0.3   10.5  18:00    344
 05   33.6   40.3  14:35   27.0  07:55   31.4    0.0   0.00    0.2    5.4  15:20    353
 06   31.6   42.3  13:09   19.9  22:39   33.4    0.0   0.00    1.0   11.0  13:45    327
 07   23.8   29.8  12:06   15.6  05:31   41.2    0.0   0.00    0.3    5.4  12:30    347
 08   43.2   56.1  12:42   25.5  00:01   21.8    0.0   0.08    6.1   28.9  10:20    178
 09   50.9   57.6  12:00   46.4  19:40   14.1    0.0   0.04    5.9   24.6  12:05    182
 10   41.0   48.9  13:41   26.1  23:36   24.0    0.0   0.12    0.6   10.5  01:55    333
 11   29.2   40.1  14:54   19.9  07:07   35.8    0.0   0.00    0.2    6.3  12:10    345
 12   30.3   43.7  13:36   21.0  05:16   34.7    0.0   0.00    0.3    5.8  13:20    343
 13   29.9   35.4  14:00   20.1  07:16   35.1    0.0   0.04    0.1    5.4  14:45    349
 14   45.1   52.9  11:22   32.0  02:11   19.9    0.0   0.17    8.2   32.0  10:40    179
 15   44.0   49.8  00:00   34.9  22:20   21.0    0.0   0.66    1.2   15.0  00:15    254
 16   30.2   37.6  13:16   18.7  23:48   34.8    0.0   0.00    0.6    8.3  13:25      3
 17   20.3   32.9  15:18   11.5  07:24   44.7    0.0   0.00    0.3    5.8  15:20    339
 18   21.2   33.8  13:30   12.2  04:15   43.8    0.0   0.00    0.6    8.3  14:00    339
 19   26.4   36.9  12:52   14.9  02:27   38.6    0.0   0.00    0.4    5.8  11:10    342
 20   31.6   36.7  14:49   26.4  02:05   33.4    0.0   0.00    0.4   10.5  15:05    337
 21   27.0   41.2  14:27   18.5  08:00   38.0    0.0   0.00    0.1    4.9  13:05      5
 22   27.2   46.4  23:20   15.1  06:24   37.8    0.0   0.00    0.7   24.6  23:50    192
 23   37.9   45.1  11:55   30.7  23:47   27.1    0.0   0.04    6.3   34.2  10:15    182
 24   30.6   39.0  11:37   20.8  23:55   34.4    0.0   0.00    0.0    8.3  17:00     22
 25   20.4   31.3  14:14   13.3  23:10   44.6    0.0   0.00    0.0    0.0  00:00     90
 26   20.8   28.6  13:50   10.8  03:55   44.2    0.0   0.00    0.0    0.0  00:00     90
 27   27.0   39.0  14:14   17.2  06:36   38.0    0.0   0.00    0.2    6.3  13:10    349
 28   27.5   40.3  14:00   17.4  07:12   37.5    0.0   0.00    0.3    5.8  12:50    349
 29   27.5   41.4  14:30   18.3  07:15   37.5    0.0   0.00    0.2    5.8  13:25    348
 30   28.0   38.3  14:10   17.6  07:34   37.0    0.0   0.00    1.2   17.4  23:30     40
 31   28.5   38.8  14:41   20.3  23:59   36.5    0.0   0.00    1.2   19.2  01:00     35
---------------------------------------------------------------------------------------
      31.3   57.6     09   10.8     26 1045.9    0.0   1.16    1.2   34.2     23    183