NOAA-Style Climate Reports


Report for 2016 November
                   MONTHLY CLIMATOLOGICAL SUMMARY for Nov 2016


NAME: Lake Shastina, California                  
ELEV: 2405 feet    LAT: 41-32.10 N    LONG: 122-21.22 W


                   TEMPERATURE (F), RAIN (in), WIND SPEED (mph)

                                         HEAT   COOL         AVG
      MEAN                               DEG    DEG          WIND                   DOM
DAY   TEMP   HIGH   TIME    LOW   TIME   DAYS   DAYS   RAIN  SPEED   HIGH   TIME    DIR
---------------------------------------------------------------------------------------
 01   43.7   58.5  14:48   32.2  05:53   21.3    0.0   0.00    1.0   11.0  16:30    210
 02
 03   44.9   60.4  15:27   33.1  08:11   20.1    0.0   0.00    0.3    5.8  13:50    343
 04
 05   51.4   67.5  13:35   36.9  08:12   13.6    0.0   0.00    4.3   26.6  16:09    181
 06   53.2   60.1  13:58   47.3  06:18   11.8    0.0   0.00    4.1   19.7  15:15    189
 07   52.4   63.0  14:55   45.7  06:24   12.6    0.0   0.00    0.7    8.7  00:07      6
 08   56.8   72.1  11:57   40.5  06:53    8.2    0.0   0.00    3.2   17.9  13:08    179
 09   52.9   66.7  14:51   40.1  06:57   12.1    0.0   0.00    0.5    5.8  12:06    346
 10   54.4   73.6  14:05   38.1  06:30   10.6    0.0   0.00    1.8   18.8  13:43    187
 11   59.5   67.6  11:24   46.2  02:37    5.5    0.0   0.00    5.0   27.1  21:07    186
 12   51.2   62.1  12:41   38.5  23:49   13.8    0.0   0.00    1.4   16.8  00:14    202
 13   48.6   62.1  15:09   36.7  06:04   16.4    0.0   0.00    0.8    8.3  18:24    350
 14   51.4   69.3  12:38   38.1  06:54   13.6    0.0   0.08    2.0   17.4  12:51    200
 15   50.5   58.1  02:35   36.7  23:14   14.5    0.0   0.12    4.5   27.1  01:19    183
 16   36.5   47.3  13:41   27.7  06:37   28.5    0.0   0.00    0.2    7.6  14:25    347
 17   35.5   47.1  14:04   26.8  03:13   29.5    0.0   0.00    0.4    7.6  12:27    337
 18   41.6   56.5  12:41   27.1  04:05   23.4    0.0   0.00    6.6   46.8  19:43    179
 19   44.3   50.7  12:40   39.7  05:49   20.7    0.0   0.17    9.2   28.0  13:00    182
 20   47.4   58.3  12:27   39.2  23:30   17.6    0.0   0.04    4.1   23.3  01:05    182
 21   40.9   53.4  14:05   29.7  23:23   24.1    0.0   0.00    0.6    7.6  14:25    345
 22   37.9   52.0  12:13   26.2  04:01   27.1    0.0   0.21    3.5   27.5  17:10    183
 23   37.6   51.1  12:48   30.2  23:45   27.4    0.0   0.04    0.5    8.3  13:20    293
 24   40.3   52.2  12:24   27.9  04:56   24.7    0.0   0.00    4.4   22.8  23:55    176
 25   45.9   50.2  12:25   42.6  03:56   19.1    0.0   0.00    7.9   29.8  22:45    184
 26   43.3   48.9  13:29   36.9  23:54   21.7    0.0   0.04    8.4   34.2  02:15    181
 27   38.5   46.8  12:06   32.4  02:01   26.5    0.0   0.00    0.1    5.4  10:35     28
 28   37.8   46.2  12:41   30.6  23:54   27.2    0.0   0.00    0.6    8.7  10:35     15
 29   31.4   42.3  13:22   24.6  05:19   33.6    0.0   0.00    0.2    5.8  14:45    320
 30   34.1   42.8  12:01   24.4  23:26   30.9    0.0   0.04    0.2    8.3  12:50    349
---------------------------------------------------------------------------------------
      45.2   73.6     10   24.4     30  594.1    0.0   0.74    2.7   46.8     18    184