NOAA-Style Climate Reports


Report for 2016 October
                   MONTHLY CLIMATOLOGICAL SUMMARY for Oct 2016


NAME: Lake Shastina, California                  
ELEV: 2405 feet    LAT: 41-32.10 N    LONG: 122-21.22 W


                   TEMPERATURE (F), RAIN (in), WIND SPEED (mph)

                                         HEAT   COOL         AVG
      MEAN                               DEG    DEG          WIND                   DOM
DAY   TEMP   HIGH   TIME    LOW   TIME   DAYS   DAYS   RAIN  SPEED   HIGH   TIME    DIR
---------------------------------------------------------------------------------------
 01   47.9   66.9  15:31   32.7  06:39   17.1    0.0   0.00    1.3   10.1  17:58    330
 02   44.2   58.6  15:44   33.8  05:23   20.8    0.0   0.17    0.5   11.0  17:41    295
 03   45.6   57.2  14:49   34.7  02:45   19.4    0.0   0.00    2.0   21.9  15:07    186
 04   49.2   61.9  14:52   40.5  03:58   15.8    0.0   0.00    0.9   10.1  17:18    342
 05   48.5   63.0  15:45   35.2  06:43   16.5    0.0   0.00    1.0    8.7  14:22    355
 06   47.6   65.5  16:07   33.1  06:57   17.4    0.0   0.00    0.7    8.1  11:03    342
 07   53.4   73.9  16:07   36.5  07:11   11.6    0.0   0.00    0.8    8.1  15:25    333
 08   58.3   78.6  15:16   41.7  07:20    6.7    0.0   0.00    0.7    6.3  11:24    334
 09   60.2   81.9  15:24   42.3  06:57    4.8    0.0   0.00    1.0   11.0  16:10    285
 10   57.8   77.4  15:38   43.3  07:10    7.2    0.0   0.00    1.0   10.5  17:42    316
 11   54.6   73.2  16:00   39.4  07:06   10.4    0.0   0.00    0.9    8.1  12:44    341
 12   57.0   73.8  16:14   38.8  07:38    8.0    0.0   0.00    2.0   15.4  23:56    204
 13   61.0   67.1  13:41   54.7  23:57    4.0    0.0   0.00   10.3   33.3  22:41    183
 14   55.1   66.4  12:48   48.6  05:09    9.9    0.0   0.58    4.1   21.9  00:00    186
 15   51.2   60.1  10:08   44.8  22:56   13.8    0.0   0.37    6.8   31.1  08:14    185
 16   49.0   56.3  10:40   41.5  23:23   16.0    0.0   0.12    6.1   28.4  10:36    183
 17   48.3   61.9  14:27   39.2  01:06   16.7    0.0   0.04    1.6   15.9  12:40    186
 18   46.8   57.4  11:57   34.9  23:48   18.2    0.0   0.08    0.7    8.3  14:22    349
 19   43.0   58.6  16:39   30.2  07:15   22.0    0.0   0.00    0.5    7.2  13:09    339
 20   47.5   66.0  15:59   33.6  06:54   17.5    0.0   0.00    0.5    8.3  15:02    339
 21   50.0   63.0  16:27   36.5  06:59   15.0    0.0   0.00    0.5    6.3  13:02    342
 22   51.5   62.4  16:23   38.7  07:31   13.5    0.0   0.00    1.5   12.8  21:14    219
 23   50.5   68.2  13:10   34.5  07:03   14.5    0.0   0.00    4.3   23.3  15:51    186
 24   51.2   55.9  00:30   43.2  23:56   13.8    0.0   0.58    6.3   31.1  04:59    186
 25   49.5   59.0  13:01   39.9  07:16   15.5    0.0   0.00    4.3   22.4  21:48    191
 26   58.8   65.1  13:29   55.4  03:55    6.2    0.0   0.00    8.7   26.2  08:34    188
 27   50.8   59.2  02:28   43.5  12:24   14.2    0.0   0.42    3.8   25.5  03:18    191
 28   45.3   50.5  16:50   41.7  03:32   19.7    0.0   0.04    0.2    5.4  11:58    337
 29   47.0   50.2  23:20   42.4  01:09   18.0    0.0   1.66    1.0   14.1  23:22    257
 30   50.0   54.1  14:41   46.4  18:39   15.0    0.0   0.17    6.5   27.1  09:37    183
 31   47.9   53.8  16:24   42.4  23:38   17.1    0.0   0.00    6.0   23.3  13:49    186
---------------------------------------------------------------------------------------
      50.9   81.9     09   30.2     19  436.3    0.0   4.23    2.8   33.3     13    191