NOAA-Style Climate Reports


Report for 2016 September
                   MONTHLY CLIMATOLOGICAL SUMMARY for Sep 2016


NAME: Lake Shastina, California                  
ELEV: 2405 feet    LAT: 41-32.10 N    LONG: 122-21.22 W


                   TEMPERATURE (F), RAIN (in), WIND SPEED (mph)

                                         HEAT   COOL         AVG
      MEAN                               DEG    DEG          WIND                   DOM
DAY   TEMP   HIGH   TIME    LOW   TIME   DAYS   DAYS   RAIN  SPEED   HIGH   TIME    DIR
---------------------------------------------------------------------------------------
 01   63.6   81.1  16:14   50.0  06:34    1.4    0.0   0.00    1.3   11.0  17:42    344
 02   60.8   75.4  15:59   51.1  04:15    4.2    0.0   0.00    1.5  372.4  10:50    342
 03   58.0   76.6  16:37   40.5  06:47    7.0    0.0   0.00    1.4   12.8  18:46    343
 04   55.8   72.1  15:34   39.2  06:45    9.2    0.0   0.00    1.5   10.1  14:33    336
 05   55.9   76.6  19:04   36.3  06:52    9.1    0.0   0.00    0.8    8.7  15:09    333
 06   58.9   77.7  15:50   38.7  06:46    6.1    0.0   0.00    1.6   13.2  18:23    346
 07   62.6   86.0  19:04   44.8  06:51    2.4    0.0   0.00    0.7    8.1  12:36    340
 08   65.4   87.6  16:21   44.1  06:56    0.0    0.4   0.00    1.1    8.3  16:12    336
 09   66.7   90.7  19:01   46.2  06:59    0.0    1.7   0.00    1.1    8.1  11:12    335
 10   68.9   93.2  15:58   46.0  07:04    0.0    3.9   0.00    0.9    8.1  13:26    336
 11   66.7   88.5  15:54   46.6  07:20    0.0    1.7   0.00    1.8   12.8  16:45    346
 12   60.1   77.2  15:30   40.3  06:49    4.9    0.0   0.00    3.1   15.0  22:53     20
 13   60.5   76.8  15:57   43.5  07:10    4.5    0.0   0.00    2.1   17.4  01:43     27
 14   58.3   78.3  16:26   38.8  06:50    6.7    0.0   0.00    1.0   10.1  13:47    346
 15   58.6   81.0  18:48   38.5  07:11    6.4    0.0   0.00    0.9    7.6  12:45    337
 16   62.4   85.8  16:05   41.7  06:34    2.6    0.0   0.00    0.8    8.1  14:18    340
 17   66.9   89.8  16:42   47.5  05:21    0.0    1.9   0.00    1.1    8.7  17:57    341
 18   69.1   89.4  15:21   52.2  06:40    0.0    4.1   0.00    1.5   11.4  18:01    341
 19   65.8   85.1  16:43   48.9  07:24    0.0    0.8   0.00    1.4   11.0  17:37    342
 20   60.5   79.5  15:17   43.9  07:30    4.5    0.0   0.00    1.2   13.6  17:08    348
 21   54.0   68.9  14:07   43.3  07:02   11.0    0.0   0.00    1.1   11.0  16:10    344
 22   49.8   61.0  16:19   40.5  23:45   15.2    0.0   0.09    0.7   13.2  14:07    359
 23   48.5   60.3  15:23   34.3  06:53   16.5    0.0   0.00    0.4    5.8  10:39    335
 24   56.4   75.2  16:38   38.7  06:58    8.6    0.0   0.00    0.8    8.7  11:52    336
 25   62.1   84.9  16:43   42.3  06:49    2.9    0.0   0.00    0.6    7.6  13:42    348
 26   67.5   91.0  16:16   32.0  20:40    0.0    2.5   0.00    0.8    8.1  16:55    338
 27   68.1   89.6  16:16   48.7  07:04    0.0    3.1   0.00    0.7    7.6  12:56    333
 28   67.6   90.0  15:49   48.6  07:31    0.0    2.6   0.00    1.3   14.5  15:26    253
 29   67.0   82.6  13:34   50.0  07:31    0.0    2.0   0.00    5.0   23.7  14:27    185
 30   62.4   73.0  12:12   41.2  23:59    2.6    0.0   0.00    5.9   24.6  11:50    186
---------------------------------------------------------------------------------------
      61.6   93.2     10   32.0     26  125.6   24.7   0.09    1.5  372.4     02    336