NOAA-Style Climate Reports


Report for 2016 August
                   MONTHLY CLIMATOLOGICAL SUMMARY for Aug 2016


NAME: Lake Shastina, California                  
ELEV: 2405 feet    LAT: 41-32.10 N    LONG: 122-21.22 W


                   TEMPERATURE (F), RAIN (in), WIND SPEED (mph)

                                         HEAT   COOL         AVG
      MEAN                               DEG    DEG          WIND                   DOM
DAY   TEMP   HIGH   TIME    LOW   TIME   DAYS   DAYS   RAIN  SPEED   HIGH   TIME    DIR
---------------------------------------------------------------------------------------
 01   77.7   99.0  16:50   54.3  06:16    0.0   12.7   0.00    1.5   15.0  19:05    319
 02   73.6   93.6  15:09   52.2  06:27    0.0    8.6   0.00    2.1   15.0  17:33    345
 03   71.0   94.8  19:01   49.3  06:23    0.0    6.0   0.00    1.2  372.4  17:25    335
 04   76.1   97.9  15:33   53.1  05:58    0.0   11.1   0.00    1.8   12.3  18:54    247
 05   72.3   97.5  15:59   55.8  06:05    0.0    7.3   0.00    1.4   22.8  19:04    337
 06   71.4   94.3  15:59   49.3  06:14    0.0    6.4   0.00    1.6   15.0  17:36    324
 07   69.2   87.1  16:28   48.9  06:16    0.0    4.2   0.00    1.9   13.2  17:43    346
 08   67.4   85.8  16:03   48.6  06:07    0.0    2.4   0.00    2.2   13.6  17:15    347
 09   66.2   82.6  16:25   50.4  06:19    0.0    1.2   0.00    1.7   10.1  16:15    335
 10   71.2   93.2  19:06   50.0  06:17    0.0    6.2   0.00    1.1    8.1  11:47    336
 11   75.2   97.2  19:08   51.1  06:22    0.0   10.2   0.00    1.1    8.7  14:43    341
 12   78.4   99.3  16:24   55.6  06:02    0.0   13.4   0.00    1.7   10.1  14:50    335
 13   79.6  102.2  15:47   57.4  06:17    0.0   14.6   0.00    1.8   13.2  16:38    308
 14   78.5   97.3  14:57   57.4  06:07    0.0   13.5   0.00    2.3   15.4  16:35    198
 15   78.3   99.3  17:16   57.0  06:31    0.0   13.3   0.00    1.2   10.5  19:20    343
 16   77.6   99.3  16:57   56.1  06:21    0.0   12.6   0.00    1.5   12.3  19:13    336
 17   76.8   97.5  17:04   58.3  06:32    0.0   11.8   0.00    1.3   10.1  19:12    328
 18   79.6  103.1  19:07   57.4  06:31    0.0   14.6   0.00    1.1    8.7  15:22    345
 19   82.4  104.0  15:49   61.0  06:27    0.0   17.4   0.00    1.0    8.7  16:11    343
 20   81.0  103.3  15:52   60.3  06:39    0.0   16.0   0.00    1.3   11.9  17:24    345
 21   76.4   98.1  16:51   55.2  06:28    0.0   11.4   0.00    1.3   11.0  19:14    343
 22   74.4   95.4  16:44   56.8  06:36    0.0    9.4   0.00    1.4   13.2  17:56    335
 23   69.6   91.4  16:11   49.3  05:29    0.0    4.6   0.00    1.3    8.7  14:20    341
 24   69.0   91.9  16:33   46.2  06:35    0.0    4.0   0.00    1.1    8.3  13:08    337
 25   74.3   91.9  19:05   55.6  06:45    0.0    9.3   0.00    2.2   17.4  02:49      9
 26   73.4   97.0  19:04   53.1  05:58    0.0    8.4   0.00    1.2    8.3  15:48    331
 27   72.5   93.4  16:40   51.3  06:24    0.0    7.5   0.00    1.6   10.5  19:09    337
 28   73.1   91.4  15:04   53.1  06:47    0.0    8.1   0.00    3.4   17.9  15:59    189
 29   71.6   89.1  15:48   54.3  07:08    0.0    6.6   0.00    4.3   19.7  11:53    186
 30   70.6   90.5  16:28   57.2  06:50    0.0    5.6   0.00    1.2   12.8  17:21    332
 31   64.4   82.9  16:01   48.2  06:03    0.6    0.0   0.00    1.4   10.1  18:10    341
---------------------------------------------------------------------------------------
      74.0  104.0     19   46.2     24    0.6  278.4   0.00    1.7  372.4     03    329