NOAA-Style Climate Reports


Report for 2016 July
                   MONTHLY CLIMATOLOGICAL SUMMARY for Jul 2016


NAME: Lake Shastina, California                  
ELEV: 2405 feet    LAT: 41-32.10 N    LONG: 122-21.22 W


                   TEMPERATURE (F), RAIN (in), WIND SPEED (mph)

                                         HEAT   COOL         AVG
      MEAN                               DEG    DEG          WIND                   DOM
DAY   TEMP   HIGH   TIME    LOW   TIME   DAYS   DAYS   RAIN  SPEED   HIGH   TIME    DIR
---------------------------------------------------------------------------------------
 01   75.8   96.3  16:56   53.1  05:58    0.0   10.8   0.00    1.6   12.8  18:13    344
 02   78.2   99.3  16:55   54.1  06:01    0.0   13.2   0.00    1.2   12.8  19:06    329
 03   78.2   97.5  16:21   59.9  06:10    0.0   13.2   0.00    1.5   11.0  19:05    328
 04   73.4   92.3  16:11   54.5  06:07    0.0    8.4   0.00    1.7   12.8  18:53    345
 05   70.4   87.6  15:18   50.0  05:58    0.0    5.4   0.00    1.7   12.8  18:44    343
 06   70.8   91.9  19:17   49.6  05:40    0.0    5.8   0.00    1.5   11.0  19:41    348
 07   73.6   94.3  16:17   52.0  06:00    0.0    8.6   0.00    1.7   17.0  14:05    291
 08   64.3   76.1  14:29   56.8  05:52    0.7    0.0   0.00    1.3    9.6  17:43    340
 09   63.8   77.9  12:42   48.7  05:36    1.2    0.0   0.00    2.2   13.2  18:00    342
 10   50.8   64.9  10:25   45.1  02:20   14.2    0.0   0.00    0.5    7.6  10:03    349
 11
 12   74.6   84.2  16:46   59.5  23:58    0.0    9.6   0.00    3.0   10.5  17:44    345
 13   72.5   94.1  19:09   48.7  06:03    0.0    7.5   0.00    1.6   10.1  18:07    337
 14   76.0   96.3  17:08   51.8  05:59    0.0   11.0   0.00    1.7   13.2  19:15    344
 15   73.7   90.7  15:02   52.9  06:18    0.0    8.7   0.00    2.1   15.0  19:11    344
 16   70.0   89.8  16:38   46.9  06:09    0.0    5.0   0.00    1.6   11.0  18:27    346
 17   71.0   90.5  16:29   50.5  05:57    0.0    6.0   0.00    1.8   13.2  17:53    316
 18   71.7   87.1  14:46   56.1  06:14    0.0    6.7   0.00    3.4   17.4  08:42    189
 19   72.0   88.2  14:47   56.5  03:15    0.0    7.0   0.00    2.5   15.4  10:37    201
 20   72.1   89.8  19:23   49.5  06:15    0.0    7.1   0.00    3.2   17.4  15:59    189
 21   73.0   88.9  19:11   51.4  06:02    0.0    8.0   0.00    4.3   23.7  12:34    186
 22   70.3   88.9  16:11   47.1  06:11    0.0    5.3   0.00    1.5   10.5  18:46    341
 23   72.7   92.5  19:15   48.7  06:06    0.0    7.7   0.00    1.6   10.1  15:11    337
 24   76.9  101.1  19:17   50.5  06:17    0.0   11.9   0.00    1.4   10.5  19:35    342
 25   80.0  101.8  15:54   58.3  05:55    0.0   15.0   0.00    1.8   16.3  18:41    348
 26   80.4  100.8  17:06   57.7  06:18    0.0   15.4   0.00    1.2    8.7  19:15    340
 27   82.1  102.2  17:09   59.2  06:20    0.0   17.1   0.00    1.8   13.6  18:07    344
 28   83.6  108.1  19:31   60.3  06:04    0.0   18.6   0.00    1.4   10.1  13:51    337
 29   85.0  105.3  16:51   62.6  06:10    0.0   20.0   0.00    1.6   11.9  19:13    340
 30   83.1  103.8  16:50   63.5  06:18    0.0   18.1   0.00    1.6   11.0  18:27    330
 31   79.1  100.0  16:19   56.5  06:12    0.0   14.1   0.00    1.4   14.5  17:46    285
---------------------------------------------------------------------------------------
      74.4  108.1     28   45.1     10   16.1  285.3   0.00    1.8   23.7     21    327