NOAA-Style Climate Reports


Report for 2016 June
                   MONTHLY CLIMATOLOGICAL SUMMARY for Jun 2016


NAME: Lake Shastina, California                  
ELEV: 2405 feet    LAT: 41-32.10 N    LONG: 122-21.22 W


                   TEMPERATURE (F), RAIN (in), WIND SPEED (mph)

                                         HEAT   COOL         AVG
      MEAN                               DEG    DEG          WIND                   DOM
DAY   TEMP   HIGH   TIME    LOW   TIME   DAYS   DAYS   RAIN  SPEED   HIGH   TIME    DIR
---------------------------------------------------------------------------------------
 01   72.8   90.5  15:53   52.7  06:01    0.0    7.8   0.00    1.8   15.4  18:25    349
 02   69.8   89.4  16:18   48.4  05:39    0.0    4.8   0.00    1.4   12.8  19:36    337
 03   74.9   99.3  19:07   51.1  06:00    0.0    9.9   0.00    1.2   10.1  14:25    343
 04   76.6   98.8  15:18   56.3  05:44    0.0   11.6   0.00    1.2   13.2  17:00    212
 05   78.5   97.5  16:14   63.5  05:37    0.0   13.5   0.00    1.4   17.0  22:01    206
 06   79.4  101.1  16:20   56.3  05:33    0.0   14.4   0.00    1.2   12.8  19:16    328
 07   81.4   95.9  12:41   62.2  05:31    0.0   16.4   0.00    4.2   22.4  19:17    181
 08   75.7   87.6  17:40   60.1  23:56    0.0   10.7   0.00    5.7   23.7  07:02    185
 09   65.4   84.2  15:10   47.7  05:58    0.0    0.4   0.00    1.5   11.0  15:44    328
 10   59.3   70.2  13:04   47.7  23:34    5.7    0.0   0.00    3.1   17.0  18:00    349
 11   58.3   77.7  19:37   36.3  05:36    6.7    0.0   0.00    1.9   12.3  18:10    335
 12   67.2   92.8  19:14   43.2  05:56    0.0    2.2   0.00    1.4   11.0  15:17    323
 13   65.1   85.3  14:56   46.6  05:52    0.0    0.1   0.00    2.5   13.6  18:12    349
 14   55.9   67.5  14:37   39.9  05:59    9.1    0.0   0.00    2.5   13.2  18:07    349
 15   51.5   65.5  11:35   45.9  04:37   13.5    0.0   0.04    1.2   15.4  12:41    207
 16   55.2   68.0  16:56   41.7  04:10    9.8    0.0   0.04    3.6   22.8  12:39    188
 17   52.6   64.4  14:18   45.9  05:24   12.4    0.0   0.25    1.8   16.8  16:12    199
 18   57.2   75.2  19:33   45.9  05:04    7.8    0.0   0.41    1.5   10.5  13:33    348
 19   62.7   88.2  19:24   40.1  05:56    2.3    0.0   0.00    2.3   16.3  18:09    203
 20   68.0   86.9  15:22   46.4  05:56    0.0    3.0   0.00    2.1   11.0  18:44    350
 21   70.8   93.0  19:14   48.9  05:04    0.0    5.8   0.00    1.4    8.7  20:03    337
 22   73.0   92.3  15:47   52.0  05:55    0.0    8.0   0.00    1.6   12.8  18:32    334
 23   67.5   84.0  14:58   46.9  05:56    0.0    2.5   0.00    1.9   12.3  17:37    343
 24   63.4   80.8  19:40   44.8  05:55    1.6    0.0   0.00    1.9   10.5  16:38    335
 25   69.4   94.3  19:38   45.1  05:57    0.0    4.4   0.00    1.2    8.3  12:11    341
 26   75.4   94.8  15:36   50.5  05:50    0.0   10.4   0.00    1.4    9.6  18:48    336
 27   76.0   94.3  16:04   53.6  05:47    0.0   11.0   0.00    1.6   11.0  18:43    341
 28   77.1   98.8  16:19   55.0  06:04    0.0   12.1   0.00    1.7   13.2  19:24    341
 29   76.9   98.1  17:02   55.6  05:56    0.0   11.9   0.00    1.7   15.4  17:46    346
 30   74.1   93.0  19:14   52.2  06:01    0.0    9.1   0.00    1.7   11.0  17:14    335
---------------------------------------------------------------------------------------
      68.4  101.1     06   36.3     11   68.8  170.1   0.74    2.0   23.7     08    326