NOAA-Style Climate Reports


Report for 2016 April
                   MONTHLY CLIMATOLOGICAL SUMMARY for Apr 2016


NAME: Lake Shastina, California                  
ELEV: 2405 feet    LAT: 41-32.10 N    LONG: 122-21.22 W


                   TEMPERATURE (F), RAIN (in), WIND SPEED (mph)

                                         HEAT   COOL         AVG
      MEAN                               DEG    DEG          WIND                   DOM
DAY   TEMP   HIGH   TIME    LOW   TIME   DAYS   DAYS   RAIN  SPEED   HIGH   TIME    DIR
---------------------------------------------------------------------------------------
 01   54.6   75.0  19:00   35.2  06:13   10.4    0.0   0.00    1.2    8.3  13:49    338
 02   58.4   76.8  15:45   39.2  06:55    6.6    0.0   0.00    2.6   17.4  14:22    182
 03   57.8   75.6  14:06   40.5  06:43    7.2    0.0   0.00    3.2   18.8  20:29    178
 04   49.5   61.9  15:16   39.2  23:35   15.5    0.0   0.00    1.7   10.1  16:48    343
 05   50.3   71.4  18:58   30.2  07:05   14.7    0.0   0.00    1.5   10.5  14:04    341
 06   58.7   84.7  19:09   37.8  07:08    6.3    0.0   0.00    1.3    8.7  14:52    336
 07   63.2   83.8  15:26   43.0  05:25    1.8    0.0   0.00    1.2    8.7  15:14    335
 08   63.8   83.8  16:26   46.2  07:04    1.2    0.0   0.00    1.4   11.0  23:28    318
 09   63.2   78.4  15:47   52.0  06:35    1.8    0.0   0.00    1.8   17.4  00:12    194
 10   60.0   76.3  15:33   45.5  06:33    5.0    0.0   0.21    1.5   12.8  19:18    214
 11   58.9   75.0  14:30   43.3  05:25    6.1    0.0   0.04    2.2   17.4  16:52    188
 12   54.7   68.9  16:02   40.8  23:58   10.3    0.0   0.46    0.9   12.8  18:06    287
 13   47.9   64.4  15:13   35.4  06:49   17.1    0.0   0.00    2.9   22.4  18:27    200
 14   45.4   60.4  14:53   33.3  04:28   19.6    0.0   0.00    2.6   15.4  08:53    238
 15   47.1   65.5  19:05   34.9  04:54   17.9    0.0   0.00    1.9   11.0  13:00    335
 16   51.7   73.2  16:35   31.3  06:13   13.3    0.0   0.00    0.8    8.7  14:49    336
 17   58.2   83.8  15:38   37.8  06:36    6.8    0.0   0.00    1.3    9.6  14:06    329
 18
 19
 20   66.5   76.3  15:11   56.8  23:59    0.0    1.5   0.00    5.2   19.7  14:42    187
 21   60.2   69.6  15:17   51.8  20:00    4.8    0.0   0.00    6.1   23.3  13:06    186
 22   50.1   61.7  11:01   39.6  23:56   14.9    0.0   0.50    3.3   28.0  02:42    186
 23   50.5   65.5  14:26   38.3  04:32   14.5    0.0   0.00    0.9    8.7  12:26    351
 24   46.1   57.9  11:33   36.5  23:58   18.9    0.0   0.08    2.0   16.8  20:05    355
 25   42.3   53.6  19:00   33.6  23:58   22.7    0.0   0.00    3.7   15.0  15:43    352
 26   44.2   60.6  14:21   26.4  06:11   20.8    0.0   0.00    1.0    8.7  16:30    350
 27   48.3   63.0  15:01   35.8  05:34   16.7    0.0   0.17    1.8   12.3  16:17    347
 28   51.8   65.1  16:27   40.5  04:27   13.2    0.0   0.00    2.7   15.4  18:16    355
 29   49.4   62.4  12:36   37.6  05:36   15.6    0.0   0.00    3.5   24.2  16:15    358
 30   51.4   70.5  16:40   31.8  06:20   13.6    0.0   0.00    2.6   13.2  14:06     10
---------------------------------------------------------------------------------------
      53.4   84.7     06   26.4     26  317.3    1.5   1.45    2.2   28.0     22    299