NOAA-Style Climate Reports


Report for 2016 March
                   MONTHLY CLIMATOLOGICAL SUMMARY for Mar 2016


NAME: Lake Shastina, California                  
ELEV: 2405 feet    LAT: 41-32.10 N    LONG: 122-21.22 W


                   TEMPERATURE (F), RAIN (in), WIND SPEED (mph)

                                         HEAT   COOL         AVG
      MEAN                               DEG    DEG          WIND                   DOM
DAY   TEMP   HIGH   TIME    LOW   TIME   DAYS   DAYS   RAIN  SPEED   HIGH   TIME    DIR
---------------------------------------------------------------------------------------
 01   54.5   62.2  10:21   42.3  00:53   10.5    0.0   0.00    7.9   28.4  09:27    179
 02   52.5   64.9  12:26   35.6  06:49   12.5    0.0   0.00    5.8   27.5  16:48    178
 03   54.4   66.9  14:14   47.8  08:24   10.6    0.0   0.00    6.0   27.5  00:44    181
 04   53.1   61.9  12:16   46.4  01:03   11.9    0.0   0.00    6.4   25.5  10:52    176
 05   52.5   58.5  12:53   44.4  23:57   12.5    0.0   0.66    7.4   31.1  17:16    180
 06   41.5   52.2  11:48   32.9  06:55   23.5    0.0   0.17    4.1   28.9  17:06    183
 07   38.8   49.3  14:54   28.8  23:58   26.2    0.0   0.04    1.7   12.3  14:57    345
 08   35.0   44.1  16:19   24.3  04:35   30.0    0.0   0.00    0.9    7.6  13:28    356
 09   49.9   58.6  12:28   39.7  00:00   15.1    0.0   0.00    9.6   34.4  15:56    177
 10   46.4   50.0  16:24   44.2  12:41   18.6    0.0   0.21    3.9   28.4  06:37    190
 11   48.7   55.8  14:48   43.0  23:43   16.3    0.0   0.04    8.0   32.9  08:30    181
 12   42.7   48.0  15:58   37.6  08:38   22.3    0.0   0.17    6.0   30.6  04:56    185
 13   46.5   56.1  14:59   39.9  23:54   18.5    0.0   0.00    7.1   28.0  12:17    182
 14   40.4   54.3  15:18   28.8  00:00   24.6    0.0   0.00    2.6   16.8  13:34    307
 15   40.8   56.7  15:50   28.8  00:05   24.2    0.0   0.00    1.0    9.6  12:59    339
 16   44.0   61.7  17:41   27.5  07:36   21.0    0.0   0.00    0.8    8.7  14:20    329
 17   47.7   66.4  16:58   30.0  07:27   17.3    0.0   0.00    0.9    8.1  14:23    340
 18   51.5   73.6  16:25   32.9  07:27   13.5    0.0   0.00    2.5   15.9  20:21    188
 19   58.4   70.9  13:58   42.4  06:28    6.6    0.0   0.00    5.0   25.1  20:08    185
 20   51.5   59.9  00:08   39.4  23:57   13.5    0.0   0.04    5.6   25.5  10:16    183
 21   43.7   50.2  10:56   35.2  23:54   21.3    0.0   0.08    3.9   25.5  08:32    192
 22   41.4   55.2  14:07   30.7  03:48   23.6    0.0   0.04    1.3   10.5  17:28    354
 23   43.6   59.7  16:11   27.7  06:58   21.4    0.0   0.00    0.8    7.6  15:10    340
 24   49.3   64.4  16:04   36.7  06:18   15.7    0.0   0.00    1.4   10.5  17:32    348
 25   44.0   61.7  16:25   30.0  07:01   21.0    0.0   0.00    1.1   10.1  17:43    352
 26   43.9   60.8  17:06   28.9  05:54   21.1    0.0   0.00    1.0    8.3  14:11    339
 27   43.8   58.1  14:24   31.3  06:30   21.2    0.0   0.00    3.0   13.2  19:23    353
 28   38.9   49.6  14:36   27.7  05:43   26.1    0.0   0.00    5.4   18.8  17:28    353
 29   42.7   56.5  15:51   30.7  03:19   22.3    0.0   0.00    2.6   15.4  14:44    353
 30   47.9   68.7  19:15   30.4  05:10   17.1    0.0   0.00    1.2    8.7  14:12    337
 31   51.8   72.5  19:04   31.8  06:55   13.2    0.0   0.00    1.1   11.0  14:14    346
---------------------------------------------------------------------------------------
      46.5   73.6     18   24.3     08  573.2    0.0   1.45    3.7   34.4     09    188