NOAA-Style Climate Reports


Report for 2016 February
                   MONTHLY CLIMATOLOGICAL SUMMARY for Feb 2016


NAME: Lake Shastina, California                  
ELEV: 2405 feet    LAT: 41-32.10 N    LONG: 122-21.22 W


                   TEMPERATURE (F), RAIN (in), WIND SPEED (mph)

                                         HEAT   COOL         AVG
      MEAN                               DEG    DEG          WIND                   DOM
DAY   TEMP   HIGH   TIME    LOW   TIME   DAYS   DAYS   RAIN  SPEED   HIGH   TIME    DIR
---------------------------------------------------------------------------------------
 01   32.1   42.1  13:37   24.8  22:46   32.9    0.0   0.00    0.4    7.6  12:20    352
 02   30.6   37.6  16:39   23.4  23:54   34.4    0.0   0.04    0.6    8.7  01:44    335
 03   33.7   43.3  12:55   22.6  00:21   31.3    0.0   0.00    2.3   22.4  13:19    177
 04   33.3   48.0  15:04   23.5  04:50   31.7    0.0   0.00    0.6    8.1  13:02    338
 05   35.2   48.0  15:46   22.8  06:35   29.8    0.0   0.00    0.4    6.3  12:29    342
 06   42.0   55.9  15:57   31.5  06:24   23.0    0.0   0.00    0.5    6.3  14:22    340
 07   42.5   59.2  15:07   30.6  06:22   22.5    0.0   0.00    0.4    6.7  11:52    333
 08   44.3   62.4  15:40   30.9  06:21   20.7    0.0   0.00    0.7    6.3  11:28    348
 09   44.8   63.7  15:43   30.7  07:08   20.2    0.0   0.00    0.8    8.1  13:53    347
 10   43.8   57.0  14:07   32.2  05:30   21.2    0.0   0.00    0.3    6.3  01:51    311
 11   51.3   69.6  14:41   37.4  01:13   13.7    0.0   0.00    2.7   19.2  14:49    184
 12   50.5   70.0  14:24   36.7  06:59   14.5    0.0   0.00    1.1   12.8  14:51    286
 13   42.4   54.1  15:04   27.7  07:16   22.6    0.0   0.00    0.5    6.3  12:22    329
 14   49.6   60.1  13:08   43.3  05:40   15.4    0.0   0.00    0.3    8.1  13:38     13
 15   46.0   51.1  15:04   42.4  07:25   19.0    0.0   0.00    0.1    5.4  16:31    342
 16   44.1   49.3  15:51   40.6  06:40   20.9    0.0   0.00    0.3    6.3  12:05    342
 17   45.4   54.7  11:27   32.7  23:31   19.6    0.0   0.29    6.4   35.3  14:05    179
 18   42.1   49.8  14:36   32.9  00:07   22.9    0.0   0.54    7.0   27.5  13:42    178
 19   41.0   51.4  13:58   28.6  23:41   24.0    0.0   0.17    5.4   30.6  04:53    184
 20   34.4   49.1  14:46   23.5  05:15   30.6    0.0   0.00    0.7    7.6  14:51    341
 21   36.5   50.2  13:48   23.7  05:52   28.5    0.0   0.00    0.5    6.3  09:30    337
 22   38.2   52.7  16:13   27.3  05:45   26.8    0.0   0.00    0.7    7.6  10:42    338
 23   38.3   54.9  15:32   23.4  05:54   26.7    0.0   0.00    0.6    8.1  12:38    341
 24   42.7   61.5  15:23   26.6  06:56   22.3    0.0   0.00    0.6    6.7  12:03    341
 25   45.5   63.5  15:23   28.9  06:32   19.5    0.0   0.00    0.7    6.3  09:34    338
 26   49.4   66.2  13:40   37.0  05:51   15.6    0.0   0.04    4.2   23.3  17:15    182
 27   41.3   52.7  13:51   31.1  05:55   23.7    0.0   0.00    0.5  372.4  20:30    338
 28   42.9   59.0  15:06   30.4  23:53   22.1    0.0   0.00    1.9   11.0  12:17    354
 29   41.2   54.9  15:00   25.2  06:31   23.8    0.0   0.00    0.8    6.7  10:14    349
---------------------------------------------------------------------------------------
      41.6   70.0     12   22.6     03  680.0    0.0   1.08    1.4  372.4     27    194