NOAA-Style Climate Reports


Report for 2016 January
                   MONTHLY CLIMATOLOGICAL SUMMARY for Jan 2016


NAME: Lake Shastina, California                  
ELEV: 2405 feet    LAT: 41-32.10 N    LONG: 122-21.22 W


                   TEMPERATURE (F), RAIN (in), WIND SPEED (mph)

                                         HEAT   COOL         AVG
      MEAN                               DEG    DEG          WIND                   DOM
DAY   TEMP   HIGH   TIME    LOW   TIME   DAYS   DAYS   RAIN  SPEED   HIGH   TIME    DIR
---------------------------------------------------------------------------------------
 01   18.2   30.7  14:26    7.0  07:13   46.8    0.0   0.00    0.3    8.3  00:18     16
 02   19.3   28.2  15:34    6.6  07:50   45.7    0.0   0.00    0.6    6.3  13:57    327
 03   37.7   49.1  13:35   22.8  03:55   27.3    0.0   0.13    3.1   23.7  07:07    180
 04   39.3   50.4  13:39   31.1  01:05   25.7    0.0   0.00    4.1   25.1  15:49    183
 05   41.6   48.6  13:55   31.5  20:36   23.4    0.0   0.00    4.1   21.9  00:36    187
 06   41.1   49.6  12:17   28.8  23:42   23.9    0.0   0.00    5.0   23.7  03:24    180
 07   33.7   45.1  14:06   25.3  05:33   31.3    0.0   0.00    0.5    6.7  10:04    342
 08   34.5   43.5  14:46   22.3  07:29   30.5    0.0   0.00    1.7   18.8  22:54    182
 09   37.6   42.4  00:01   32.5  22:18   27.4    0.0   0.08    1.5   15.9  00:46    123
 10   33.2   42.1  12:49   27.0  07:16   31.8    0.0   0.00    0.4    6.3  11:06    341
 11   41.8   53.8  13:19   27.9  00:19   23.2    0.0   0.00    4.4   24.2  10:33    177
 12   45.2   52.9  13:12   37.0  00:25   19.8    0.0   0.04    6.6   28.0  16:20    183
 13   39.4   50.5  11:44   26.1  23:58   25.6    0.0   0.29    3.9   25.1  00:56    185
 14   34.1   43.3  12:17   23.9  03:02   30.9    0.0   0.00    4.2   28.4  11:47    182
 15   33.2   36.3  14:47   28.6  03:20   31.8    0.0   0.00    0.4    7.6  23:45     20
 16   46.4   55.0  15:00   36.0  00:00   18.6    0.0   0.00    7.7   31.1  03:13    178
 17   46.7   50.4  05:33   38.1  23:58   18.3    0.0   0.33    5.4   26.2  09:19    181
 18   43.0   52.2  13:16   36.5  00:34   22.0    0.0   0.00    3.5   23.3  13:10    181
 19   46.4   58.1  13:46   32.5  23:54   18.6    0.0   0.08    6.0   34.9  11:14    184
 20   36.8   49.6  23:46   27.3  06:00   28.2    0.0   0.00    0.9   20.6  23:12     34
 21   51.0   58.5  12:21   46.4  20:45   14.0    0.0   0.00    6.6   34.4  23:38    182
 22   47.5   54.0  14:10   40.6  08:20   17.5    0.0   0.46    6.3   34.9  00:00    182
 23   43.8   52.2  14:22   37.8  23:59   21.2    0.0   0.04    3.3   25.5  06:23    182
 24   38.0   48.0  13:27   30.0  03:37   27.0    0.0   0.12    0.3    6.3  12:19     21
 25   35.6   43.9  15:01   28.2  06:59   29.4    0.0   0.00    0.1    5.8  14:56    321
 26   37.1   39.4  15:37   34.3  22:07   27.9    0.0   0.00    0.1    4.9  13:52    342
 27   35.8   41.2  14:58   31.5  21:29   29.2    0.0   0.00    0.2    5.4  13:19    353
 28   42.2   54.5  13:48   32.9  04:36   22.8    0.0   0.08    2.2   23.3  10:06    180
 29   43.5   50.7  00:06   33.8  22:37   21.5    0.0   0.37    4.3   27.5  00:30    181
 30   35.2   46.8  12:38   27.5  23:19   29.8    0.0   0.08    0.4   10.5  16:12    329
 31   31.3   39.9  15:16   26.4  07:38   33.7    0.0   0.00    1.7   14.5  15:24    354
---------------------------------------------------------------------------------------
      38.4   58.5     21    6.6     02  825.0    0.0   2.11    2.9   34.9     19    182