NOAA-Style Climate Reports


Report for 2015 December
                   MONTHLY CLIMATOLOGICAL SUMMARY for Dec 2015


NAME: Lake Shastina, California                  
ELEV: 2405 feet    LAT: 41-32.10 N    LONG: 122-21.22 W


                   TEMPERATURE (F), RAIN (in), WIND SPEED (mph)

                                         HEAT   COOL         AVG
      MEAN                               DEG    DEG          WIND                   DOM
DAY   TEMP   HIGH   TIME    LOW   TIME   DAYS   DAYS   RAIN  SPEED   HIGH   TIME    DIR
---------------------------------------------------------------------------------------
 01   30.5   43.7  23:58   17.1  07:22   34.5    0.0   0.04    0.6   11.4  22:34    343
 02   46.0   53.2  13:33   39.9  02:27   19.0    0.0   0.08    2.3   30.2  23:28    146
 03   43.5   50.4  08:23   38.1  12:13   21.5    0.0   0.29    8.4   41.2  08:15    182
 04   39.6   51.3  13:16   33.3  18:49   25.4    0.0   0.00    1.2   13.2  02:18    197
 05   44.5   51.6  13:02   33.4  00:22   20.5    0.0   0.00    7.3   34.9  22:21    180
 06   46.2   52.5  13:42   36.0  02:43   18.8    0.0   0.20    8.5   34.9  01:20    182
 07   53.9   60.1  15:22   48.2  23:59   11.1    0.0   0.00    5.7   23.7  03:27    183
 08   55.2   62.2  12:16   46.9  03:23    9.8    0.0   0.00    4.8   23.3  14:48    178
 09   52.4   56.3  01:45   46.6  08:35   12.6    0.0   0.21    6.1   35.3  23:47    178
 10   43.0   52.0  00:01   37.2  21:50   22.0    0.0   0.25    3.4   22.8  00:03    205
 11   37.6   48.7  12:41   27.1  07:24   27.4    0.0   0.00    0.9   10.5  10:55    199
 12   36.3   45.3  21:57   27.5  02:14   28.7    0.0   0.04    2.4   27.5  22:09    176
 13   36.6   46.2  02:22   30.2  22:40   28.4    0.0   0.37    3.3   34.9  03:15    180
 14   32.7   38.8  12:03   28.9  07:46   32.3    0.0   0.12    0.0    4.9  14:20    349
 15   28.6   35.1  14:56   22.5  23:36   36.4    0.0   0.00    0.2    6.7  13:56    344
 16   31.2   36.7  13:06   23.2  00:00   33.8    0.0   0.04    0.1    5.4  11:59    338
 17   39.9   52.3  13:49   28.9  07:31   25.1    0.0   0.20    4.3   29.3  23:26    180
 18   40.8   46.4  01:32   34.2  21:04   24.2    0.0   0.04    6.9   37.1  01:31    181
 19   34.5   44.8  13:16   26.2  21:47   30.5    0.0   0.00    0.2    5.8  12:21    356
 20   39.0   46.8  12:18   28.6  00:05   26.0    0.0   0.00    6.8   28.0  08:55    178
 21   44.1   49.3  15:00   38.5  23:53   20.9    0.0   0.20    6.2   31.5  07:12    184
 22   40.0   48.0  13:57   34.9  23:27   25.0    0.0   0.17    0.5   10.5  20:06    322
 23   35.4   43.3  14:33   29.5  21:45   29.6    0.0   0.04    0.3    8.1  12:26    325
 24   32.0   37.6  11:05   27.9  03:46   33.0    0.0   0.00    0.6   11.0  01:23    301
 25   29.0   39.9  13:28   19.9  23:45   36.0    0.0   0.00    0.4    8.3  13:49    342
 26   24.8   33.4  14:16   15.6  08:06   40.2    0.0   0.00    0.5    6.3  13:12    335
 27   28.5   34.3  14:08   23.2  00:29   36.5    0.0   0.00    0.6    6.3  11:08    341
 28   28.9   36.9  14:25   20.3  22:55   36.1    0.0   0.00    0.0    3.6  13:12    345
 29   27.6   35.6  14:34   17.8  04:45   37.4    0.0   0.00    0.1    6.3  12:43    344
 30   29.9   37.6  13:04   21.2  23:55   35.1    0.0   0.00    0.3    6.3  13:17    341
 31   24.8   32.7  14:49   17.4  05:23   40.2    0.0   0.00    1.4   15.4  18:22     71
---------------------------------------------------------------------------------------
      37.3   62.2     08   15.6     26  858.1    0.0   2.32    2.7   41.2     03    181