NOAA-Style Climate Reports


Report for 2015 November
                   MONTHLY CLIMATOLOGICAL SUMMARY for Nov 2015


NAME: Lake Shastina, California                  
ELEV: 2405 feet    LAT: 41-32.10 N    LONG: 122-21.22 W


                   TEMPERATURE (F), RAIN (in), WIND SPEED (mph)

                                         HEAT   COOL         AVG
      MEAN                               DEG    DEG          WIND                   DOM
DAY   TEMP   HIGH   TIME    LOW   TIME   DAYS   DAYS   RAIN  SPEED   HIGH   TIME    DIR
---------------------------------------------------------------------------------------
 01   53.6   60.1  01:26   44.1  23:57   11.4    0.0   0.04    N/A    N/A    N/A     90
 02   43.9   52.9  13:51   36.3  03:23   21.1    0.0   0.00    N/A    N/A    N/A     90
 03   42.1   52.0  13:21   34.9  06:36   22.9    0.0   0.00    2.5  372.4  12:31     10
 04   37.5   50.9  13:54   27.1  07:15   27.5    0.0   0.00    N/A    N/A    N/A     90
 05   38.7   54.7  14:32   26.8  01:29   26.3    0.0   0.00    N/A    N/A    N/A     90
 06   37.8   54.1  15:17   26.1  06:02   27.2    0.0   0.00    N/A    N/A    N/A     90
 07   43.9   59.4  15:00   25.9  06:33   21.1    0.0   0.00    N/A    N/A    N/A     90
 08   47.9   56.3  10:12   32.7  23:54   17.1    0.0   0.00    0.0    8.3  08:54     90
 09   36.0   45.0  14:31   27.0  06:04   29.0    0.0   0.00    N/A    N/A    N/A     90
 10   34.0   48.7  14:37   23.7  23:23   31.0    0.0   0.00    N/A    N/A    N/A     90
 11   33.9   52.5  14:41   19.9  05:54   31.1    0.0   0.00    N/A    N/A    N/A     90
 12   36.9   50.0  15:04   26.2  02:26   28.1    0.0   0.00    N/A    N/A    N/A     90
 13   37.7   55.0  14:55   25.5  06:51   27.3    0.0   0.00    N/A    N/A    N/A     90
 14   43.1   61.9  13:56   24.8  07:13   21.9    0.0   0.00    6.8   28.0  19:25    186
 15   38.7   49.6  00:18   29.8  22:13   26.3    0.0   0.25    2.9   28.0  01:24    183
 16   36.3   44.6  14:02   27.9  07:33   28.7    0.0   0.00    0.2    6.3  15:14     50
 17   41.8   54.1  13:36   33.6  07:26   23.2    0.0   0.00    0.4    6.3  11:08    338
 18   48.2   57.7  14:10   36.9  00:04   16.8    0.0   0.00    1.0    8.3  06:21    351
 19   48.5   61.9  13:41   37.2  03:42   16.5    0.0   0.00    0.3    6.3  13:37      0
 20   46.9   59.4  13:16   33.6  23:56   18.1    0.0   0.00    0.6    7.2  15:07    344
 21   38.4   52.7  14:34   28.4  07:44   26.6    0.0   0.00    0.4    7.6  13:12    335
 22   35.4   50.5  14:10   26.2  05:30   29.6    0.0   0.00    0.2    5.8  12:32    342
 23   39.2   52.3  15:05   23.9  07:16   25.8    0.0   0.00    1.6   21.9  23:55    182
 24   37.7   50.9  00:00   25.9  21:37   27.3    0.0   0.08    2.5   22.4  01:06    176
 25   30.8   39.0  12:14   23.4  22:11   34.2    0.0   0.04    0.1    8.3  18:29     58
 26   28.2   37.4  15:30   16.7  07:58   36.8    0.0   0.00    3.7   13.2  16:22     55
 27   26.2   38.7  13:24   14.4  07:01   38.8    0.0   0.00    0.8   12.8  17:08     95
 28   22.6   37.2  15:07   11.3  07:15   42.4    0.0   0.00    0.5    5.8  12:16    341
 29   21.5   36.9  15:05   10.2  06:36   43.5    0.0   0.00    0.5    6.3  12:25    339
 30   26.1   36.1  13:23   12.2  04:11   38.9    0.0   0.00    0.2    5.8  13:34    337
---------------------------------------------------------------------------------------
      37.8   61.9     14   10.2     29  816.4    0.0   0.41    1.1  372.4     03    146