NOAA-Style Climate Reports


Report for 2015 October
                   MONTHLY CLIMATOLOGICAL SUMMARY for Oct 2015


NAME: Lake Shastina, California                  
ELEV: 2405 feet    LAT: 41-32.10 N    LONG: 122-21.22 W


                   TEMPERATURE (F), RAIN (in), WIND SPEED (mph)

                                         HEAT   COOL         AVG
      MEAN                               DEG    DEG          WIND                   DOM
DAY   TEMP   HIGH   TIME    LOW   TIME   DAYS   DAYS   RAIN  SPEED   HIGH   TIME    DIR
---------------------------------------------------------------------------------------
 01   56.4   70.7  15:51   47.8  23:55    8.6    0.0   0.00    0.1    6.3  14:20     73
 02   57.1   75.6  16:25   39.4  07:14    7.9    0.0   0.00    1.1   10.1  17:42    341
 03   52.1   67.5  15:28   36.7  07:32   12.9    0.0   0.00    2.3   19.2  16:13     26
 04   60.2   77.7  16:30   45.1  06:33    4.8    0.0   0.00    1.3   10.1  00:01    352
 05   60.4   81.1  15:53   42.4  07:27    4.6    0.0   0.00    0.6    6.3  12:07    341
 06   61.8   83.8  15:55   45.7  07:08    3.2    0.0   0.00    0.9    7.6  14:07    348
 07   61.0   76.6  16:39   47.8  07:15    4.0    0.0   0.00    0.5    6.7  13:35    337
 08   65.4   82.2  16:35   50.0  08:01    0.0    0.4   0.00    1.2   15.4  19:41    217
 09   64.2   86.0  13:39   45.5  06:37    0.8    0.0   0.00    2.2   17.4  15:23    192
 10   63.1   82.0  12:49   45.7  07:31    1.9    0.0   0.00    3.0   24.6  15:06    194
 11   56.3   74.8  16:40   41.2  07:25    8.7    0.0   0.00    0.7    8.1  13:02    339
 12   58.6   80.8  16:08   40.6  07:41    6.4    0.0   0.00    0.5    6.7  14:18    347
 13   61.1   83.8  16:41   42.8  07:16    3.9    0.0   0.00    0.5    7.6  14:33    349
 14   62.0   84.6  16:08   44.2  06:37    3.0    0.0   0.00    0.5    6.3  12:19    347
 15   63.2   84.6  16:10   46.4  06:40    1.8    0.0   0.00    0.5    7.6  14:32    346
 16   65.2   84.6  12:49   51.3  06:26    0.0    0.2   0.00    2.2   16.3  16:24    185
 17   61.6   68.9  13:17   52.5  23:51    3.4    0.0   0.25    2.9   16.8  14:03    188
 18   53.8   63.1  14:51   46.4  23:58   11.2    0.0   0.00    0.1    5.4  12:28    338
 19   50.6   62.2  12:36   42.4  08:05   14.4    0.0   0.04    0.4    7.6  11:37    347
 20   49.1   62.6  16:37   39.4  03:00   15.9    0.0   0.00    0.4  113.2  02:51      0
 21   48.9   67.1  15:55   34.7  07:15   16.1    0.0   0.00    N/A    N/A    N/A     90
 22   51.8   69.4  15:45   38.8  07:45   13.2    0.0   0.00    N/A    N/A    N/A     90
 23   47.4   63.1  15:31   33.6  07:14   17.6    0.0   0.00    N/A    N/A    N/A     90
 24   54.7   73.6  13:59   40.3  00:00   10.3    0.0   0.00    N/A    N/A    N/A     90
 25   60.7   72.1  15:33   41.0  23:55    4.3    0.0   0.00    N/A    N/A    N/A     90
 26   46.7   64.6  16:20   32.7  07:51   18.3    0.0   0.00    N/A    N/A    N/A     90
 27   51.8   63.1  15:00   42.6  04:17   13.2    0.0   0.00    N/A    N/A    N/A     90
 28   52.2   61.0  15:36   39.9  23:54   12.8    0.0   0.25    N/A    N/A    N/A     90
 29   45.7   60.8  14:48   34.3  07:47   19.3    0.0   0.00    N/A    N/A    N/A     90
 30   48.5   68.7  16:00   34.9  04:01   16.5    0.0   0.00    N/A    N/A    N/A     90
 31   55.2   72.0  14:07   39.0  07:45    9.8    0.0   0.00    N/A    N/A    N/A     90
---------------------------------------------------------------------------------------
      56.3   86.0     09   32.7     26  269.0    0.6   0.54    1.1  113.2     20    287