NOAA-Style Climate Reports


Report for 2015 September
                   MONTHLY CLIMATOLOGICAL SUMMARY for Sep 2015


NAME: Lake Shastina, California                  
ELEV: 2405 feet    LAT: 41-32.10 N    LONG: 122-21.22 W


                   TEMPERATURE (F), RAIN (in), WIND SPEED (mph)

                                         HEAT   COOL         AVG
      MEAN                               DEG    DEG          WIND                   DOM
DAY   TEMP   HIGH   TIME    LOW   TIME   DAYS   DAYS   RAIN  SPEED   HIGH   TIME    DIR
---------------------------------------------------------------------------------------
 01   68.4   91.0  15:04   49.3  06:41    0.0    3.4   0.00    2.0   15.0  17:27    212
 02   62.4   79.5  14:49   45.0  06:55    2.6    0.0   0.00    2.1   11.0  14:42    346
 03   60.3   74.1  15:54   32.2  12:40    4.7    0.0   0.00    2.1   13.2  17:50    337
 04   53.0   67.5  15:33   41.2  06:04   12.0    0.0   0.00    1.9   17.0  18:44    351
 05   51.9   71.1  18:59   33.8  06:38   13.1    0.0   0.00    1.1    8.7  14:45    331
 06   57.1   78.4  16:56   36.1  06:09    7.9    0.0   0.00    1.0    8.1  12:53    335
 07   62.9   88.3  19:02   41.5  07:02    2.1    0.0   0.00    0.8    8.3  12:31    333
 08   67.1   93.6  19:05   45.5  06:05    0.0    2.1   0.00    0.9    7.6  11:59    340
 09   70.5   95.4  15:54   49.1  05:56    0.0    5.5   0.00    1.3    8.7  15:03    347
 10   72.9   97.3  16:33   50.4  06:56    0.0    7.9   0.00    1.4   12.8  18:42    319
 11   73.1   94.1  16:10   56.3  06:23    0.0    8.1   0.00    0.6    6.3  13:24    342
 12   74.9   97.3  16:00   55.0  06:53    0.0    9.9   0.00    0.6    8.3  19:12    334
 13   72.5   88.3  16:20   58.6  07:17    0.0    7.5   0.00    0.6    8.1  18:40    342
 14   64.0   72.5  13:17   53.2  23:55    1.0    0.0   0.00    4.2   22.8  17:19    187
 15   52.7   63.9  14:06   41.7  06:50   12.3    0.0   0.00    0.8   11.0  14:48    318
 16   49.9   62.1  14:30   37.2  05:01   15.1    0.0   0.00    4.2   25.1  08:26    187
 17   55.0   70.2  14:07   40.5  06:49   10.0    0.0   0.00    1.7   11.0  14:10    344
 18   55.3   78.4  18:50   36.1  07:25    9.7    0.0   0.00    0.9    8.3  15:35    347
 19   61.2   84.0  18:50   39.4  06:42    3.8    0.0   0.00    0.7    7.6  15:51    341
 20   65.9  104.4  16:40   44.4  07:14    0.0    0.9   0.00    0.9    7.6  14:48    340
 21   66.6   89.2  16:12   46.0  06:48    0.0    1.6   0.00    1.2    8.1  16:29    346
 22   65.6   88.9  15:43   47.5  07:06    0.0    0.6   0.00    1.2   10.5  15:02    320
 23   62.5   82.9  16:50   42.6  07:01    2.5    0.0   0.00    1.0    8.1  15:48    343
 24   66.2   89.8  16:07   48.4  03:43    0.0    1.2   0.00    1.6   11.0  16:44    234
 25   66.2   88.9  16:20   45.0  07:14    0.0    1.2   0.00    1.6   14.5  18:56    199
 26   63.4   81.9  16:32   47.3  06:00    1.6    0.0   0.00    1.0   10.5  18:06    345
 27   60.0   80.6  16:31   41.4  07:08    5.0    0.0   0.00    0.8    7.6  12:13    348
 28   63.9   85.1  14:20   44.4  06:51    1.1    0.0   0.00    2.9   21.0  16:18    188
 29   63.8   81.3  13:53   44.2  07:15    1.2    0.0   0.00    3.9   20.1  14:27    187
 30   57.9   74.1  14:44   41.5  06:44    7.1    0.0   0.00    2.6   21.5  14:50    189
---------------------------------------------------------------------------------------
      62.9  104.4     20   32.2     03  112.7   50.0   0.00    1.6   25.1     16    287