NOAA-Style Climate Reports


Report for 2015 August
                   MONTHLY CLIMATOLOGICAL SUMMARY for Aug 2015


NAME: Lake Shastina, California                  
ELEV: 2405 feet    LAT: 41-32.10 N    LONG: 122-21.22 W


                   TEMPERATURE (F), RAIN (in), WIND SPEED (mph)

                                         HEAT   COOL         AVG
      MEAN                               DEG    DEG          WIND                   DOM
DAY   TEMP   HIGH   TIME    LOW   TIME   DAYS   DAYS   RAIN  SPEED   HIGH   TIME    DIR
---------------------------------------------------------------------------------------
 01   81.4  105.3  16:10   65.5  06:39    0.0   16.4   0.00    0.9   11.0  16:31    340
 02   77.5   85.8  18:15   70.3  06:59    0.0   12.5   0.00    1.4   15.4  22:28     54
 03   66.1   72.7  00:00   60.4  05:50    0.0    1.1   0.00    0.0    4.0  02:44     12
 04
 05
 06
 07
 08   77.1   88.9  15:23   62.1  23:53    0.0   12.1   0.00    2.4   13.2  17:12    276
 09   69.8   91.2  15:47   50.7  06:30    0.0    4.8   0.00    1.7   14.5  17:06    325
 10   69.7   90.1  15:11   52.5  06:18    0.0    4.7   0.00    1.9   14.5  15:57    223
 11   70.8   87.6  14:34   56.7  06:25    0.0    5.8   0.00    2.9   18.3  14:59    196
 12   74.0   88.5  15:28   55.6  06:28    0.0    9.0   0.00    3.3   15.4  02:51    194
 13   72.5   90.0  15:07   51.4  06:30    0.0    7.5   0.00    2.7   13.2  19:25    187
 14   68.3   81.3  15:28   51.4  06:32    0.0    3.3   0.00    2.5   10.1  17:46    344
 15   67.9   92.8  19:07   47.1  06:27    0.0    2.9   0.00    0.9    8.1  14:34    339
 16   72.1   93.6  17:10   48.9  06:11    0.0    7.1   0.00    1.2   10.1  19:23    342
 17   72.9   94.3  19:03   53.2  06:34    0.0    7.9   0.00    1.0    8.7  12:03    341
 18   75.4   98.4  17:05   54.7  06:40    0.0   10.4   0.00    0.8    6.7  10:31    346
 19   74.0   94.6  16:26   56.8  05:58    0.0    9.0   0.00    0.5    5.4  11:53    345
 20   73.6   94.1  16:57   54.1  06:02    0.0    8.6   0.00    1.3    8.1  14:20    347
 21   72.4   92.8  16:13   54.3  06:11    0.0    7.4   0.00    1.4    8.3  14:49    343
 22   73.0   94.6  17:58   53.2  06:37    0.0    8.0   0.00    1.8   11.0  18:27    317
 23   75.1   94.8  14:24   50.7  06:26    0.0   10.1   0.00    3.6   17.0  18:22    188
 24   76.0   92.5  14:31   58.6  06:44    0.0   11.0   0.00    3.8   19.2  18:41    186
 25   73.3   93.9  14:22   53.1  06:11    0.0    8.3   0.00    3.2   19.7  14:31    188
 26   72.3   91.6  14:35   52.7  06:17    0.0    7.3   0.00    3.4   17.4  13:01    189
 27   72.8   94.1  15:14   52.5  06:13    0.0    7.8   0.00    2.5   19.2  15:48    192
 28   73.5   89.8  13:57   58.5  07:00    0.0    8.5   0.00    3.8   19.7  21:39    184
 29   71.7   82.9  14:52   56.8  23:58    0.0    6.7   0.00    7.1   25.7  01:20    184
 30   62.3   78.6  15:42   47.3  04:46    2.7    0.0   0.00    1.9   12.8  16:06    344
 31   64.0   88.3  19:08   45.3  06:16    1.0    0.0   0.00    0.9    8.3  15:30    344
---------------------------------------------------------------------------------------
      72.3  105.3     01   45.3     31    3.7  198.2   0.00    2.2   25.7     29    207