NOAA-Style Climate Reports


Report for 2015 July
                   MONTHLY CLIMATOLOGICAL SUMMARY for Jul 2015


NAME: Lake Shastina, California                  
ELEV: 2405 feet    LAT: 41-32.10 N    LONG: 122-21.22 W


                   TEMPERATURE (F), RAIN (in), WIND SPEED (mph)

                                         HEAT   COOL         AVG
      MEAN                               DEG    DEG          WIND                   DOM
DAY   TEMP   HIGH   TIME    LOW   TIME   DAYS   DAYS   RAIN  SPEED   HIGH   TIME    DIR
---------------------------------------------------------------------------------------
 01   85.8  106.5  14:40   62.8  05:40    0.0   20.8   0.00    2.5   19.2  18:21    192
 02   86.5  105.4  15:25   65.3  06:02    0.0   21.5   0.00    1.6   15.9  19:11    352
 03   81.4   96.8  14:12   66.6  06:04    0.0   16.4   0.00    0.9   10.5  15:15    206
 04   79.4  102.6  16:16   61.0  06:00    0.0   14.4   0.04    1.7   15.4  20:31    310
 05   79.3   97.0  17:13   66.9  06:01    0.0   14.3   0.00    2.9   19.7  12:59    179
 06   80.0   99.3  19:29   59.5  05:49    0.0   15.0   0.00    2.6   17.0  16:50    188
 07   74.2   93.0  13:02   61.3  06:06    0.0    9.2   0.04    0.9   13.2  18:31     34
 08   69.3   82.8  13:09   61.9  04:01    0.0    4.3   0.04    0.8    9.6  16:17    333
 09   67.5   82.9  16:44   60.8  22:51    0.0    2.5   0.91    1.2   15.0  15:36    195
 10   68.4   84.4  16:15   59.7  06:00    0.0    3.4   0.00    2.5   17.4  15:11    208
 11   71.1   86.2  15:22   55.8  05:51    0.0    6.1   0.00    3.5   16.8  09:39    186
 12   69.0   82.6  15:24   56.7  23:59    0.0    4.0   0.00    3.5   20.1  15:43    188
 13   68.4   86.2  15:22   51.3  05:32    0.0    3.4   0.00    1.5   11.0  18:27    340
 14   71.0   88.9  17:18   54.3  05:48    0.0    6.0   0.00    2.2   13.2  20:00    341
 15   74.0   90.5  16:16   55.0  05:58    0.0    9.0   0.00    2.0   13.2  19:17    339
 16   73.6   89.8  16:54   53.2  06:16    0.0    8.6   0.00    2.0   11.0  19:08    337
 17   74.0   92.1  17:12   53.8  06:05    0.0    9.0   0.00    1.8   10.5  19:36    347
 18   77.5   97.9  19:23   53.8  06:13    0.0   12.5   0.00    2.4   15.0  13:25    191
 19   79.4   97.2  15:38   57.9  05:47    0.0   14.4   0.00    1.3   12.8  17:45    327
 20   76.8   96.8  15:44   59.0  05:43    0.0   11.8   0.00    1.4   10.5  18:36    326
 21   75.8   98.1  19:33   55.8  05:53    0.0   10.8   0.00    1.6   11.0  13:13    327
 22   74.2   93.2  14:58   57.2  05:55    0.0    9.2   0.00    1.9   13.2  18:48    334
 23   70.8   88.7  15:37   49.6  06:10    0.0    5.8   0.00    2.5   15.0  18:07    192
 24   72.9   91.8  15:15   50.9  05:48    0.0    7.9   0.00    1.8   13.2  20:14    213
 25   72.8   91.6  15:30   51.4  06:01    0.0    7.8   0.00    1.8   10.5  18:26    335
 26   68.1   84.0  15:30   52.9  05:58    0.0    3.1   0.00    2.9   17.9  19:09    349
 27   66.0   83.5  19:08   46.0  05:53    0.0    1.0   0.00    1.9   11.0  15:34    335
 28   72.4   97.0  19:29   49.1  06:22    0.0    7.4   0.00    1.4   11.0  16:09    338
 29   78.1  100.8  19:09   54.5  06:07    0.0   13.1   0.00    1.4    8.3  14:29    342
 30   78.3  101.1  15:58   54.5  06:16    0.0   13.3   0.00    1.3   12.8  17:38    335
 31   81.6  104.9  17:09   58.8  05:59    0.0   16.6   0.00    1.3   16.8  16:10    360
---------------------------------------------------------------------------------------
      74.8  106.5     01   46.0     27    0.0  302.7   1.04    1.9   20.1     12    300