NOAA-Style Climate Reports


Report for 2015 June
                   MONTHLY CLIMATOLOGICAL SUMMARY for Jun 2015


NAME: Lake Shastina, California                  
ELEV: 2405 feet    LAT: 41-32.10 N    LONG: 122-21.22 W


                   TEMPERATURE (F), RAIN (in), WIND SPEED (mph)

                                         HEAT   COOL         AVG
      MEAN                               DEG    DEG          WIND                   DOM
DAY   TEMP   HIGH   TIME    LOW   TIME   DAYS   DAYS   RAIN  SPEED   HIGH   TIME    DIR
---------------------------------------------------------------------------------------
 01   60.9   73.0  08:16   48.7  05:51    4.1    0.0   0.17    3.5   17.4  08:17    187
 02   59.7   73.6  15:40   47.5  02:44    5.3    0.0   0.04    2.0   11.0  16:14    347
 03   61.7   77.4  15:56   45.7  05:53    3.3    0.0   0.00    2.4   15.0  17:56    343
 04   62.0   79.5  19:39   50.9  05:47    3.0    0.0   0.33    1.1   11.9  16:09    317
 05   67.4   91.6  19:17   46.6  05:42    0.0    2.4   0.00    1.9   12.3  17:07    340
 06   74.2   95.0  19:17   53.1  05:56    0.0    9.2   0.00    2.3   12.3  16:50    332
 07   77.6  102.2  19:04   54.5  05:34    0.0   12.6   0.00    1.5   10.5  14:25    327
 08   82.5  104.9  19:07   59.0  05:42    0.0   17.5   0.00    1.3   10.1  13:51    316
 09   76.5   95.2  13:09   62.6  06:05    0.0   11.5   0.21    1.0   24.6  18:24    270
 10   73.2   89.6  15:43   57.4  05:36    0.0    8.2   0.00    2.0   15.0  18:52    352
 11   70.8   91.2  16:45   46.2  05:45    0.0    5.8   0.00    1.9   11.0  19:25    337
 12   75.3   93.4  16:11   54.5  05:44    0.0   10.3   0.00    2.1   13.2  18:38    342
 13   72.1   90.1  17:12   52.0  04:50    0.0    7.1   0.00    1.9   12.3  19:54    342
 14   72.5   94.1  17:47   48.9  05:56    0.0    7.5   0.00    1.7   11.0  18:48    341
 15   73.5   91.2  15:43   52.5  05:52    0.0    8.5   0.00    2.4   16.8  18:14    350
 16   73.2   92.7  17:31   51.6  05:38    0.0    8.2   0.00    2.1   14.5  18:50    346
 17   74.4   95.2  16:34   51.6  05:27    0.0    9.4   0.00    1.8   11.9  19:16    342
 18   74.2   94.5  15:32   54.7  05:41    0.0    9.2   0.00    2.1   14.5  16:15    322
 19   69.5   87.3  17:15   47.8  05:34    0.0    4.5   0.00    1.8   11.0  18:48    344
 20   71.3   89.6  16:01   52.0  05:52    0.0    6.3   0.00    1.2   11.0  13:44    332
 21   75.3   93.7  19:29   59.2  03:54    0.0   10.3   0.00    3.0   15.0  07:26    218
 22   71.6   90.5  15:45   50.9  05:37    0.0    6.6   0.00    2.2   15.4  19:32    345
 23   72.8   92.3  16:18   49.8  05:51    0.0    7.8   0.00    1.6   12.8  19:40    346
 24   75.0   95.9  16:07   52.7  05:55    0.0   10.0   0.00    2.0   15.0  19:34    346
 25   79.5  102.0  19:08   32.0  02:25    0.0   14.5   0.00    1.4   10.1  19:44    344
 26   85.2  108.3  19:38   61.7  05:32    0.0   20.2   0.00    2.1   15.9  17:13    210
 27   83.6  102.9  14:17   65.7  06:00    0.0   18.6   0.00    3.3   19.7  22:15    186
 28   82.2   99.3  19:32   68.7  05:34    0.0   17.2   0.00    2.7   17.9  17:23    185
 29   83.4  104.2  19:14   60.4  06:00    0.0   18.4   0.00    2.6   13.6  15:05    193
 30   82.6  101.8  19:01   59.7  05:50    0.0   17.6   0.00    1.8   13.2  19:28    345
---------------------------------------------------------------------------------------
      73.8  108.3     26   32.0     25   15.7  279.4   0.75    2.0   24.6     09    330