NOAA-Style Climate Reports


Report for 2015 May
                   MONTHLY CLIMATOLOGICAL SUMMARY for May 2015


NAME: Lake Shastina, California                  
ELEV: 2405 feet    LAT: 41-32.10 N    LONG: 122-21.22 W


                   TEMPERATURE (F), RAIN (in), WIND SPEED (mph)

                                         HEAT   COOL         AVG
      MEAN                               DEG    DEG          WIND                   DOM
DAY   TEMP   HIGH   TIME    LOW   TIME   DAYS   DAYS   RAIN  SPEED   HIGH   TIME    DIR
---------------------------------------------------------------------------------------
 01   62.5   84.6  16:43   37.8  06:19    2.5    0.0   0.00    2.0   12.8  20:28    343
 02   63.9   87.1  15:16   41.7  06:10    1.1    0.0   0.00    2.1   13.6  19:02    318
 03   65.3   86.4  15:01   41.4  06:14    0.0    0.3   0.00    2.4   14.1  14:51    249
 04   62.7   80.8  15:46   45.3  06:22    2.3    0.0   0.00    2.7   15.9  19:08    350
 05   54.2   70.9  15:44   38.5  06:11   10.8    0.0   0.00    2.7   15.0  17:01    346
 06   49.3   62.6  15:51   32.5  05:23   15.7    0.0   0.00    4.4   17.4  21:21    357
 07   52.3   66.6  16:21   36.5  05:40   12.7    0.0   0.00    4.1   15.9  15:29     10
 08   60.0   78.6  18:55   38.8  05:19    5.0    0.0   0.00    2.8   11.9  18:14    334
 09   61.9   81.3  19:20   40.6  06:20    3.1    0.0   0.00    2.0   10.5  15:31    338
 10   59.6   77.4  16:20   41.4  06:21    5.4    0.0   0.41    2.1   13.6  18:16    335
 11   49.0   54.9  11:49   42.6  23:52   16.0    0.0   0.33    0.8   10.5  13:23    350
 12   48.6   63.5  17:38   40.3  04:31   16.4    0.0   0.00    1.2   10.1  16:26    321
 13   50.1   67.1  17:01   34.9  04:47   14.9    0.0   0.00    1.9   17.0  15:16    233
 14   52.0   67.8  16:47   35.4  06:06   13.0    0.0   0.00    2.0   14.1  18:51      7
 15   50.4   60.6  18:44   42.8  04:26   14.6    0.0   0.00    0.9   10.1  19:41      4
 16   55.2   69.4  16:38   41.9  05:48    9.8    0.0   0.25    1.9   10.5  14:32    332
 17   58.9   75.9  15:56   47.3  02:02    6.1    0.0   0.04    2.5   17.0  14:04    200
 18   55.7   67.8  17:00   50.5  04:51    9.3    0.0   0.37    1.1   15.9  17:21    359
 19   56.8   71.4  15:28   50.7  23:58    8.2    0.0   0.08    0.8   12.8  18:29    347
 20   56.5   68.4  16:58   50.4  00:07    8.5    0.0   0.13    0.5    6.3  11:41    328
 21   59.4   74.3  15:21   47.5  02:48    5.6    0.0   0.00    1.7   11.0  16:33    341
 22   57.1   66.6  12:38   47.3  23:57    7.9    0.0   0.08    1.0   10.1  13:11    338
 23   57.4   72.9  19:01   39.0  05:57    7.6    0.0   0.00    2.1   11.0  18:40    340
 24   63.3   81.9  16:44   42.8  05:48    1.7    0.0   0.00    1.9   12.8  18:39    351
 25   65.8   82.6  16:38   47.7  05:41    0.0    0.8   0.00    2.0   13.6  19:03    345
 26   65.0   81.9  16:42   44.1  06:05    0.0    0.0   0.00    1.9   10.5  16:10    342
 27   67.3   89.1  19:08   46.0  05:55    0.0    2.3   0.00    2.1   10.5  19:49    345
 28   70.9   95.0  19:36   47.8  05:54    0.0    5.9   0.00    1.9   11.0  15:18    342
 29   72.6   92.3  15:22   52.0  05:37    0.0    7.6   0.00    2.3   14.5  13:54    205
 30   73.2   89.2  13:44   60.4  05:52    0.0    8.2   0.00    3.4   17.9  18:45    184
 31   68.7   84.4  15:43   55.2  05:56    0.0    3.7   0.00    4.5   20.1  15:19    182
---------------------------------------------------------------------------------------
      59.5   95.0     28   32.5     06  198.2   28.9   1.70    2.1   20.1     31    339