NOAA-Style Climate Reports


Report for 2015 April
                   MONTHLY CLIMATOLOGICAL SUMMARY for Apr 2015


NAME: Lake Shastina, California                  
ELEV: 2405 feet    LAT: 41-32.10 N    LONG: 122-21.22 W


                   TEMPERATURE (F), RAIN (in), WIND SPEED (mph)

                                         HEAT   COOL         AVG
      MEAN                               DEG    DEG          WIND                   DOM
DAY   TEMP   HIGH   TIME    LOW   TIME   DAYS   DAYS   RAIN  SPEED   HIGH   TIME    DIR
---------------------------------------------------------------------------------------
 01   39.7   57.0  14:31   23.5  06:32   25.3    0.0   0.00    3.7   17.9  15:19    350
 02   41.1   58.5  18:58   24.3  07:02   23.9    0.0   0.00    1.7   11.0  15:31    327
 03   43.9   61.5  15:26   23.9  06:40   21.1    0.0   0.00    1.7    9.2  17:28    336
 04   46.7   59.5  14:26   33.4  06:08   18.3    0.0   0.00    2.0   11.0  18:37    334
 05   42.4   56.3  14:42   29.1  23:01   22.6    0.0   0.00    3.9   22.8  10:54    198
 06   42.7   53.1  12:29   29.1  00:01   22.3    0.0   0.00    8.4   32.4  13:57    179
 07   41.6   52.2  14:56   36.0  20:27   23.4    0.0   0.00    4.5   27.5  03:22    190
 08   42.7   59.7  15:16   30.6  05:30   22.3    0.0   0.00    1.5    8.7  13:14    304
 09   46.7   68.0  16:00   26.2  06:37   18.3    0.0   0.00    3.0   17.4  18:23    197
 10   50.7   68.7  15:13   29.8  06:21   14.3    0.0   0.00    3.9   21.0  13:59    183
 11   49.8   64.4  16:40   34.9  23:56   15.2    0.0   0.00    2.7   15.0  15:44    342
 12   47.1   72.9  18:59   26.4  06:17   17.9    0.0   0.00    1.3    8.3  13:48    336
 13   51.5   73.9  14:12   31.1  06:20   13.5    0.0   0.04    5.1   24.6  15:45    195
 14   41.0   53.6  16:08   32.4  05:52   24.0    0.0   0.00    2.5   13.2  16:45    355
 15   43.8   65.7  19:02   24.4  06:28   21.2    0.0   0.00    2.2   11.0  15:38    326
 16   51.4   78.3  19:04   30.2  06:30   13.6    0.0   0.00    1.7   10.5  14:35    345
 17   57.2   79.5  15:38   34.9  06:00    7.8    0.0   0.00    2.0   12.8  18:23    339
 18   60.8   81.0  15:36   39.6  06:27    4.2    0.0   0.00    2.7   15.4  23:11     29
 19   61.9   82.4  19:03   40.8  06:21    3.1    0.0   0.00    2.3   14.5  01:37      0
 20   60.8   83.5  16:14   37.9  06:21    4.2    0.0   0.00    1.9    8.7  14:41    339
 21   58.6   78.3  14:36   41.0  05:45    6.4    0.0   0.00    3.1   20.6  17:41    345
 22   54.7   68.9  16:38   43.0  23:49   10.3    0.0   0.00    2.6   12.8  16:47    326
 23   50.0   69.3  14:19   32.2  06:15   15.0    0.0   0.08    1.9   15.9  16:21    343
 24   44.9   57.6  15:35   33.3  05:33   20.1    0.0   0.00    1.1   10.5  17:44      1
 25   48.4   63.0  16:37   37.2  06:25   16.6    0.0   0.00    1.9   12.3  17:29    350
 26   50.8   68.4  16:43   33.1  04:00   14.2    0.0   0.00    2.4   12.8  16:03    343
 27   59.2   83.1  19:01   37.4  06:00    5.8    0.0   0.00    1.7   10.1  13:58    344
 28   62.5   84.7  15:57   42.8  06:02    2.5    0.0   0.00    2.8   17.4  13:34    233
 29   54.5   71.1  15:41   42.4  05:50   10.5    0.0   0.00    2.2   17.4  17:33    343
 30   56.0   81.7  18:54   34.0  06:21    9.0    0.0   0.00    1.1    9.2  10:51    262
---------------------------------------------------------------------------------------
      50.1   84.7     28   23.5     01  447.2    0.0   0.13    2.7   32.4     06    318