NOAA-Style Climate Reports


Report for 2015 March
                   MONTHLY CLIMATOLOGICAL SUMMARY for Mar 2015


NAME: Lake Shastina, California                  
ELEV: 2405 feet    LAT: 41-32.10 N    LONG: 122-21.22 W


                   TEMPERATURE (F), RAIN (in), WIND SPEED (mph)

                                         HEAT   COOL         AVG
      MEAN                               DEG    DEG          WIND                   DOM
DAY   TEMP   HIGH   TIME    LOW   TIME   DAYS   DAYS   RAIN  SPEED   HIGH   TIME    DIR
---------------------------------------------------------------------------------------
 01   36.5   50.5  15:21   23.2  06:27   28.5    0.0   0.00    1.8   16.8  00:17    357
 02   41.6   55.0  15:38   31.8  03:21   23.4    0.0   0.00    1.2   10.5  11:03    337
 03   37.6   54.1  14:48   23.4  06:46   27.4    0.0   0.00    1.5    8.7  14:12    333
 04   38.3   57.9  15:59   22.6  06:59   26.7    0.0   0.00    1.4    8.3  12:30    335
 05   41.3   62.8  15:23   23.5  06:25   23.7    0.0   0.00    1.1    7.6  12:58    338
 06   44.4   65.8  16:04   26.2  06:06   20.6    0.0   0.00    1.1    8.1  13:35    334
 07   46.2   68.0  15:31   28.4  05:59   18.8    0.0   0.00    1.0    8.1  13:06    323
 08   47.9   69.4  16:58   29.5  07:44   17.1    0.0   0.00    1.1    7.2  13:20    335
 09   48.5   70.9  16:44   29.5  07:28   16.5    0.0   0.00    1.2    8.3  15:19    335
 10   49.5   65.8  13:15   33.4  05:39   15.5    0.0   0.00    4.7   26.2  14:06    180
 11   53.6   61.7  15:24   42.6  23:02   11.4    0.0   0.00    6.5   25.7  13:41    183
 12   47.2   63.0  16:20   32.9  07:13   17.8    0.0   0.00    1.1    8.3  15:18    331
 13   54.5   72.0  15:15   36.5  07:27   10.5    0.0   0.00    4.0   25.1  17:32    185
 14   60.3   66.4  15:15   53.1  21:48    4.7    0.0   0.00    4.5   26.6  16:32    189
 15   57.1   65.5  11:52   45.7  23:51    7.9    0.0   0.17    6.5   26.2  02:46    182
 16   48.8   58.1  14:12   41.5  23:32   16.2    0.0   0.13    0.2    5.8  13:53      2
 17   48.1   62.6  15:29   35.6  05:18   16.9    0.0   0.00    1.4    9.2  13:17    341
 18   46.0   64.0  17:11   31.5  06:41   19.0    0.0   0.00    1.2    8.7  11:08    329
 19   47.6   67.5  16:50   29.5  07:09   17.4    0.0   0.00    1.1    8.1  12:11    334
 20   50.2   69.3  15:15   34.5  04:30   14.8    0.0   0.00    3.9   22.8  21:31    179
 21   53.8   69.8  16:21   40.6  07:15   11.2    0.0   0.00    3.5   17.0  21:56    190
 22   51.5   65.7  13:07   37.2  23:14   13.5    0.0   0.17    5.7   24.2  14:42    179
 23   45.2   60.1  14:14   32.4  06:58   19.8    0.0   0.00    3.8   22.8  16:05    181
 24   47.7   55.9  15:44   39.6  23:57   17.3    0.0   0.04    1.7   13.2  01:34    328
 25   48.4   65.1  19:02   35.4  03:43   16.6    0.0   0.00    1.0    8.3  12:28    333
 26   53.9   75.0  19:00   35.6  06:11   11.1    0.0   0.00    1.4    8.3  14:31    331
 27   58.9   77.7  14:05   40.1  07:14    6.1    0.0   0.00    4.3   22.4  15:03    178
 28   49.2   66.6  18:58   32.9  07:31   15.8    0.0   0.00    1.7   12.8  02:06    350
 29   52.3   73.2  17:09   33.3  06:46   12.7    0.0   0.00    1.2    8.7  12:11    327
 30   56.9   79.2  16:07   38.1  07:09    8.1    0.0   0.00    2.6   19.7  16:12    226
 31   44.9   59.5  14:50   31.3  23:58   20.1    0.0   0.00    2.4   15.9  14:54    334
---------------------------------------------------------------------------------------
      48.6   79.2     30   22.6     04  507.2    0.0   0.50    2.5   26.6     14    204