NOAA-Style Climate Reports


Report for 2015 February
                   MONTHLY CLIMATOLOGICAL SUMMARY for Feb 2015


NAME: Lake Shastina, California                  
ELEV: 2405 feet    LAT: 41-32.10 N    LONG: 122-21.22 W


                   TEMPERATURE (F), RAIN (in), WIND SPEED (mph)

                                         HEAT   COOL         AVG
      MEAN                               DEG    DEG          WIND                   DOM
DAY   TEMP   HIGH   TIME    LOW   TIME   DAYS   DAYS   RAIN  SPEED   HIGH   TIME    DIR
---------------------------------------------------------------------------------------
 01   42.1   54.3  15:13   28.4  03:09   22.9    0.0   0.00    0.7    6.3  13:21    278
 02   44.8   49.6  12:06   38.5  00:28   20.2    0.0   0.95    0.7   12.3  14:25     65
 03   50.7   62.6  15:01   42.3  00:00   14.3    0.0   0.00    2.1   14.5  14:32    181
 04   55.4   60.6  13:27   45.5  00:57    9.6    0.0   0.00    7.9   27.1  13:01    187
 05   52.1   57.2  13:57   45.3  23:59   12.9    0.0   0.29   11.9   47.6  20:35    184
 06   45.8   50.7  15:40   42.6  10:49   19.2    0.0   1.57   11.4   39.4  01:44    179
 07   51.5   56.5  14:34   47.7  06:21   13.5    0.0   0.04    8.6   26.6  12:37    179
 08   51.7   61.2  10:52   44.8  23:59   13.3    0.0   1.04    8.6   28.4  06:14    179
 09   47.4   59.4  13:05   30.2  23:55   17.6    0.0   0.04    5.2   22.4  01:54    183
 10   36.4   50.0  16:04   25.3  06:40   28.6    0.0   0.00    0.8    6.3  11:57    340
 11   40.5   53.6  15:42   30.0  03:33   24.5    0.0   0.00    0.6    6.3  11:20    339
 12   41.4   56.8  15:15   30.2  05:15   23.6    0.0   0.00    0.6    6.3  13:19    336
 13   43.3   54.5  14:46   30.7  06:48   21.7    0.0   0.00    0.5    7.6  12:51    339
 14   43.4   61.2  15:18   30.4  07:04   21.6    0.0   0.00    0.8   10.1  11:15    340
 15   41.4   58.1  14:27   28.6  05:55   23.6    0.0   0.00    1.4    7.6  11:43    344
 16   40.7   58.5  15:04   26.4  06:46   24.3    0.0   0.00    1.0    7.6  12:11    342
 17   45.9   62.1  15:51   28.6  06:57   19.1    0.0   0.00    0.9    6.3  12:09    339
 18   45.7   63.9  15:52   30.6  07:28   19.3    0.0   0.00    1.0    6.7  13:10    334
 19   44.7   63.1  15:30   29.7  07:13   20.3    0.0   0.00    1.1    8.1  13:45    338
 20   42.4   58.6  15:25   27.0  07:13   22.6    0.0   0.00    1.1    6.3  10:44    337
 21   42.3   57.6  15:07   26.1  07:12   22.7    0.0   0.00    3.7   21.9  21:37     40
 22   41.7   50.7  14:54   34.7  07:22   23.3    0.0   0.00    6.8   17.4  07:06     50
 23   40.1   55.0  14:47   28.9  23:38   24.9    0.0   0.00    5.5   17.4  10:11     47
 24   37.5   58.3  15:13   20.7  06:56   27.5    0.0   0.00    1.2    7.2  13:15    339
 25   40.8   59.0  14:36   23.7  06:47   24.2    0.0   0.00    1.3    8.3  13:36    334
 26   43.1   57.0  13:10   33.1  00:45   21.9    0.0   0.04    1.3    8.7  15:30    349
 27   40.9   52.0  12:01   33.8  04:08   24.1    0.0   0.04    1.2   11.4  14:38     15
 28   40.2   49.6  12:25   33.3  02:36   24.8    0.0   0.04    3.6  372.4  15:55     62
---------------------------------------------------------------------------------------
      44.1   63.9     18   20.7     24  586.1    0.0   4.06    3.3  372.4     28    166