NOAA-Style Climate Reports


Report for 2015 January
                   MONTHLY CLIMATOLOGICAL SUMMARY for Jan 2015


NAME: Lake Shastina, California                  
ELEV: 2405 feet    LAT: 41-32.10 N    LONG: 122-21.22 W


                   TEMPERATURE (F), RAIN (in), WIND SPEED (mph)

                                         HEAT   COOL         AVG
      MEAN                               DEG    DEG          WIND                   DOM
DAY   TEMP   HIGH   TIME    LOW   TIME   DAYS   DAYS   RAIN  SPEED   HIGH   TIME    DIR
---------------------------------------------------------------------------------------
 01   25.0   40.5  15:05   13.8  07:50   40.0    0.0   0.00    N/A    N/A    N/A     90
 02   27.6   42.8  14:30   16.2  07:25   37.4    0.0   0.00    N/A    N/A    N/A     90
 03   30.8   46.0  14:50   21.0  04:50   34.2    0.0   0.00    N/A    N/A    N/A     90
 04   37.1   48.9  13:55   29.2  03:45   27.9    0.0   0.00    N/A    N/A    N/A     90
 05   37.0   51.2  14:25   28.8  03:45   28.0    0.0   0.00    N/A    N/A    N/A     90
 06   37.8   53.4  14:45   27.5  07:30   27.2    0.0   0.00    N/A    N/A    N/A     90
 07   37.1   53.8  14:45   26.8  06:05   27.9    0.0   0.00    N/A    N/A    N/A     90
 08   36.4   51.5  14:45   25.7  07:10   28.6    0.0   0.00    N/A    N/A    N/A     90
 09   38.0   49.6  14:30   29.7  07:35   27.0    0.0   0.00    N/A    N/A    N/A     90
 10   40.1   49.6  15:00   33.8  07:00   24.9    0.0   0.00    N/A    N/A    N/A     90
 11   34.8   41.8  14:20   26.2  06:25   30.2    0.0   0.00    N/A    N/A    N/A     90
 12   40.6   45.5  14:20   36.9  06:30   24.4    0.0   0.04    N/A    N/A    N/A     90
 13   38.0   47.0  14:10   26.8  00:00   27.0    0.0   0.00    N/A    N/A    N/A     90
 14   31.7   45.0  14:55   22.0  07:45   33.3    0.0   0.00    N/A    N/A    N/A     90
 15   42.3   54.0  16:15   29.5  05:45   22.7    0.0   0.00    N/A    N/A    N/A     90
 16   44.2   50.4  00:40   39.6  21:33   20.8    0.0   0.04    0.8    8.1  18:05    155
 17   49.8   61.5  14:42   38.5  06:45   15.2    0.0   0.00    4.5   24.2  22:56    178
 18   49.8   59.5  12:46   35.1  23:56   15.2    0.0   0.12    2.9   25.5  00:01    235
 19   35.2   47.5  15:15   25.5  07:31   29.8    0.0   0.00    0.7    6.3  12:26    343
 20   32.5   46.8  14:59   22.6  07:07   32.5    0.0   0.00    0.7    5.8  11:01    341
 21   32.8   47.5  15:21   22.5  06:36   32.2    0.0   0.00    0.8    6.3  12:17    342
 22   37.4   50.9  15:06   28.8  23:58   27.6    0.0   0.00    0.6    6.3  13:02    343
 23   37.8   52.9  14:52   26.4  07:13   27.2    0.0   0.00    0.8    6.3  12:14    344
 24   39.1   56.5  15:10   27.5  06:55   25.9    0.0   0.00    0.9    5.8  14:35    333
 25   40.8   57.9  15:30   28.4  07:22   24.2    0.0   0.00    0.9    6.7  12:34    344
 26   40.9   56.8  14:30   30.4  06:35   24.1    0.0   0.00    0.6    6.3  13:01    327
 27   44.0   58.6  13:30   34.0  06:32   21.0    0.0   0.00    1.6   15.4  13:17    181
 28   41.3   55.4  14:38   29.5  07:04   23.7    0.0   0.00    0.6    6.3  11:28    338
 29   40.4   57.7  15:42   28.6  07:20   24.6    0.0   0.00    0.7    6.3  12:37    332
 30   40.3   57.9  15:24   27.3  07:34   24.7    0.0   0.00    1.3   10.5  16:07    338
 31   37.9   56.5  15:27   24.4  07:31   27.1    0.0   0.00    0.8    7.2  12:57    323
---------------------------------------------------------------------------------------
      38.0   61.5     17   13.8     01  836.5    0.0   0.20    1.2   25.5     18    270