NOAA-Style Climate Reports


Report for 2014 December
                   MONTHLY CLIMATOLOGICAL SUMMARY for Dec 2014


NAME: Lake Shastina, California                  
ELEV: 2920 feet    LAT: 41-32.10 N    LONG: 122-21.22 W


                   TEMPERATURE (F), RAIN (in), WIND SPEED (mph)

                                         HEAT   COOL         AVG
      MEAN                               DEG    DEG          WIND                   DOM
DAY   TEMP   HIGH   TIME    LOW   TIME   DAYS   DAYS   RAIN  SPEED   HIGH   TIME    DIR
---------------------------------------------------------------------------------------
 01   38.6   51.8  16:35   28.0  06:20   26.4    0.0   0.00    1.2   17.4  16:46    174
 02   40.2   44.1  14:14   35.4  07:11   24.8    0.0   0.00    0.3    7.6  15:15    346
 03   43.4   48.6  15:23   39.2  05:20   21.6    0.0   0.04    0.4    8.7  06:36     81
 04   46.3   58.1  12:31   35.1  07:14   18.7    0.0   0.00    4.2   20.1  14:27    178
 05   52.6   59.5  14:27   45.0  06:48   12.4    0.0   0.41    6.8   25.7  07:21    177
 06   44.4   53.1  14:18   36.3  23:58   20.6    0.0   0.00    1.1   15.0  16:32    166
 07   45.4   56.3  13:05   33.3  03:55   19.6    0.0   0.04    4.0   24.2  13:21    180
 08   52.4   61.9  12:30   44.1  01:56   12.6    0.0   0.00    5.9   20.1  11:21    183
 09   55.4   59.4  11:43   49.1  23:59    9.6    0.0   0.00    7.0   26.2  06:07    180
 10   50.2   55.9  06:10   44.6  21:08   14.8    0.0   0.45    6.8   29.3  08:51    185
 11   46.4   50.9  01:26   41.4  23:56   18.6    0.0   1.08    8.4   40.3  04:50    177
 12   41.6   49.8  12:36   37.6  07:42   23.4    0.0   0.08    0.5    8.1  15:40    338
 13   37.2   46.4  14:30   26.8  23:26   27.8    0.0   0.00    0.3    6.3  12:56    347
 14   34.5   43.7  14:57   25.7  01:40   30.5    0.0   0.00    1.8   17.4  18:50    157
 15   42.3   45.9  11:34   35.1  00:13   22.7    0.0   0.00    5.6   25.5  16:21    175
 16   43.7   50.0  11:22   35.4  08:02   21.3    0.0   0.00    5.8   28.9  13:18    178
 17   45.5   50.2  12:39   41.7  01:55   19.5    0.0   0.00    6.9   21.5  10:16    179
 18   46.9   52.3  12:11   42.4  03:21   18.1    0.0   0.00    9.3   14.5  23:50    178
 19   46.5   52.3  13:42   42.1  05:15   18.5    0.0   0.04    5.7   24.2  02:13    190
 20   50.7   54.9  22:10   46.8  00:37   14.3    0.0   0.00    8.0   25.1  12:07    179
 21   51.2   61.2  14:36   44.6  22:51   13.8    0.0   0.00    0.5    8.7  05:39    335
 22   49.5   60.3  13:56   38.8  23:33   15.5    0.0   0.00    0.7    8.7  14:01     24
 23   45.3   51.3  12:52   37.4  01:57   19.7    0.0   0.00    0.1    4.0  03:35    284
 24   39.8   50.4  10:05   32.5  18:25   25.2    0.0   0.21    1.9   21.9  10:09    333
 25   33.8   41.0  12:30   26.1  23:58   31.2    0.0   0.00    0.9    7.2  15:40      9
 26   29.3   41.5  14:08   20.7  07:06   35.7    0.0   0.00    1.0    8.1  13:51    345
 27   30.6   39.7  13:43   19.2  05:02   34.4    0.0   0.00    0.6    5.8  12:31    345
 28   35.4   48.7  13:47   24.1  22:48   29.6    0.0   0.00    1.1    9.2  12:47    359
 29   32.7   42.1  12:11   21.0  06:31   32.3    0.0   0.00    2.7   16.3  21:46     51
 30   27.1   34.7  14:14   20.3  19:48   37.9    0.0   0.00    5.9   22.4  09:14     39
 31   22.7   35.4  14:19   11.8  06:18   42.3    0.0   0.00    1.7   12.8  01:11    327
---------------------------------------------------------------------------------------
      42.3   61.9     08   11.8     31  713.3    0.0   2.37    3.5   40.3     11    178