NOAA-Style Climate Reports


Report for 2014 November
                   MONTHLY CLIMATOLOGICAL SUMMARY for Nov 2014


NAME: Lake Shastina, California                  
ELEV: 2920 feet    LAT: 41-32.10 N    LONG: 122-21.22 W


                   TEMPERATURE (F), RAIN (in), WIND SPEED (mph)

                                         HEAT   COOL         AVG
      MEAN                               DEG    DEG          WIND                   DOM
DAY   TEMP   HIGH   TIME    LOW   TIME   DAYS   DAYS   RAIN  SPEED   HIGH   TIME    DIR
---------------------------------------------------------------------------------------
 01   43.5   53.3  15:00   35.4  23:45   21.5    0.0   0.00    0.7   10.5  15:05     10
 02   41.1   52.4  14:35   34.5  07:20   23.9    0.0   0.00    0.9   10.5  12:00    333
 03   43.7   57.5  14:40   34.9  06:30   21.3    0.0   0.00    0.8    6.3  10:35    342
 04   47.0   58.5  15:10   38.5  23:50   18.0    0.0   0.00    0.7    6.3  15:25    338
 05   45.6   58.6  15:05   36.1  03:10   19.4    0.0   0.00    0.5    6.3  21:35    326
 06   59.5   71.0  13:20   44.5  00:00    5.5    0.0   0.00    5.7   28.0  05:35    183
 07   50.0   61.0  15:10   40.6  00:00   15.0    0.0   0.00    0.9    8.3  12:20    337
 08   47.3   62.2  14:45   36.3  06:55   17.7    0.0   0.00    0.8    6.3  11:45    343
 09   45.7   59.6  14:45   37.8  04:30   19.3    0.0   0.00    0.5    6.7  12:55    326
 10   42.3   54.6  13:50   30.2  23:45   22.7    0.0   0.00    0.9    8.1  10:50    339
 11   36.6   51.4  14:30   25.5  07:05   28.4    0.0   0.00    0.8    7.6  12:15    341
 12   37.3   43.4  10:30   32.6  01:00   27.7    0.0   0.00    0.6    6.3  09:25    332
 13   45.1   59.2  13:55   36.7  06:55   19.9    0.0   0.08    1.1   10.5  02:05      2
 14   47.0   59.8  12:10   38.8  22:43   18.0    0.0   0.00    0.9   10.1  12:50    339
 15   42.1   55.9  13:40   27.1  00:00   22.9    0.0   0.00    1.6   13.2  20:18     10
 16   28.4   40.6  15:01   19.8  23:55   36.6    0.0   0.00    0.6    6.3  10:23    333
 17   27.4   44.1  14:42   14.5  06:35   37.6    0.0   0.00    0.7    6.3  12:03    342
 18   31.4   43.0  15:03   19.0  03:30   33.6    0.0   0.00    0.8    7.6  11:43    350
 19   44.6   52.5  11:18   35.2  01:47   20.4    0.0   0.00    6.2   29.3  11:04    180
 20   44.8   50.4  12:38   32.0  23:53   20.2    0.0   0.00    3.9   19.7  14:38    177
 21   40.9   50.9  20:23   29.3  03:54   24.1    0.0   0.04    3.8   34.2  22:55    175
 22   45.6   53.8  10:16   33.1  23:45   19.4    0.0   0.08    4.2   32.0  00:35    203
 23   34.6   45.0  15:11   27.9  05:41   30.4    0.0   0.00    0.5    6.3  14:10    337
 24   34.8   39.2  15:45   32.4  17:56   30.2    0.0   0.00    0.0    3.6  15:47    331
 25   36.1   52.0  14:31   27.5  07:04   28.9    0.0   0.00    0.4    5.8  11:20    346
 26   34.4   42.1  15:00   27.7  06:02   30.6    0.0   0.00    0.2    8.3  15:59    357
 27   48.1   63.3  12:51   32.4  07:26   16.9    0.0   0.00    4.5   24.6  12:09    178
 28   52.4   56.8  13:01   44.6  10:30   12.6    0.0   0.04    9.5   34.2  04:58    180
 29   44.7   53.6  11:29   36.9  19:12   20.3    0.0   0.17    2.0   21.9  02:11    176
 30   37.6   42.6  15:14   32.0  20:45   27.4    0.0   0.00    0.2    6.3  11:01    335
---------------------------------------------------------------------------------------
      42.3   71.0     06   14.5     17  690.0    0.0   0.41    1.9   34.2     21    189