NOAA-Style Climate Reports


Report for 2014 October
                   MONTHLY CLIMATOLOGICAL SUMMARY for Oct 2014


NAME: Lake Shastina, California                  
ELEV: 2920 feet    LAT: 41-32.10 N    LONG: 122-21.22 W


                   TEMPERATURE (F), RAIN (in), WIND SPEED (mph)

                                         HEAT   COOL         AVG
      MEAN                               DEG    DEG          WIND                   DOM
DAY   TEMP   HIGH   TIME    LOW   TIME   DAYS   DAYS   RAIN  SPEED   HIGH   TIME    DIR
---------------------------------------------------------------------------------------
 01   50.8   69.1  16:20   35.6  07:10   14.2    0.0   0.00    1.1    8.1  12:50    339
 02   54.2   75.7  16:35   37.1  07:25   10.8    0.0   0.00    0.8    6.3  12:20    341
 03   58.8   80.4  16:45   41.0  07:30    6.2    0.0   0.00    0.9    6.3  11:20    341
 04   60.9   82.4  16:35   43.0  07:35    4.1    0.0   0.00    0.8    6.3  12:40    337
 05   60.6   82.9  16:55   42.6  06:55    4.4    0.0   0.00    0.9    6.3  12:50    341
 06   60.9   84.1  17:00   41.7  07:35    4.1    0.0   0.00    0.6    6.3  13:50    338
 07   60.7   82.4  16:20   42.6  07:30    4.3    0.0   0.00    0.9    6.7  13:40    334
 08   58.9   79.7  15:40   40.8  07:15    6.1    0.0   0.00    1.1    8.3  14:30    337
 09   56.5   75.2  16:05   40.8  07:35    8.5    0.0   0.00    0.7    6.3  13:15    331
 10   56.8   77.0  15:05   39.6  07:15    8.2    0.0   0.00    0.7    6.3  13:00    333
 11   55.5   74.2  15:30   42.1  07:00    9.5    0.0   0.00    1.9   15.4  16:25    354
 12   50.7   68.5  16:30   35.8  07:10   14.3    0.0   0.00    0.8    8.1  14:10    339
 13   58.0   81.0  14:35   36.3  07:10    7.0    0.0   0.00    4.7   23.3  20:25    186
 14   62.0   68.5  14:55   52.0  22:30    3.0    0.0   0.08    8.3   27.1  12:45    187
 15   51.6   64.1  13:10   42.8  00:00   13.4    0.0   0.13    2.8   17.4  00:40    192
 16   53.7   65.7  13:55   42.5  00:10   11.3    0.0   0.00    4.5   22.4  12:55    186
 17   58.0   61.8  12:05   53.2  05:05    7.0    0.0   0.00    8.9   28.4  04:30    184
 18   57.0   70.9  16:05   47.7  00:00    8.0    0.0   0.00    1.4    8.7  12:10    344
 19   58.2   70.2  13:15   44.1  07:25    6.8    0.0   0.00    5.8   26.6  12:10    183
 20   56.1   63.6  10:30   38.8  23:35    8.9    0.0   0.00    6.7   32.0  05:40    187
 21   46.9   62.2  14:20   35.8  04:55   18.1    0.0   0.00    0.6    8.3  13:15    271
 22   54.2   65.7  16:00   44.1  06:35   10.8    0.0   0.00    4.9   26.2  19:15    183
 23   53.4   58.7  04:30   46.9  23:55   11.6    0.0   0.46    5.0   28.4  04:10    183
 24   54.9   65.7  15:10   46.0  06:25   10.1    0.0   0.17    5.7   28.0  11:30    185
 25   53.0   59.1  11:10   40.6  00:00   12.0    0.0   0.25    8.6   34.9  03:35    182
 26   43.9   56.8  14:10   33.1  06:15   21.1    0.0   0.00    0.7    8.1  16:25    344
 27   44.8   55.9  15:45   36.9  08:05   20.2    0.0   0.00    0.8    8.3  12:50    334
 28   46.4   59.6  15:45   33.6  07:30   18.6    0.0   0.00    0.8    8.7  16:05    338
 29   50.3   61.0  15:35   40.8  04:15   14.7    0.0   0.00    0.6    7.6  14:45    338
 30   54.3   71.2  13:30   40.6  07:50   10.7    0.0   0.00    4.7   25.5  13:10    184
 31   48.6   57.9  00:05   41.9  00:00   16.4    0.0   0.62    2.9   21.9  00:10    188
---------------------------------------------------------------------------------------
      54.5   84.1     06   33.1     26  324.2    0.0   1.70    2.9   34.9     25    191